{"id":18010,"date":"2022-07-01T15:14:14","date_gmt":"2022-07-01T20:14:14","guid":{"rendered":"https:\/\/tzila.mx\/dev\/?post_type=product&#038;p=18010"},"modified":"2022-07-01T15:34:23","modified_gmt":"2022-07-01T20:34:23","slug":"teclado-gamer-evga-z15-rgb-linear-switch","status":"publish","type":"product","link":"https:\/\/tzila.mx\/dev\/producto\/teclado-gamer-evga-z15-rgb-linear-switch\/","title":{"rendered":"Teclado Gamer EVGA Z15 RGB Linear Switch"},"content":{"rendered":"\t\t<div data-elementor-type=\"wp-post\" data-elementor-id=\"18010\" class=\"elementor elementor-18010\" data-elementor-settings=\"[]\">\n\t\t\t\t\t\t\t<div class=\"elementor-section-wrap\">\n\t\t\t\t\t\t\t<section class=\"elementor-section elementor-top-section elementor-element elementor-element-154fe09 elementor-section-boxed elementor-section-height-default elementor-section-height-default wd-section-disabled\" data-id=\"154fe09\" data-element_type=\"section\">\n\t\t\t\t\t\t<div class=\"elementor-container elementor-column-gap-default\">\n\t\t\t\t\t<div class=\"elementor-column elementor-col-33 elementor-top-column elementor-element elementor-element-f14913d\" data-id=\"f14913d\" data-element_type=\"column\">\n\t\t\t<div class=\"elementor-widget-wrap elementor-element-populated\">\n\t\t\t\t\t\t\t\t<div class=\"elementor-element elementor-element-3d30eaf elementor-widget elementor-widget-wd_text_block\" data-id=\"3d30eaf\" data-element_type=\"widget\" data-widget_type=\"wd_text_block.default\">\n\t\t\t\t<div class=\"elementor-widget-container\">\n\t\t\t\t\t<div class=\"wd-text-block reset-last-child text-left\">\n\t\t\t\n\t\t\t<h5><strong>CARACTER\u00cdSTICAS GENERALE<\/strong><strong>S<\/strong><strong>:<\/strong><\/h5>\n\t\t\t\t\t<\/div>\n\t\t\t\t<\/div>\n\t\t\t\t<\/div>\n\t\t\t\t<div class=\"elementor-element elementor-element-6d44079 elementor-widget elementor-widget-wd_text_block\" data-id=\"6d44079\" data-element_type=\"widget\" data-widget_type=\"wd_text_block.default\">\n\t\t\t\t<div class=\"elementor-widget-container\">\n\t\t\t\t\t<div class=\"wd-text-block reset-last-child text-left\">\n\t\t\t\n\t\t\t<p>\u25cf Sistema de detecci\u00f3n de tiempo de vuelo EVGA (sensor TOF)<br \/>\u25cf Tasa de informe 4K real.<br \/>\u25cf Interruptor mec\u00e1nico \u00f3ptico<br \/>\u25cf Rueda de desplazamiento de volumen con dise\u00f1o en aluminio.<br \/>\u25cf Teclas ASDW y macro con tecla de golpe 4D<br \/>-QWERTY: A S D W E1 E2 E3 E4 E5<br \/>-AZERTY (FR): E1 E2 E3 E4 E5<br \/>\u25cf 4 botones multimedia dedicados<br \/>\u25cf \u00a05 Teclas programables independientes y tecla de modo de juego.<br \/>\u25cf \u00a0Memoria integrada de 9 perfiles<br \/>\u25cf Cambio de tecla N<br \/>\u25cf Efecto de iluminaci\u00f3n personalizable<br \/>\u25cf \u00a0Reposamu\u00f1ecas de enfoque magn\u00e9tico con tacto de cuero<\/p>\n\t\t\t\t\t<\/div>\n\t\t\t\t<\/div>\n\t\t\t\t<\/div>\n\t\t\t\t\t<\/div>\n\t\t<\/div>\n\t\t\t\t<div class=\"elementor-column elementor-col-66 elementor-top-column elementor-element elementor-element-1a0b71f\" data-id=\"1a0b71f\" data-element_type=\"column\">\n\t\t\t<div class=\"elementor-widget-wrap elementor-element-populated\">\n\t\t\t\t\t\t\t\t<div class=\"elementor-element elementor-element-6f6445b elementor-widget elementor-widget-wd_image_or_svg\" data-id=\"6f6445b\" data-element_type=\"widget\" data-widget_type=\"wd_image_or_svg.default\">\n\t\t\t\t<div class=\"elementor-widget-container\">\n\t\t\t\n\t\t<div class=\"wd-image text-center\">\n\t\t\t\t\t\t\t\t<img loading=\"lazy\" decoding=\"async\" width=\"1292\" height=\"574\" src=\"https:\/\/tzila.mx\/dev\/wp-content\/uploads\/2022\/07\/821-W1-15SP-K2-DES-4.png\" class=\"attachment-full size-full\" alt=\"\" srcset=\"https:\/\/tzila.mx\/dev\/wp-content\/uploads\/2022\/07\/821-W1-15SP-K2-DES-4.png 1292w, https:\/\/tzila.mx\/dev\/wp-content\/uploads\/2022\/07\/821-W1-15SP-K2-DES-4-400x178.png 400w, https:\/\/tzila.mx\/dev\/wp-content\/uploads\/2022\/07\/821-W1-15SP-K2-DES-4-768x341.png 768w, https:\/\/tzila.mx\/dev\/wp-content\/uploads\/2022\/07\/821-W1-15SP-K2-DES-4-860x382.png 860w, https:\/\/tzila.mx\/dev\/wp-content\/uploads\/2022\/07\/821-W1-15SP-K2-DES-4-430x191.png 430w, https:\/\/tzila.mx\/dev\/wp-content\/uploads\/2022\/07\/821-W1-15SP-K2-DES-4-700x311.png 700w, https:\/\/tzila.mx\/dev\/wp-content\/uploads\/2022\/07\/821-W1-15SP-K2-DES-4-150x67.png 150w\" sizes=\"auto, (max-width: 1292px) 100vw, 1292px\" \/>\t\t\t\t\t<\/div>\n\n\t\t\t\t<\/div>\n\t\t\t\t<\/div>\n\t\t\t\t\t<\/div>\n\t\t<\/div>\n\t\t\t\t\t\t\t<\/div>\n\t\t<\/section>\n\t\t\t\t<section class=\"elementor-section elementor-top-section elementor-element elementor-element-f335c48 elementor-section-boxed elementor-section-height-default elementor-section-height-default wd-section-disabled\" data-id=\"f335c48\" data-element_type=\"section\">\n\t\t\t\t\t\t<div class=\"elementor-container elementor-column-gap-default\">\n\t\t\t\t\t<div class=\"elementor-column elementor-col-33 elementor-top-column elementor-element elementor-element-b982906\" data-id=\"b982906\" data-element_type=\"column\">\n\t\t\t<div class=\"elementor-widget-wrap elementor-element-populated\">\n\t\t\t\t\t\t\t\t<div class=\"elementor-element elementor-element-92b92dc elementor-widget elementor-widget-wd_text_block\" data-id=\"92b92dc\" data-element_type=\"widget\" data-widget_type=\"wd_text_block.default\">\n\t\t\t\t<div class=\"elementor-widget-container\">\n\t\t\t\t\t<div class=\"wd-text-block reset-last-child text-left\">\n\t\t\t\n\t\t\t<h4>SISTEMA DE SENSADO DE TIEMPO DE VUELO DE EVGA<\/h4>\nEl teclado Z20 posee un sensor de proximidad de tiempo de vuelo, que detecta el movimiento del usuario para despertar o suspender el sistema.\n\t\t\t\t\t<\/div>\n\t\t\t\t<\/div>\n\t\t\t\t<\/div>\n\t\t\t\t<div class=\"elementor-element elementor-element-8da235e elementor-widget elementor-widget-wd_image_or_svg\" data-id=\"8da235e\" data-element_type=\"widget\" data-widget_type=\"wd_image_or_svg.default\">\n\t\t\t\t<div class=\"elementor-widget-container\">\n\t\t\t\n\t\t<div class=\"wd-image text-left\">\n\t\t\t\t\t\t\t\t<img decoding=\"async\" src=\"https:\/\/tzila.mx\/dev\/wp-content\/uploads\/elementor\/thumbs\/821-W1-15SP-K2-DES-5-pr4y2cqnb3830kyukvvsrbfkqc5pndjs69viyx8mo4.png\" title=\"821-W1-15SP-K2-DES-5\" alt=\"821-W1-15SP-K2-DES-5\" \/>\t\t\t\t\t<\/div>\n\n\t\t\t\t<\/div>\n\t\t\t\t<\/div>\n\t\t\t\t<div class=\"elementor-element elementor-element-b574c2d elementor-widget elementor-widget-wd_text_block\" data-id=\"b574c2d\" data-element_type=\"widget\" data-widget_type=\"wd_text_block.default\">\n\t\t\t\t<div class=\"elementor-widget-container\">\n\t\t\t\t\t<div class=\"wd-text-block reset-last-child text-left\">\n\t\t\t\n\t\t\t<h4>TASA DE REPORTE DE 4K Hz<\/h4>\nLos teclados Z20 y Z15 est\u00e1n basados en un microprocesador USB ARM de 32 bits con n\u00facleo Cortex M33 para soportar una tasa de reporte de 4KHz. Ofreciendo la experiencia m\u00e1s avanzada en un teclado para juegos, 4KHz es 4x mas r\u00e1pido y las entradas pueden ser m\u00e1s precisas.\n\t\t\t\t\t<\/div>\n\t\t\t\t<\/div>\n\t\t\t\t<\/div>\n\t\t\t\t<div class=\"elementor-element elementor-element-2422ec6 elementor-widget elementor-widget-wd_text_block\" data-id=\"2422ec6\" data-element_type=\"widget\" data-widget_type=\"wd_text_block.default\">\n\t\t\t\t<div class=\"elementor-widget-container\">\n\t\t\t\t\t<div class=\"wd-text-block reset-last-child text-left\">\n\t\t\t\n\t\t\t<h4>TECLAS MACRO DEDICADAS<\/h4>\nCinco teclas Macro dedicadas y programables, personalizables a trav\u00e9s del software Unleash RGB.\n\t\t\t\t\t<\/div>\n\t\t\t\t<\/div>\n\t\t\t\t<\/div>\n\t\t\t\t\t<\/div>\n\t\t<\/div>\n\t\t\t\t<div class=\"elementor-column elementor-col-33 elementor-top-column elementor-element elementor-element-efcf9f4\" data-id=\"efcf9f4\" data-element_type=\"column\">\n\t\t\t<div class=\"elementor-widget-wrap elementor-element-populated\">\n\t\t\t\t\t\t\t\t<div class=\"elementor-element elementor-element-1369412 elementor-widget elementor-widget-wd_text_block\" data-id=\"1369412\" data-element_type=\"widget\" data-widget_type=\"wd_text_block.default\">\n\t\t\t\t<div class=\"elementor-widget-container\">\n\t\t\t\t\t<div class=\"wd-text-block reset-last-child text-left\">\n\t\t\t\n\t\t\t<h4>RUEDA DE CONTROL DE VOLUMEN Y TECLAS MULTIMEDIA<\/h4><p>Rueda de volumen dedicada y teclas multimedia para tener el control al alcance de tus manos.<\/p>\n\t\t\t\t\t<\/div>\n\t\t\t\t<\/div>\n\t\t\t\t<\/div>\n\t\t\t\t<div class=\"elementor-element elementor-element-a14f4e2 elementor-widget elementor-widget-wd_text_block\" data-id=\"a14f4e2\" data-element_type=\"widget\" data-widget_type=\"wd_text_block.default\">\n\t\t\t\t<div class=\"elementor-widget-container\">\n\t\t\t\t\t<div class=\"wd-text-block reset-last-child text-left\">\n\t\t\t\n\t\t\t<h4>ILUMINACI\u00d3N<\/h4><p>La iluminaci\u00f3n trasera de los teclados Serie Z puede ser configurada mediante el software EVGA Unleash RGB, y m\u00faltiples efectos de iluminaci\u00f3n pueden atenuarse o intensificarse v\u00eda las teclas de funci\u00f3n de ajuste de brillo.<\/p>\n\t\t\t\t\t<\/div>\n\t\t\t\t<\/div>\n\t\t\t\t<\/div>\n\t\t\t\t<div class=\"elementor-element elementor-element-265bb4f elementor-widget elementor-widget-wd_image_or_svg\" data-id=\"265bb4f\" data-element_type=\"widget\" data-widget_type=\"wd_image_or_svg.default\">\n\t\t\t\t<div class=\"elementor-widget-container\">\n\t\t\t\n\t\t<div class=\"wd-image text-left\">\n\t\t\t\t\t\t\t\t<img decoding=\"async\" src=\"https:\/\/tzila.mx\/dev\/wp-content\/uploads\/elementor\/thumbs\/821-W1-15SP-K2-DES-3-pr4y1xp89qnhutkp0pdrnf87867u87w2s7frahuxfo.png\" title=\"821-W1-15SP-K2-DES-3\" alt=\"821-W1-15SP-K2-DES-3\" \/>\t\t\t\t\t<\/div>\n\n\t\t\t\t<\/div>\n\t\t\t\t<\/div>\n\t\t\t\t\t<\/div>\n\t\t<\/div>\n\t\t\t\t<div class=\"elementor-column elementor-col-33 elementor-top-column elementor-element elementor-element-dffdc91\" data-id=\"dffdc91\" data-element_type=\"column\">\n\t\t\t<div class=\"elementor-widget-wrap elementor-element-populated\">\n\t\t\t\t\t\t\t\t<div class=\"elementor-element elementor-element-9c8c50c elementor-widget elementor-widget-wd_text_block\" data-id=\"9c8c50c\" data-element_type=\"widget\" data-widget_type=\"wd_text_block.default\">\n\t\t\t\t<div class=\"elementor-widget-container\">\n\t\t\t\t\t<div class=\"wd-text-block reset-last-child text-left\">\n\t\t\t\n\t\t\tSwitchs intercambiables por el usuario: Sus z\u00f3calos de intercambio r\u00e1pido te permitir\u00e1n personalizar como se siente tu teclado Z15 RGB con switchs mec\u00e1nicos Kailh de 3 pines.\n\t\t\t\t\t<\/div>\n\t\t\t\t<\/div>\n\t\t\t\t<\/div>\n\t\t\t\t<div class=\"elementor-element elementor-element-a5be457 elementor-widget elementor-widget-wd_text_block\" data-id=\"a5be457\" data-element_type=\"widget\" data-widget_type=\"wd_text_block.default\">\n\t\t\t\t<div class=\"elementor-widget-container\">\n\t\t\t\t\t<div class=\"wd-text-block reset-last-child text-left\">\n\t\t\t\n\t\t\t<p>El teclado Z15 RGB incluye tu elecci\u00f3n de Switchs Mec\u00e1nicos Kailh Speed Silver lineales o Kailh Speed Bronze Clicky para asegurar que tienes la retroalimentaci\u00f3n y experiencia que buscas.<\/p>\n\t\t\t\t\t<\/div>\n\t\t\t\t<\/div>\n\t\t\t\t<\/div>\n\t\t\t\t<div class=\"elementor-element elementor-element-65a8f1f elementor-widget elementor-widget-wd_text_block\" data-id=\"65a8f1f\" data-element_type=\"widget\" data-widget_type=\"wd_text_block.default\">\n\t\t\t\t<div class=\"elementor-widget-container\">\n\t\t\t\t\t<div class=\"wd-text-block reset-last-child text-left\">\n\t\t\t\n\t\t\t<h4>SWITCH MEC\u00c1NICO. LINEAL<\/h4><p>Color de Switch : Silver<br \/>Tipo de Switch : Lineal y Silencioso<br \/>Recorrido : 3.5 mm<br \/>Actuaci\u00f3n : 1.1 mm<br \/>Fuerza de actuaci\u00f3n : 40 g<br \/>Vida \u00fatil : 70M<br \/>Tiempo de rebote : 5 ms<\/p>\n\t\t\t\t\t<\/div>\n\t\t\t\t<\/div>\n\t\t\t\t<\/div>\n\t\t\t\t<div class=\"elementor-element elementor-element-37b2fd9 elementor-widget elementor-widget-wd_image_or_svg\" data-id=\"37b2fd9\" data-element_type=\"widget\" data-widget_type=\"wd_image_or_svg.default\">\n\t\t\t\t<div class=\"elementor-widget-container\">\n\t\t\t\n\t\t<div class=\"wd-image text-left\">\n\t\t\t\t\t\t\t\t<img loading=\"lazy\" decoding=\"async\" width=\"750\" height=\"450\" src=\"https:\/\/tzila.mx\/dev\/wp-content\/uploads\/2022\/07\/821-W1-15SP-K2-DES-1.png\" class=\"attachment-full size-full\" alt=\"\" srcset=\"https:\/\/tzila.mx\/dev\/wp-content\/uploads\/2022\/07\/821-W1-15SP-K2-DES-1.png 750w, https:\/\/tzila.mx\/dev\/wp-content\/uploads\/2022\/07\/821-W1-15SP-K2-DES-1-400x240.png 400w, https:\/\/tzila.mx\/dev\/wp-content\/uploads\/2022\/07\/821-W1-15SP-K2-DES-1-430x258.png 430w, https:\/\/tzila.mx\/dev\/wp-content\/uploads\/2022\/07\/821-W1-15SP-K2-DES-1-700x420.png 700w, https:\/\/tzila.mx\/dev\/wp-content\/uploads\/2022\/07\/821-W1-15SP-K2-DES-1-150x90.png 150w\" sizes=\"auto, (max-width: 750px) 100vw, 750px\" \/>\t\t\t\t\t<\/div>\n\n\t\t\t\t<\/div>\n\t\t\t\t<\/div>\n\t\t\t\t<div class=\"elementor-element elementor-element-aa5899a elementor-widget elementor-widget-wd_button\" data-id=\"aa5899a\" data-element_type=\"widget\" data-widget_type=\"wd_button.default\">\n\t\t\t\t<div class=\"elementor-widget-container\">\n\t\t\t\t\t<div class=\"wd-button-wrapper text-center\" >\n\t\t\t<a class=\"btn btn-style-link btn-shape- btn-size-default btn-scheme-light btn-scheme-hover-dark btn-icon-pos-right\"  href=\"https:\/\/latam.evga.com\/products\/product.aspx?pn=821-W1-15SP-K2\" target=\"_blank\">\n\t\t\t\t<span class=\"wd-btn-text\" data-elementor-setting-key=\"text\">\n\t\t\t\t\tSABER M\u00c1S\t\t\t\t<\/span>\n\n\t\t\t\t\t\t\t<\/a>\n\t\t<\/div>\n\t\t\t\t<\/div>\n\t\t\t\t<\/div>\n\t\t\t\t\t<\/div>\n\t\t<\/div>\n\t\t\t\t\t\t\t<\/div>\n\t\t<\/section>\n\t\t\t\t\t\t<\/div>\n\t\t\t\t\t<\/div>\n\t\t","protected":false},"excerpt":{"rendered":"<h4>Caracter\u00edsticas principales:<\/h4>\n<p>\u25cf Al\u00e1mbrico USB 2.0<br \/>\n\u25cf Interruptores de velocidad mec\u00e1nicos Kailh<br \/>\n\u25cf Microprocesador USB ARM de 32 bits<br \/>\n\u25cf Iluminaci\u00f3n RGB por tecla<br \/>\n\u25cf Dise\u00f1o Hot Swap Key Switch<\/p>\n","protected":false},"featured_media":18011,"comment_status":"open","ping_status":"closed","template":"","meta":[],"product_cat":[28,84,104],"product_tag":[260],"class_list":["post-18010","product","type-product","status-publish","has-post-thumbnail","hentry","product_cat-setup","product_cat-teclado-gamer","product_cat-evga","product_tag-evga","pa_brand-evga"],"_links":{"self":[{"href":"https:\/\/tzila.mx\/dev\/wp-json\/wp\/v2\/product\/18010","targetHints":{"allow":["GET"]}}],"collection":[{"href":"https:\/\/tzila.mx\/dev\/wp-json\/wp\/v2\/product"}],"about":[{"href":"https:\/\/tzila.mx\/dev\/wp-json\/wp\/v2\/types\/product"}],"replies":[{"embeddable":true,"href":"https:\/\/tzila.mx\/dev\/wp-json\/wp\/v2\/comments?post=18010"}],"version-history":[{"count":5,"href":"https:\/\/tzila.mx\/dev\/wp-json\/wp\/v2\/product\/18010\/revisions"}],"predecessor-version":[{"id":18021,"href":"https:\/\/tzila.mx\/dev\/wp-json\/wp\/v2\/product\/18010\/revisions\/18021"}],"wp:featuredmedia":[{"embeddable":true,"href":"https:\/\/tzila.mx\/dev\/wp-json\/wp\/v2\/media\/18011"}],"wp:attachment":[{"href":"https:\/\/tzila.mx\/dev\/wp-json\/wp\/v2\/media?parent=18010"}],"wp:term":[{"taxonomy":"product_cat","embeddable":true,"href":"https:\/\/tzila.mx\/dev\/wp-json\/wp\/v2\/product_cat?post=18010"},{"taxonomy":"product_tag","embeddable":true,"href":"https:\/\/tzila.mx\/dev\/wp-json\/wp\/v2\/product_tag?post=18010"}],"curies":[{"name":"wp","href":"https:\/\/api.w.org\/{rel}","templated":true}]}}