{"id":17969,"date":"2022-07-01T11:36:16","date_gmt":"2022-07-01T16:36:16","guid":{"rendered":"https:\/\/tzila.mx\/dev\/?post_type=product&#038;p=17969"},"modified":"2022-07-01T13:20:18","modified_gmt":"2022-07-01T18:20:18","slug":"tarjeta-de-audio-evga-nu-audio-pcie-rgb-led","status":"publish","type":"product","link":"https:\/\/tzila.mx\/dev\/producto\/tarjeta-de-audio-evga-nu-audio-pcie-rgb-led\/","title":{"rendered":"Tarjeta de Audio EVGA NU Audio PCIe RGB LED"},"content":{"rendered":"\t\t<div data-elementor-type=\"wp-post\" data-elementor-id=\"17969\" class=\"elementor elementor-17969\" data-elementor-settings=\"[]\">\n\t\t\t\t\t\t\t<div class=\"elementor-section-wrap\">\n\t\t\t\t\t\t\t<section class=\"elementor-section elementor-top-section elementor-element elementor-element-154fe09 elementor-section-boxed elementor-section-height-default elementor-section-height-default wd-section-disabled\" data-id=\"154fe09\" data-element_type=\"section\">\n\t\t\t\t\t\t<div class=\"elementor-container elementor-column-gap-default\">\n\t\t\t\t\t<div class=\"elementor-column elementor-col-33 elementor-top-column elementor-element elementor-element-f14913d\" data-id=\"f14913d\" data-element_type=\"column\">\n\t\t\t<div class=\"elementor-widget-wrap elementor-element-populated\">\n\t\t\t\t\t\t\t\t<div class=\"elementor-element elementor-element-3d30eaf elementor-widget elementor-widget-wd_text_block\" data-id=\"3d30eaf\" data-element_type=\"widget\" data-widget_type=\"wd_text_block.default\">\n\t\t\t\t<div class=\"elementor-widget-container\">\n\t\t\t\t\t<div class=\"wd-text-block reset-last-child text-left\">\n\t\t\t\n\t\t\t<h5><strong>CARACTER\u00cdSTICAS GENERALE<\/strong><strong>S<\/strong><strong>:<\/strong><\/h5>\n\t\t\t\t\t<\/div>\n\t\t\t\t<\/div>\n\t\t\t\t<\/div>\n\t\t\t\t<div class=\"elementor-element elementor-element-6d44079 elementor-widget elementor-widget-wd_text_block\" data-id=\"6d44079\" data-element_type=\"widget\" data-widget_type=\"wd_text_block.default\">\n\t\t\t\t<div class=\"elementor-widget-container\">\n\t\t\t\t\t<div class=\"wd-text-block reset-last-child text-left\">\n\t\t\t\n\t\t\t<p>\u25cf Dise\u00f1ada por Audio Note (UK), LTD.<br \/>\u25cf Grado audi\u00f3filo y de estudio<br \/>Iluminaci\u00f3n ambiental rgb<br \/>\u25cf Gaming como en la vida real<br \/>\u25cf Experiencia de juego y multimedia completaente diferente<br \/>\u25cf NU audio software<br \/>\u25cf Dise\u00f1o digital basado en USB<\/p>\n\t\t\t\t\t<\/div>\n\t\t\t\t<\/div>\n\t\t\t\t<\/div>\n\t\t\t\t\t<\/div>\n\t\t<\/div>\n\t\t\t\t<div class=\"elementor-column elementor-col-66 elementor-top-column elementor-element elementor-element-1a0b71f\" data-id=\"1a0b71f\" data-element_type=\"column\">\n\t\t\t<div class=\"elementor-widget-wrap elementor-element-populated\">\n\t\t\t\t\t\t\t\t<div class=\"elementor-element elementor-element-6f6445b elementor-widget elementor-widget-wd_image_or_svg\" data-id=\"6f6445b\" data-element_type=\"widget\" data-widget_type=\"wd_image_or_svg.default\">\n\t\t\t\t<div class=\"elementor-widget-container\">\n\t\t\t\n\t\t<div class=\"wd-image text-center\">\n\t\t\t\t\t\t\t\t<img loading=\"lazy\" decoding=\"async\" width=\"1600\" height=\"700\" src=\"https:\/\/tzila.mx\/dev\/wp-content\/uploads\/2022\/07\/712-P1-AN01-KR-DES-2.jpg\" class=\"attachment-full size-full\" alt=\"\" srcset=\"https:\/\/tzila.mx\/dev\/wp-content\/uploads\/2022\/07\/712-P1-AN01-KR-DES-2.jpg 1600w, https:\/\/tzila.mx\/dev\/wp-content\/uploads\/2022\/07\/712-P1-AN01-KR-DES-2-400x175.jpg 400w, https:\/\/tzila.mx\/dev\/wp-content\/uploads\/2022\/07\/712-P1-AN01-KR-DES-2-1300x569.jpg 1300w, https:\/\/tzila.mx\/dev\/wp-content\/uploads\/2022\/07\/712-P1-AN01-KR-DES-2-768x336.jpg 768w, https:\/\/tzila.mx\/dev\/wp-content\/uploads\/2022\/07\/712-P1-AN01-KR-DES-2-1536x672.jpg 1536w, https:\/\/tzila.mx\/dev\/wp-content\/uploads\/2022\/07\/712-P1-AN01-KR-DES-2-860x376.jpg 860w, https:\/\/tzila.mx\/dev\/wp-content\/uploads\/2022\/07\/712-P1-AN01-KR-DES-2-1320x578.jpg 1320w, https:\/\/tzila.mx\/dev\/wp-content\/uploads\/2022\/07\/712-P1-AN01-KR-DES-2-430x188.jpg 430w, https:\/\/tzila.mx\/dev\/wp-content\/uploads\/2022\/07\/712-P1-AN01-KR-DES-2-700x306.jpg 700w, https:\/\/tzila.mx\/dev\/wp-content\/uploads\/2022\/07\/712-P1-AN01-KR-DES-2-150x66.jpg 150w\" sizes=\"auto, (max-width: 1600px) 100vw, 1600px\" \/>\t\t\t\t\t<\/div>\n\n\t\t\t\t<\/div>\n\t\t\t\t<\/div>\n\t\t\t\t\t<\/div>\n\t\t<\/div>\n\t\t\t\t\t\t\t<\/div>\n\t\t<\/section>\n\t\t\t\t<section class=\"elementor-section elementor-top-section elementor-element elementor-element-f335c48 elementor-section-boxed elementor-section-height-default elementor-section-height-default wd-section-disabled\" data-id=\"f335c48\" data-element_type=\"section\">\n\t\t\t\t\t\t<div class=\"elementor-container elementor-column-gap-default\">\n\t\t\t\t\t<div class=\"elementor-column elementor-col-33 elementor-top-column elementor-element elementor-element-b982906\" data-id=\"b982906\" data-element_type=\"column\">\n\t\t\t<div class=\"elementor-widget-wrap elementor-element-populated\">\n\t\t\t\t\t\t\t\t<div class=\"elementor-element elementor-element-ecdf1c9 elementor-widget elementor-widget-wd_text_block\" data-id=\"ecdf1c9\" data-element_type=\"widget\" data-widget_type=\"wd_text_block.default\">\n\t\t\t\t<div class=\"elementor-widget-container\">\n\t\t\t\t\t<div class=\"wd-text-block reset-last-child text-left\">\n\t\t\t\n\t\t\t<h4>Trae a tu sistema de pr\u00f3xima generaci\u00f3n la pr\u00f3xima generaci\u00f3n en audio premium.<\/h4>\nPor casi 20 a\u00f1os, EVGA construy\u00f3 las tarjetas gr\u00e1ficas m\u00e1s poderosas para jugar tus juegos con los ajustes m\u00e1s altos, poderosas placas madre para correr tu sistema con los ajustes \u00f3ptimos, y fuentes de poder confiables para alimentar tu sistema. Ahora, EVGA extiende su tradici\u00f3n entusiasta al proveer la experiencia de sonido m\u00e1s inmersiva en una PC con la tarjeta de audio EVGA Nu.\n\t\t\t\t\t<\/div>\n\t\t\t\t<\/div>\n\t\t\t\t<\/div>\n\t\t\t\t<div class=\"elementor-element elementor-element-a1fb4f6 elementor-widget elementor-widget-wd_image_or_svg\" data-id=\"a1fb4f6\" data-element_type=\"widget\" data-widget_type=\"wd_image_or_svg.default\">\n\t\t\t\t<div class=\"elementor-widget-container\">\n\t\t\t\n\t\t<div class=\"wd-image text-left\">\n\t\t\t\t\t\t\t\t<img loading=\"lazy\" decoding=\"async\" width=\"845\" height=\"652\" src=\"https:\/\/tzila.mx\/dev\/wp-content\/uploads\/2022\/07\/712-P1-AN01-KR-DES-5.png\" class=\"attachment-full size-full\" alt=\"\" srcset=\"https:\/\/tzila.mx\/dev\/wp-content\/uploads\/2022\/07\/712-P1-AN01-KR-DES-5.png 845w, https:\/\/tzila.mx\/dev\/wp-content\/uploads\/2022\/07\/712-P1-AN01-KR-DES-5-389x300.png 389w, https:\/\/tzila.mx\/dev\/wp-content\/uploads\/2022\/07\/712-P1-AN01-KR-DES-5-768x593.png 768w, https:\/\/tzila.mx\/dev\/wp-content\/uploads\/2022\/07\/712-P1-AN01-KR-DES-5-430x332.png 430w, https:\/\/tzila.mx\/dev\/wp-content\/uploads\/2022\/07\/712-P1-AN01-KR-DES-5-700x540.png 700w, https:\/\/tzila.mx\/dev\/wp-content\/uploads\/2022\/07\/712-P1-AN01-KR-DES-5-150x116.png 150w\" sizes=\"auto, (max-width: 845px) 100vw, 845px\" \/>\t\t\t\t\t<\/div>\n\n\t\t\t\t<\/div>\n\t\t\t\t<\/div>\n\t\t\t\t<div class=\"elementor-element elementor-element-4b5326b elementor-widget elementor-widget-wd_text_block\" data-id=\"4b5326b\" data-element_type=\"widget\" data-widget_type=\"wd_text_block.default\">\n\t\t\t\t<div class=\"elementor-widget-container\">\n\t\t\t\t\t<div class=\"wd-text-block reset-last-child text-left\">\n\t\t\t\n\t\t\t<h4>DISE\u00d1ADA POR Audio Note (UK), LTD.<\/h4>\nAudio Note (UK), LTD. est\u00e1 en la industria del audio de gama alta hace m\u00e1s de 30 a\u00f1os, llevando un nombre por si sola al producir una gran variedad de dispositivos anal\u00f3gicos y digitales. Un aspecto clave de la filosof\u00eda de Audio Note es investigar, dise\u00f1ar y construir sus propios componentes sin limitaciones financieras, con tal de crear el mejor producto de audio disponible. Con esto en mente, EVGA se uni\u00f3 con Audio Note (UK), Ltd. para seleccionar componentes anal\u00f3gicos y digitales con grado audi\u00f3filo, y dise\u00f1ar cuidadosamente la tarjeta de sonido NU.\n\t\t\t\t\t<\/div>\n\t\t\t\t<\/div>\n\t\t\t\t<\/div>\n\t\t\t\t<div class=\"elementor-element elementor-element-00fa4fe elementor-widget elementor-widget-wd_text_block\" data-id=\"00fa4fe\" data-element_type=\"widget\" data-widget_type=\"wd_text_block.default\">\n\t\t\t\t<div class=\"elementor-widget-container\">\n\t\t\t\t\t<div class=\"wd-text-block reset-last-child text-left\">\n\t\t\t\n\t\t\t<h4>SONIDO VERDADERO<\/h4>\nEscucha todo.\n\"Escucha la m\u00fasica como el artista quiere que la escuches\"\n\nEste es un refr\u00e1n habitual sobre el equipamiento de audio. En cambio, la tarjeta de sonido EVGA UN lo simplifica \u2013 Escucha el audio como es.\n\t\t\t\t\t<\/div>\n\t\t\t\t<\/div>\n\t\t\t\t<\/div>\n\t\t\t\t\t<\/div>\n\t\t<\/div>\n\t\t\t\t<div class=\"elementor-column elementor-col-33 elementor-top-column elementor-element elementor-element-efcf9f4\" data-id=\"efcf9f4\" data-element_type=\"column\">\n\t\t\t<div class=\"elementor-widget-wrap elementor-element-populated\">\n\t\t\t\t\t\t\t\t<div class=\"elementor-element elementor-element-2ef59a6 elementor-widget elementor-widget-wd_text_block\" data-id=\"2ef59a6\" data-element_type=\"widget\" data-widget_type=\"wd_text_block.default\">\n\t\t\t\t<div class=\"elementor-widget-container\">\n\t\t\t\t\t<div class=\"wd-text-block reset-last-child text-left\">\n\t\t\t\n\t\t\t<h4>GAMING COMO EN LA VIDA REAL<\/h4><p>El equipamiento ideal para jugar.<br \/>Dise\u00f1ada por Audio Note, para un menor ruido tanto detectado como percibido, para mejorar la detecci\u00f3n de enemigos y lograr una ubicaci\u00f3n precisa gracias a sus respuestas transitoria y de fase mejoradas. La gr\u00e1fica est\u00e1 basada en nahimic con Audio 3D para gamers, teniendo surround virtual para mejorar el posicionamiento, volumen inteligente para limitar la fluctuaci\u00f3n de volumen, y supresi\u00f3n de sonido ambiente para asegurar que seas escuchado con claridad durante el juego.<\/p>\n\t\t\t\t\t<\/div>\n\t\t\t\t<\/div>\n\t\t\t\t<\/div>\n\t\t\t\t<div class=\"elementor-element elementor-element-3de4d09 elementor-widget elementor-widget-wd_image_or_svg\" data-id=\"3de4d09\" data-element_type=\"widget\" data-widget_type=\"wd_image_or_svg.default\">\n\t\t\t\t<div class=\"elementor-widget-container\">\n\t\t\t\n\t\t<div class=\"wd-image text-left\">\n\t\t\t\t\t\t\t\t<img loading=\"lazy\" decoding=\"async\" width=\"720\" height=\"744\" src=\"https:\/\/tzila.mx\/dev\/wp-content\/uploads\/2022\/07\/712-P1-AN01-KR-DES-3.png\" class=\"attachment-full size-full\" alt=\"\" srcset=\"https:\/\/tzila.mx\/dev\/wp-content\/uploads\/2022\/07\/712-P1-AN01-KR-DES-3.png 720w, https:\/\/tzila.mx\/dev\/wp-content\/uploads\/2022\/07\/712-P1-AN01-KR-DES-3-290x300.png 290w, https:\/\/tzila.mx\/dev\/wp-content\/uploads\/2022\/07\/712-P1-AN01-KR-DES-3-430x444.png 430w, https:\/\/tzila.mx\/dev\/wp-content\/uploads\/2022\/07\/712-P1-AN01-KR-DES-3-700x723.png 700w, https:\/\/tzila.mx\/dev\/wp-content\/uploads\/2022\/07\/712-P1-AN01-KR-DES-3-150x155.png 150w\" sizes=\"auto, (max-width: 720px) 100vw, 720px\" \/>\t\t\t\t\t<\/div>\n\n\t\t\t\t<\/div>\n\t\t\t\t<\/div>\n\t\t\t\t<div class=\"elementor-element elementor-element-a54f007 elementor-widget elementor-widget-wd_text_block\" data-id=\"a54f007\" data-element_type=\"widget\" data-widget_type=\"wd_text_block.default\">\n\t\t\t\t<div class=\"elementor-widget-container\">\n\t\t\t\t\t<div class=\"wd-text-block reset-last-child text-left\">\n\t\t\t\n\t\t\t<h4>GRADO AUDI\u00d3FILO Y DE ESTUDIO<\/h4><p>Diversi\u00f3n ajustada a la precisi\u00f3n.<br \/>Disfruta pel\u00edculas, produce m\u00fasicas, graba podcasts, o simplemente experimente un gran audio. Escucha todos los sonidos de fondo, la emoci\u00f3n del di\u00e1logo, y las poderosas explosiones para mantenerte en el borde de tu asiento sin navegar por confusos men\u00fas. Con capacidad de grabar audio de hasta 384KHz, 32 bits, puedes hablar de la forma que quieres ser escuchado. Al final, debes sonar como t\u00fa.<\/p>\n\t\t\t\t\t<\/div>\n\t\t\t\t<\/div>\n\t\t\t\t<\/div>\n\t\t\t\t\t<\/div>\n\t\t<\/div>\n\t\t\t\t<div class=\"elementor-column elementor-col-33 elementor-top-column elementor-element elementor-element-dffdc91\" data-id=\"dffdc91\" data-element_type=\"column\">\n\t\t\t<div class=\"elementor-widget-wrap elementor-element-populated\">\n\t\t\t\t\t\t\t\t<div class=\"elementor-element elementor-element-5239b2e elementor-widget elementor-widget-wd_image_or_svg\" data-id=\"5239b2e\" data-element_type=\"widget\" data-widget_type=\"wd_image_or_svg.default\">\n\t\t\t\t<div class=\"elementor-widget-container\">\n\t\t\t\n\t\t<div class=\"wd-image text-left\">\n\t\t\t\t\t\t\t\t<img loading=\"lazy\" decoding=\"async\" width=\"1505\" height=\"1206\" src=\"https:\/\/tzila.mx\/dev\/wp-content\/uploads\/2022\/07\/712-P1-AN01-KR-DES-4.png\" class=\"attachment-full size-full\" alt=\"\" srcset=\"https:\/\/tzila.mx\/dev\/wp-content\/uploads\/2022\/07\/712-P1-AN01-KR-DES-4.png 1505w, https:\/\/tzila.mx\/dev\/wp-content\/uploads\/2022\/07\/712-P1-AN01-KR-DES-4-374x300.png 374w, https:\/\/tzila.mx\/dev\/wp-content\/uploads\/2022\/07\/712-P1-AN01-KR-DES-4-998x800.png 998w, https:\/\/tzila.mx\/dev\/wp-content\/uploads\/2022\/07\/712-P1-AN01-KR-DES-4-768x615.png 768w, https:\/\/tzila.mx\/dev\/wp-content\/uploads\/2022\/07\/712-P1-AN01-KR-DES-4-860x689.png 860w, https:\/\/tzila.mx\/dev\/wp-content\/uploads\/2022\/07\/712-P1-AN01-KR-DES-4-1320x1058.png 1320w, https:\/\/tzila.mx\/dev\/wp-content\/uploads\/2022\/07\/712-P1-AN01-KR-DES-4-430x345.png 430w, https:\/\/tzila.mx\/dev\/wp-content\/uploads\/2022\/07\/712-P1-AN01-KR-DES-4-700x561.png 700w, https:\/\/tzila.mx\/dev\/wp-content\/uploads\/2022\/07\/712-P1-AN01-KR-DES-4-150x120.png 150w\" sizes=\"auto, (max-width: 1505px) 100vw, 1505px\" \/>\t\t\t\t\t<\/div>\n\n\t\t\t\t<\/div>\n\t\t\t\t<\/div>\n\t\t\t\t<div class=\"elementor-element elementor-element-36241d4 elementor-widget elementor-widget-wd_text_block\" data-id=\"36241d4\" data-element_type=\"widget\" data-widget_type=\"wd_text_block.default\">\n\t\t\t\t<div class=\"elementor-widget-container\">\n\t\t\t\t\t<div class=\"wd-text-block reset-last-child text-left\">\n\t\t\t\n\t\t\t<h4>ILUMINACI\u00d3N AMBIENTAL RGB<\/h4><p>La Tarjeta de Sonido NU mejora la relaci\u00f3n entre la m\u00fasica y tu \u00e1nimo. Cambia el RGB de 10 Modos para igualar tu color favorito, o usa alguno de los cuatro modos de iluminaci\u00f3n audior\u00edtmica para que el audio ajuste el color y tono de la iluminaci\u00f3n. Alternativamente, puedes simplemente apagar el RGB si prefieres mantener tu PC oscura.<\/p>\n\t\t\t\t\t<\/div>\n\t\t\t\t<\/div>\n\t\t\t\t<\/div>\n\t\t\t\t<div class=\"elementor-element elementor-element-31f83af elementor-widget elementor-widget-wd_text_block\" data-id=\"31f83af\" data-element_type=\"widget\" data-widget_type=\"wd_text_block.default\">\n\t\t\t\t<div class=\"elementor-widget-container\">\n\t\t\t\t\t<div class=\"wd-text-block reset-last-child text-left\">\n\t\t\t\n\t\t\t\nILUMINACI\u00d3N AMBIENTAL RGB\n\nLa Tarjeta de Sonido NU mejora la relaci\u00f3n entre la m\u00fasica y tu \u00e1nimo. Cambia el RGB de 10 Modos para igualar tu color favorito, o usa alguno de los cuatro modos de iluminaci\u00f3n audior\u00edtmica para que el audio ajuste el color y tono de la iluminaci\u00f3n. Alternativamente, puedes simplemente apagar el RGB si prefieres mantener tu PC oscura.\n\n\t\t\t\t\t<\/div>\n\t\t\t\t<\/div>\n\t\t\t\t<\/div>\n\t\t\t\t<div class=\"elementor-element elementor-element-fd7f61e elementor-widget elementor-widget-wd_text_block\" data-id=\"fd7f61e\" data-element_type=\"widget\" data-widget_type=\"wd_text_block.default\">\n\t\t\t\t<div class=\"elementor-widget-container\">\n\t\t\t\t\t<div class=\"wd-text-block reset-last-child text-left\">\n\t\t\t\n\t\t\t<h4>NU Audio Software<\/h4><p>El software NU Audio reduce la sobrecarga de funciones que nunca se utilizan. Botones simples de volumen y silencio est\u00e1n al alcance de tu mano cuando abres el software, y las opciones de procesamiento digital, incluyendo sonido virtual, est\u00e1n ubicadas a lo largo de la zona inferior.<\/p>\n\t\t\t\t\t<\/div>\n\t\t\t\t<\/div>\n\t\t\t\t<\/div>\n\t\t\t\t<div class=\"elementor-element elementor-element-741a3ed elementor-widget elementor-widget-wd_button\" data-id=\"741a3ed\" data-element_type=\"widget\" data-widget_type=\"wd_button.default\">\n\t\t\t\t<div class=\"elementor-widget-container\">\n\t\t\t\t\t<div class=\"wd-button-wrapper text-center\" >\n\t\t\t<a class=\"btn btn-style-link btn-shape- btn-size-default btn-scheme-light btn-scheme-hover-dark btn-icon-pos-right\"  href=\"https:\/\/latam.evga.com\/articles\/01281\/evga-nu-audio\/\" target=\"_blank\">\n\t\t\t\t<span class=\"wd-btn-text\" data-elementor-setting-key=\"text\">\n\t\t\t\t\tSABER M\u00c1S\t\t\t\t<\/span>\n\n\t\t\t\t\t\t\t<\/a>\n\t\t<\/div>\n\t\t\t\t<\/div>\n\t\t\t\t<\/div>\n\t\t\t\t\t<\/div>\n\t\t<\/div>\n\t\t\t\t\t\t\t<\/div>\n\t\t<\/section>\n\t\t\t\t\t\t<\/div>\n\t\t\t\t\t<\/div>\n\t\t","protected":false},"excerpt":{"rendered":"<h4>Caracter\u00edsticas principales:<\/h4>\n<p>\u25cf XMOS xCORE-200<br \/>\n\u25cf PCIe x1 Gen2<br \/>\n\u25cf Dos canales (Analog)<br \/>\n\u25cf Un canal 5.1 (Digital)<br \/>\n\u25cf Capacidad de grabar audio de hasta 384KHz, 32 bits<br \/>\n\u25cf Iluminaci\u00f3n ambiental RGB<\/p>\n","protected":false},"featured_media":17974,"comment_status":"open","ping_status":"closed","template":"","meta":[],"product_cat":[20,78,104],"product_tag":[260,226],"class_list":["post-17969","product","type-product","status-publish","has-post-thumbnail","hentry","product_cat-hardware","product_cat-tarjeta-de-audio","product_cat-evga","product_tag-evga","product_tag-geforce-rtx","pa_brand-evga"],"_links":{"self":[{"href":"https:\/\/tzila.mx\/dev\/wp-json\/wp\/v2\/product\/17969","targetHints":{"allow":["GET"]}}],"collection":[{"href":"https:\/\/tzila.mx\/dev\/wp-json\/wp\/v2\/product"}],"about":[{"href":"https:\/\/tzila.mx\/dev\/wp-json\/wp\/v2\/types\/product"}],"replies":[{"embeddable":true,"href":"https:\/\/tzila.mx\/dev\/wp-json\/wp\/v2\/comments?post=17969"}],"version-history":[{"count":4,"href":"https:\/\/tzila.mx\/dev\/wp-json\/wp\/v2\/product\/17969\/revisions"}],"predecessor-version":[{"id":17991,"href":"https:\/\/tzila.mx\/dev\/wp-json\/wp\/v2\/product\/17969\/revisions\/17991"}],"wp:featuredmedia":[{"embeddable":true,"href":"https:\/\/tzila.mx\/dev\/wp-json\/wp\/v2\/media\/17974"}],"wp:attachment":[{"href":"https:\/\/tzila.mx\/dev\/wp-json\/wp\/v2\/media?parent=17969"}],"wp:term":[{"taxonomy":"product_cat","embeddable":true,"href":"https:\/\/tzila.mx\/dev\/wp-json\/wp\/v2\/product_cat?post=17969"},{"taxonomy":"product_tag","embeddable":true,"href":"https:\/\/tzila.mx\/dev\/wp-json\/wp\/v2\/product_tag?post=17969"}],"curies":[{"name":"wp","href":"https:\/\/api.w.org\/{rel}","templated":true}]}}