{"id":17758,"date":"2022-06-30T15:31:38","date_gmt":"2022-06-30T20:31:38","guid":{"rendered":"https:\/\/tzila.mx\/dev\/?post_type=product&#038;p=17758"},"modified":"2022-06-30T20:33:08","modified_gmt":"2022-07-01T01:33:08","slug":"tarjeta-grafica-evga-geforce-rtx-2060-12gb-xc-gaming","status":"publish","type":"product","link":"https:\/\/tzila.mx\/dev\/producto\/tarjeta-grafica-evga-geforce-rtx-2060-12gb-xc-gaming\/","title":{"rendered":"Tarjeta Gr\u00e1fica EVGA GeForce RTX 2060 12GB XC GAMING"},"content":{"rendered":"\t\t<div data-elementor-type=\"wp-post\" data-elementor-id=\"17758\" class=\"elementor elementor-17758\" data-elementor-settings=\"[]\">\n\t\t\t\t\t\t\t<div class=\"elementor-section-wrap\">\n\t\t\t\t\t\t\t<section class=\"elementor-section elementor-top-section elementor-element elementor-element-154fe09 elementor-section-boxed elementor-section-height-default elementor-section-height-default wd-section-disabled\" data-id=\"154fe09\" data-element_type=\"section\">\n\t\t\t\t\t\t<div class=\"elementor-container elementor-column-gap-default\">\n\t\t\t\t\t<div class=\"elementor-column elementor-col-33 elementor-top-column elementor-element elementor-element-f14913d\" data-id=\"f14913d\" data-element_type=\"column\">\n\t\t\t<div class=\"elementor-widget-wrap elementor-element-populated\">\n\t\t\t\t\t\t\t\t<div class=\"elementor-element elementor-element-3d30eaf elementor-widget elementor-widget-wd_text_block\" data-id=\"3d30eaf\" data-element_type=\"widget\" data-widget_type=\"wd_text_block.default\">\n\t\t\t\t<div class=\"elementor-widget-container\">\n\t\t\t\t\t<div class=\"wd-text-block reset-last-child text-left\">\n\t\t\t\n\t\t\t<h5><strong>CARACTER\u00cdSTICAS GENERALE<\/strong><strong>S<\/strong><strong>:<\/strong><\/h5>\n\t\t\t\t\t<\/div>\n\t\t\t\t<\/div>\n\t\t\t\t<\/div>\n\t\t\t\t<div class=\"elementor-element elementor-element-6d44079 elementor-widget elementor-widget-wd_text_block\" data-id=\"6d44079\" data-element_type=\"widget\" data-widget_type=\"wd_text_block.default\">\n\t\t\t\t<div class=\"elementor-widget-container\">\n\t\t\t\t\t<div class=\"wd-text-block reset-last-child text-left\">\n\t\t\t\n\t\t\t<p>\u25cf Ansel de NVIDIA\u00ae<br \/>\u25cf HDMI 2.0b, DisplayPort 1.4 y DVI de doble enlace<br \/>\u25cf Trazado de rayos en tiempo real<br \/>\u25cf Experiencia NVIDIA\u00ae GeForce<br \/>\u25cf Aspectos destacados de NVIDIA\u00ae<br \/>\u25cf Compatible con NVIDIA\u00ae G-SYNC\u2122<br \/>\u25cf Controladores listos para juegos<br \/>\u25cf HDCP 2.2<br \/>\u25cf NVIDIA\u00ae GPU Boost\u2122<br \/>\u25cf Construido para EVGA Precisi\u00f3n X1<br \/>\u25cf Microsoft\u00ae DirectX\u00ae 12 Ultimate, Vulkan, OpenGL 4.6<br \/>\u25cf Admite codificador de Turing NVIDIA NVENC<\/p>\n\t\t\t\t\t<\/div>\n\t\t\t\t<\/div>\n\t\t\t\t<\/div>\n\t\t\t\t\t<\/div>\n\t\t<\/div>\n\t\t\t\t<div class=\"elementor-column elementor-col-66 elementor-top-column elementor-element elementor-element-1a0b71f\" data-id=\"1a0b71f\" data-element_type=\"column\">\n\t\t\t<div class=\"elementor-widget-wrap elementor-element-populated\">\n\t\t\t\t\t\t\t\t<div class=\"elementor-element elementor-element-6f6445b elementor-widget elementor-widget-wd_image_or_svg\" data-id=\"6f6445b\" data-element_type=\"widget\" data-widget_type=\"wd_image_or_svg.default\">\n\t\t\t\t<div class=\"elementor-widget-container\">\n\t\t\t\n\t\t<div class=\"wd-image text-center\">\n\t\t\t\t\t\t\t\t<img loading=\"lazy\" decoding=\"async\" width=\"1900\" height=\"849\" src=\"https:\/\/tzila.mx\/dev\/wp-content\/uploads\/2022\/06\/06G-P4-2062-KR-DES-1.jpg\" class=\"attachment-full size-full\" alt=\"\" srcset=\"https:\/\/tzila.mx\/dev\/wp-content\/uploads\/2022\/06\/06G-P4-2062-KR-DES-1.jpg 1900w, https:\/\/tzila.mx\/dev\/wp-content\/uploads\/2022\/06\/06G-P4-2062-KR-DES-1-400x179.jpg 400w, https:\/\/tzila.mx\/dev\/wp-content\/uploads\/2022\/06\/06G-P4-2062-KR-DES-1-1300x581.jpg 1300w, https:\/\/tzila.mx\/dev\/wp-content\/uploads\/2022\/06\/06G-P4-2062-KR-DES-1-768x343.jpg 768w, https:\/\/tzila.mx\/dev\/wp-content\/uploads\/2022\/06\/06G-P4-2062-KR-DES-1-1536x686.jpg 1536w, https:\/\/tzila.mx\/dev\/wp-content\/uploads\/2022\/06\/06G-P4-2062-KR-DES-1-860x384.jpg 860w, https:\/\/tzila.mx\/dev\/wp-content\/uploads\/2022\/06\/06G-P4-2062-KR-DES-1-1320x590.jpg 1320w, https:\/\/tzila.mx\/dev\/wp-content\/uploads\/2022\/06\/06G-P4-2062-KR-DES-1-430x192.jpg 430w, https:\/\/tzila.mx\/dev\/wp-content\/uploads\/2022\/06\/06G-P4-2062-KR-DES-1-700x313.jpg 700w, https:\/\/tzila.mx\/dev\/wp-content\/uploads\/2022\/06\/06G-P4-2062-KR-DES-1-150x67.jpg 150w\" sizes=\"auto, (max-width: 1900px) 100vw, 1900px\" \/>\t\t\t\t\t<\/div>\n\n\t\t\t\t<\/div>\n\t\t\t\t<\/div>\n\t\t\t\t\t<\/div>\n\t\t<\/div>\n\t\t\t\t\t\t\t<\/div>\n\t\t<\/section>\n\t\t\t\t<section class=\"elementor-section elementor-top-section elementor-element elementor-element-f335c48 elementor-section-boxed elementor-section-height-default elementor-section-height-default wd-section-disabled\" data-id=\"f335c48\" data-element_type=\"section\">\n\t\t\t\t\t\t<div class=\"elementor-container elementor-column-gap-default\">\n\t\t\t\t\t<div class=\"elementor-column elementor-col-33 elementor-top-column elementor-element elementor-element-b982906\" data-id=\"b982906\" data-element_type=\"column\">\n\t\t\t<div class=\"elementor-widget-wrap elementor-element-populated\">\n\t\t\t\t\t\t\t\t<div class=\"elementor-element elementor-element-ecdf1c9 elementor-widget elementor-widget-wd_text_block\" data-id=\"ecdf1c9\" data-element_type=\"widget\" data-widget_type=\"wd_text_block.default\">\n\t\t\t\t<div class=\"elementor-widget-container\">\n\t\t\t\t\t<div class=\"wd-text-block reset-last-child text-left\">\n\t\t\t\n\t\t\t<h4>NVIDIA TURING<\/h4><p>Las tarjetas gr\u00e1ficas GeForce\u00ae RTX funcionan con la arquitectura de GPU Turing y la plataforma RTX completamente nueva. Esto le brinda un mayor rendimiento en comparaci\u00f3n con las tarjetas gr\u00e1ficas de la generaci\u00f3n anterior y brinda el poder del trazado de rayos en tiempo real y la IA a los juegos.<\/p>\n\t\t\t\t\t<\/div>\n\t\t\t\t<\/div>\n\t\t\t\t<\/div>\n\t\t\t\t<div class=\"elementor-element elementor-element-a1fb4f6 elementor-widget elementor-widget-wd_image_or_svg\" data-id=\"a1fb4f6\" data-element_type=\"widget\" data-widget_type=\"wd_image_or_svg.default\">\n\t\t\t\t<div class=\"elementor-widget-container\">\n\t\t\t\n\t\t<div class=\"wd-image text-left\">\n\t\t\t\t\t\t\t\t<img loading=\"lazy\" decoding=\"async\" width=\"378\" height=\"304\" src=\"https:\/\/tzila.mx\/dev\/wp-content\/uploads\/2022\/06\/06G-P4-2062-KR-DES-2.png\" class=\"attachment-full size-full\" alt=\"\" srcset=\"https:\/\/tzila.mx\/dev\/wp-content\/uploads\/2022\/06\/06G-P4-2062-KR-DES-2.png 378w, https:\/\/tzila.mx\/dev\/wp-content\/uploads\/2022\/06\/06G-P4-2062-KR-DES-2-373x300.png 373w, https:\/\/tzila.mx\/dev\/wp-content\/uploads\/2022\/06\/06G-P4-2062-KR-DES-2-150x121.png 150w\" sizes=\"auto, (max-width: 378px) 100vw, 378px\" \/>\t\t\t\t\t<\/div>\n\n\t\t\t\t<\/div>\n\t\t\t\t<\/div>\n\t\t\t\t\t<\/div>\n\t\t<\/div>\n\t\t\t\t<div class=\"elementor-column elementor-col-33 elementor-top-column elementor-element elementor-element-efcf9f4\" data-id=\"efcf9f4\" data-element_type=\"column\">\n\t\t\t<div class=\"elementor-widget-wrap elementor-element-populated\">\n\t\t\t\t\t\t\t\t<div class=\"elementor-element elementor-element-2ef59a6 elementor-widget elementor-widget-wd_text_block\" data-id=\"2ef59a6\" data-element_type=\"widget\" data-widget_type=\"wd_text_block.default\">\n\t\t\t\t<div class=\"elementor-widget-container\">\n\t\t\t\t\t<div class=\"wd-text-block reset-last-child text-left\">\n\t\t\t\n\t\t\t<h5>Ventiladores con cojinetes hidrodin\u00e1micos<\/h5><p>El primer ventilador HDB en una tarjeta gr\u00e1fica NVIDIA optimiza el flujo de aire, aumenta el rendimiento de refrigeraci\u00f3n y reduce el ruido del ventilador en un 15 %, en comparaci\u00f3n con los ventiladores con manguitos de uso m\u00e1s com\u00fan en las tarjetas gr\u00e1ficas. El patr\u00f3n especial en 'E' elevado en el ventilador ampliado permite una reducci\u00f3n adicional del nivel de ruido en un 4%.<\/p>\n\t\t\t\t\t<\/div>\n\t\t\t\t<\/div>\n\t\t\t\t<\/div>\n\t\t\t\t<div class=\"elementor-element elementor-element-4b5326b elementor-widget elementor-widget-wd_text_block\" data-id=\"4b5326b\" data-element_type=\"widget\" data-widget_type=\"wd_text_block.default\">\n\t\t\t\t<div class=\"elementor-widget-container\">\n\t\t\t\t\t<div class=\"wd-text-block reset-last-child text-left\">\n\t\t\t\n\t\t\t<h5>Overclocking de \u00faltima generaci\u00f3n<\/h5><p>Con un dise\u00f1o completamente nuevo, una base de c\u00f3digo completamente nueva, nuevas caracter\u00edsticas y m\u00e1s, el nuevo software EVGA Precision X1 es m\u00e1s r\u00e1pido, m\u00e1s f\u00e1cil y mejor que nunca. www.evga.com\/px1<span style=\"font-size: 14px; color: var(--wd-text-color);\"><\/span><\/p>\n\t\t\t\t\t<\/div>\n\t\t\t\t<\/div>\n\t\t\t\t<\/div>\n\t\t\t\t<div class=\"elementor-element elementor-element-36b754e elementor-widget elementor-widget-wd_text_block\" data-id=\"36b754e\" data-element_type=\"widget\" data-widget_type=\"wd_text_block.default\">\n\t\t\t\t<div class=\"elementor-widget-container\">\n\t\t\t\t\t<div class=\"wd-text-block reset-last-child text-left\">\n\t\t\t\n\t\t\t<h5>Gr\u00e1ficos reinventados<\/h5>\nCon la nueva arquitectura de GPU NVIDIA Turing\u2122 y la revolucionaria plataforma RTX, las tarjetas gr\u00e1ficas RTX combinan trazado de rayos en tiempo real, inteligencia artificial y sombreado programable. Esta es una forma completamente nueva de experimentar los juegos.\n\t\t\t\t\t<\/div>\n\t\t\t\t<\/div>\n\t\t\t\t<\/div>\n\t\t\t\t\t<\/div>\n\t\t<\/div>\n\t\t\t\t<div class=\"elementor-column elementor-col-33 elementor-top-column elementor-element elementor-element-dffdc91\" data-id=\"dffdc91\" data-element_type=\"column\">\n\t\t\t<div class=\"elementor-widget-wrap elementor-element-populated\">\n\t\t\t\t\t\t\t\t<div class=\"elementor-element elementor-element-a953a45 elementor-widget elementor-widget-wd_text_block\" data-id=\"a953a45\" data-element_type=\"widget\" data-widget_type=\"wd_text_block.default\">\n\t\t\t\t<div class=\"elementor-widget-container\">\n\t\t\t\t\t<div class=\"wd-text-block reset-last-child text-left\">\n\t\t\t\n\t\t\t<h4>Tu elecci\u00f3n<\/h4><p>Las tarjetas gr\u00e1ficas EVGA GeForce RTX 2060 le ofrecen m\u00e1s formas de mantener su sistema fresco que nunca. Ofreciendo una variedad de opciones de ventiladores, tama\u00f1os de disipadores de calor y tecnolog\u00edas de enfriamiento, puede seleccionar la tarjeta que se adapte perfectamente a su sistema.<\/p>\n\t\t\t\t\t<\/div>\n\t\t\t\t<\/div>\n\t\t\t\t<\/div>\n\t\t\t\t<div class=\"elementor-element elementor-element-36241d4 elementor-widget elementor-widget-wd_text_block\" data-id=\"36241d4\" data-element_type=\"widget\" data-widget_type=\"wd_text_block.default\">\n\t\t\t\t<div class=\"elementor-widget-container\">\n\t\t\t\t\t<div class=\"wd-text-block reset-last-child text-left\">\n\t\t\t\n\t\t\tLas tarjetas de 2 ranuras EVGA GeForce\u00ae RTX\u2122 2060 son m\u00e1s largas, pero permiten un mayor flujo de aire a velocidades m\u00e1s lentas con dos ventiladores. Utilizando un centro de ventilador m\u00e1s peque\u00f1o, estos ventiladores cuentan con una hoja m\u00e1s larga para aumentar el flujo de aire mientras permanecen silenciosos.\n\t\t\t\t\t<\/div>\n\t\t\t\t<\/div>\n\t\t\t\t<\/div>\n\t\t\t\t<div class=\"elementor-element elementor-element-cad9bc4 elementor-widget elementor-widget-wd_text_block\" data-id=\"cad9bc4\" data-element_type=\"widget\" data-widget_type=\"wd_text_block.default\">\n\t\t\t\t<div class=\"elementor-widget-container\">\n\t\t\t\t\t<div class=\"wd-text-block reset-last-child text-left\">\n\t\t\t\n\t\t\t\u00bfNecesita m\u00e1s espacio horizontal? Las tarjetas de ranura EVGA GeForce\u00ae RTX \u2122 2060 2.75 le brindan m\u00e1s espacio de adelante hacia atr\u00e1s sin sacrificar el rendimiento de enfriamiento o el ruido ac\u00fastico. Para mejorar la refrigeraci\u00f3n con un solo ventilador, estas tarjetas utilizan un concentrador de ventilador m\u00e1s alto dise\u00f1ado espec\u00edficamente para que el disipador de calor m\u00e1s grueso aplique m\u00e1s fuerza y mantenga un perfil de ruido m\u00e1s bajo.\n\t\t\t\t\t<\/div>\n\t\t\t\t<\/div>\n\t\t\t\t<\/div>\n\t\t\t\t<div class=\"elementor-element elementor-element-741a3ed elementor-widget elementor-widget-wd_button\" data-id=\"741a3ed\" data-element_type=\"widget\" data-widget_type=\"wd_button.default\">\n\t\t\t\t<div class=\"elementor-widget-container\">\n\t\t\t\t\t<div class=\"wd-button-wrapper text-center\" >\n\t\t\t<a class=\"btn btn-style-link btn-shape- btn-size-default btn-scheme-light btn-scheme-hover-dark btn-icon-pos-right\"  href=\"https:\/\/asia.evga.com\/articles\/01294\/evga-geforce-rtx-2060\/\" target=\"_blank\">\n\t\t\t\t<span class=\"wd-btn-text\" data-elementor-setting-key=\"text\">\n\t\t\t\t\tSABER M\u00c1S\t\t\t\t<\/span>\n\n\t\t\t\t\t\t\t<\/a>\n\t\t<\/div>\n\t\t\t\t<\/div>\n\t\t\t\t<\/div>\n\t\t\t\t\t<\/div>\n\t\t<\/div>\n\t\t\t\t\t\t\t<\/div>\n\t\t<\/section>\n\t\t\t\t\t\t<\/div>\n\t\t\t\t\t<\/div>\n\t\t","protected":false},"excerpt":{"rendered":"<h4>Caracter\u00edsticas principales:<\/h4>\n<p><span class=\"s1\">\u25cfNVIDIA RTX 2060 12GB<\/span><br \/>\n<span class=\"s1\">\u25cf PCIe 3.0 16x <\/span><br \/>\n<span class=\"s2\"><span class=\"s1\">\u25cf 12288 MB, 192 bit GDDR6 <\/span><\/span>\u00a0Memory<br \/>\n<span class=\"s1\">\u25cf Modo juego: 1680 MHz (Boost Clock)<\/span><br \/>\n<span class=\"s1\">\u25cf DisplayPort, HDMI, DVI-D <\/span><br \/>\n<strong><span class=\"s1\">\u25cf <\/span><\/strong><span class=\"s1\">NVIDIA <\/span><span class=\"s1\">Turing GPU architecture<\/span><\/p>\n","protected":false},"featured_media":17784,"comment_status":"open","ping_status":"closed","template":"","meta":[],"product_cat":[20,53,104],"product_tag":[260,226],"class_list":["post-17758","product","type-product","status-publish","has-post-thumbnail","hentry","product_cat-hardware","product_cat-tarjeta-grafica","product_cat-evga","product_tag-evga","product_tag-geforce-rtx","pa_brand-evga"],"_links":{"self":[{"href":"https:\/\/tzila.mx\/dev\/wp-json\/wp\/v2\/product\/17758","targetHints":{"allow":["GET"]}}],"collection":[{"href":"https:\/\/tzila.mx\/dev\/wp-json\/wp\/v2\/product"}],"about":[{"href":"https:\/\/tzila.mx\/dev\/wp-json\/wp\/v2\/types\/product"}],"replies":[{"embeddable":true,"href":"https:\/\/tzila.mx\/dev\/wp-json\/wp\/v2\/comments?post=17758"}],"version-history":[{"count":2,"href":"https:\/\/tzila.mx\/dev\/wp-json\/wp\/v2\/product\/17758\/revisions"}],"predecessor-version":[{"id":17789,"href":"https:\/\/tzila.mx\/dev\/wp-json\/wp\/v2\/product\/17758\/revisions\/17789"}],"wp:featuredmedia":[{"embeddable":true,"href":"https:\/\/tzila.mx\/dev\/wp-json\/wp\/v2\/media\/17784"}],"wp:attachment":[{"href":"https:\/\/tzila.mx\/dev\/wp-json\/wp\/v2\/media?parent=17758"}],"wp:term":[{"taxonomy":"product_cat","embeddable":true,"href":"https:\/\/tzila.mx\/dev\/wp-json\/wp\/v2\/product_cat?post=17758"},{"taxonomy":"product_tag","embeddable":true,"href":"https:\/\/tzila.mx\/dev\/wp-json\/wp\/v2\/product_tag?post=17758"}],"curies":[{"name":"wp","href":"https:\/\/api.w.org\/{rel}","templated":true}]}}