{"id":17231,"date":"2022-06-24T19:31:44","date_gmt":"2022-06-25T00:31:44","guid":{"rendered":"https:\/\/tzila.mx\/dev\/?post_type=product&#038;p=17231"},"modified":"2022-06-29T18:42:20","modified_gmt":"2022-06-29T23:42:20","slug":"fuente-de-poder-evga-supernova-g5-modular","status":"publish","type":"product","link":"https:\/\/tzila.mx\/dev\/producto\/fuente-de-poder-evga-supernova-g5-modular\/","title":{"rendered":"Fuente de Poder EVGA SuperNOVA G5 Modular"},"content":{"rendered":"\t\t<div data-elementor-type=\"wp-post\" data-elementor-id=\"17231\" class=\"elementor elementor-17231\" data-elementor-settings=\"[]\">\n\t\t\t\t\t\t\t<div class=\"elementor-section-wrap\">\n\t\t\t\t\t\t\t<section class=\"elementor-section elementor-top-section elementor-element elementor-element-154fe09 elementor-section-boxed elementor-section-height-default elementor-section-height-default wd-section-disabled\" data-id=\"154fe09\" data-element_type=\"section\">\n\t\t\t\t\t\t<div class=\"elementor-container elementor-column-gap-default\">\n\t\t\t\t\t<div class=\"elementor-column elementor-col-33 elementor-top-column elementor-element elementor-element-f14913d\" data-id=\"f14913d\" data-element_type=\"column\">\n\t\t\t<div class=\"elementor-widget-wrap elementor-element-populated\">\n\t\t\t\t\t\t\t\t<div class=\"elementor-element elementor-element-3d30eaf elementor-widget elementor-widget-wd_text_block\" data-id=\"3d30eaf\" data-element_type=\"widget\" data-widget_type=\"wd_text_block.default\">\n\t\t\t\t<div class=\"elementor-widget-container\">\n\t\t\t\t\t<div class=\"wd-text-block reset-last-child text-left\">\n\t\t\t\n\t\t\t<h5><strong>CARACTER\u00cdSTICAS GENERALE<\/strong><strong>S<\/strong><strong>:<\/strong><\/h5>\n\t\t\t\t\t<\/div>\n\t\t\t\t<\/div>\n\t\t\t\t<\/div>\n\t\t\t\t<div class=\"elementor-element elementor-element-6d44079 elementor-widget elementor-widget-wd_text_block\" data-id=\"6d44079\" data-element_type=\"widget\" data-widget_type=\"wd_text_block.default\">\n\t\t\t\t<div class=\"elementor-widget-container\">\n\t\t\t\t\t<div class=\"wd-text-block reset-last-child text-left\">\n\t\t\t\n\t\t\t<p>\u25cf Certificaci\u00f3n 80 PLUS Gold, con una eficiencia del 91 % (115 VCA) \/ 92 % (220 VCA~240 VCA) o superior bajo cargas t\u00edpicas<br \/>\u25cf Los capacitores 100 % japoneses garantizan una fiabilidad a largo plazo<br \/>\u25cf Completamente modular para reducir el desorden y mejorar el flujo de aire<br \/>\u25cf Ventilador de cojinete din\u00e1mico fluido para un funcionamiento ultrasilencioso y una mayor vida \u00fatil.<br \/>\u25cf Garant\u00eda inigualable de 10 a\u00f1os de EVGA y atenci\u00f3n al cliente de EVGA incomparable<br \/>\u25cf Abrazadera activa + Dise\u00f1o de CC a CC para un funcionamiento eficiente<br \/>\u25cf El convertidor CC-CC mejora la estabilidad de 3,3 V\/5 V<br \/>\u25cf Correcci\u00f3n del factor de potencia activa<br \/>\u25cf El sistema de control t\u00e9rmico inteligente EVGA ECO elimina el ruido del ventilador con cargas bajas a medias<br \/>\u25cf Listo para NVIDIA SLI y AMD Crossfire<br \/>\u25cf Protecciones de servicio pesado<\/p>\n\t\t\t\t\t<\/div>\n\t\t\t\t<\/div>\n\t\t\t\t<\/div>\n\t\t\t\t\t<\/div>\n\t\t<\/div>\n\t\t\t\t<div class=\"elementor-column elementor-col-66 elementor-top-column elementor-element elementor-element-1a0b71f\" data-id=\"1a0b71f\" data-element_type=\"column\">\n\t\t\t<div class=\"elementor-widget-wrap elementor-element-populated\">\n\t\t\t\t\t\t\t\t<div class=\"elementor-element elementor-element-6f6445b elementor-widget elementor-widget-wd_image_or_svg\" data-id=\"6f6445b\" data-element_type=\"widget\" data-widget_type=\"wd_image_or_svg.default\">\n\t\t\t\t<div class=\"elementor-widget-container\">\n\t\t\t\n\t\t<div class=\"wd-image text-center\">\n\t\t\t\t\t\t\t\t<img decoding=\"async\" src=\"https:\/\/tzila.mx\/dev\/wp-content\/uploads\/elementor\/thumbs\/220-G5-0650-X1-DES-1-pqt6t40cc3phgx736ywbfxkda9b6mvo0adxkip8wio.jpg\" title=\"220-G5-0650-X1-DES-1\" alt=\"220-G5-0650-X1-DES-1\" \/>\t\t\t\t\t<\/div>\n\n\t\t\t\t<\/div>\n\t\t\t\t<\/div>\n\t\t\t\t\t<\/div>\n\t\t<\/div>\n\t\t\t\t\t\t\t<\/div>\n\t\t<\/section>\n\t\t\t\t<section class=\"elementor-section elementor-top-section elementor-element elementor-element-f335c48 elementor-section-boxed elementor-section-height-default elementor-section-height-default wd-section-disabled\" data-id=\"f335c48\" data-element_type=\"section\">\n\t\t\t\t\t\t<div class=\"elementor-container elementor-column-gap-default\">\n\t\t\t\t\t<div class=\"elementor-column elementor-col-33 elementor-top-column elementor-element elementor-element-b982906\" data-id=\"b982906\" data-element_type=\"column\">\n\t\t\t<div class=\"elementor-widget-wrap elementor-element-populated\">\n\t\t\t\t\t\t\t\t<div class=\"elementor-element elementor-element-ecdf1c9 elementor-widget elementor-widget-wd_text_block\" data-id=\"ecdf1c9\" data-element_type=\"widget\" data-widget_type=\"wd_text_block.default\">\n\t\t\t\t<div class=\"elementor-widget-container\">\n\t\t\t\t\t<div class=\"wd-text-block reset-last-child text-left\">\n\t\t\t\n\t\t\t\n<h4>Green is the new gold<\/h4>\nLa EVGA Supernova G5 se une al rango de Elite de las fuentes de poder EVGA 80 Plus Gold. Como sucesoras de la premiada l\u00ednea G3, las fuentes de poder G5 contin\u00faan elevando la vara con las \u00faltimas certificaciones y est\u00e1ndares Intel power-on. Comenzando con certificaci\u00f3n 80 PLUS Gold, dise\u00f1o con cableado full-modular, capacitores 100% Japoneses, y un Fan con rodamiento de fluido hidrodin\u00e1mico de 135mm con modo EVGA ECO, estas fuentes de poder est\u00e1n construidas para rendimiento y silencio.\n\t\t\t\t\t<\/div>\n\t\t\t\t<\/div>\n\t\t\t\t<\/div>\n\t\t\t\t<div class=\"elementor-element elementor-element-92b92dc elementor-widget elementor-widget-wd_text_block\" data-id=\"92b92dc\" data-element_type=\"widget\" data-widget_type=\"wd_text_block.default\">\n\t\t\t\t<div class=\"elementor-widget-container\">\n\t\t\t\t\t<div class=\"wd-text-block reset-last-child text-left\">\n\t\t\t\n\t\t\t<h4>Eficiencia Gold<\/h4><p>La certificaci\u00f3n 80 Plus asegura que tu fuente de poder no derrocha energ\u00eda transform\u00e1ndola en exceso de calor. Bajo cargas t\u00edpicas, esta fuente de poder tiene eficiencia del 91% o superior.<\/p>\n\t\t\t\t\t<\/div>\n\t\t\t\t<\/div>\n\t\t\t\t<\/div>\n\t\t\t\t<div class=\"elementor-element elementor-element-f336af3 elementor-widget elementor-widget-wd_image_or_svg\" data-id=\"f336af3\" data-element_type=\"widget\" data-widget_type=\"wd_image_or_svg.default\">\n\t\t\t\t<div class=\"elementor-widget-container\">\n\t\t\t\n\t\t<div class=\"wd-image text-left\">\n\t\t\t\t\t\t\t\t<img loading=\"lazy\" decoding=\"async\" width=\"943\" height=\"471\" src=\"https:\/\/tzila.mx\/dev\/wp-content\/uploads\/2022\/06\/220-G5-0650-X1-DES-4.png\" class=\"attachment-full size-full\" alt=\"\" srcset=\"https:\/\/tzila.mx\/dev\/wp-content\/uploads\/2022\/06\/220-G5-0650-X1-DES-4.png 943w, https:\/\/tzila.mx\/dev\/wp-content\/uploads\/2022\/06\/220-G5-0650-X1-DES-4-400x200.png 400w, https:\/\/tzila.mx\/dev\/wp-content\/uploads\/2022\/06\/220-G5-0650-X1-DES-4-768x384.png 768w, https:\/\/tzila.mx\/dev\/wp-content\/uploads\/2022\/06\/220-G5-0650-X1-DES-4-860x430.png 860w, https:\/\/tzila.mx\/dev\/wp-content\/uploads\/2022\/06\/220-G5-0650-X1-DES-4-430x215.png 430w, https:\/\/tzila.mx\/dev\/wp-content\/uploads\/2022\/06\/220-G5-0650-X1-DES-4-700x350.png 700w, https:\/\/tzila.mx\/dev\/wp-content\/uploads\/2022\/06\/220-G5-0650-X1-DES-4-150x75.png 150w\" sizes=\"auto, (max-width: 943px) 100vw, 943px\" \/>\t\t\t\t\t<\/div>\n\n\t\t\t\t<\/div>\n\t\t\t\t<\/div>\n\t\t\t\t\t<\/div>\n\t\t<\/div>\n\t\t\t\t<div class=\"elementor-column elementor-col-33 elementor-top-column elementor-element elementor-element-efcf9f4\" data-id=\"efcf9f4\" data-element_type=\"column\">\n\t\t\t<div class=\"elementor-widget-wrap elementor-element-populated\">\n\t\t\t\t\t\t\t\t<div class=\"elementor-element elementor-element-a119555 elementor-widget elementor-widget-wd_text_block\" data-id=\"a119555\" data-element_type=\"widget\" data-widget_type=\"wd_text_block.default\">\n\t\t\t\t<div class=\"elementor-widget-container\">\n\t\t\t\t\t<div class=\"wd-text-block reset-last-child text-left\">\n\t\t\t\n\t\t\t<h4>Dise\u00f1o Completamente Modular<\/h4><p>Usa solamente los cables necesarios, reduciendo el desorden y mejorando el flujo de aire.<\/p>\n\t\t\t\t\t<\/div>\n\t\t\t\t<\/div>\n\t\t\t\t<\/div>\n\t\t\t\t<div class=\"elementor-element elementor-element-e1d71f1 elementor-widget elementor-widget-wd_image_or_svg\" data-id=\"e1d71f1\" data-element_type=\"widget\" data-widget_type=\"wd_image_or_svg.default\">\n\t\t\t\t<div class=\"elementor-widget-container\">\n\t\t\t\n\t\t<div class=\"wd-image text-left\">\n\t\t\t\t\t\t\t\t<img loading=\"lazy\" decoding=\"async\" width=\"2560\" height=\"820\" src=\"https:\/\/tzila.mx\/dev\/wp-content\/uploads\/2022\/06\/220-G5-0650-X1-DES-2.jpg\" class=\"attachment-full size-full\" alt=\"\" srcset=\"https:\/\/tzila.mx\/dev\/wp-content\/uploads\/2022\/06\/220-G5-0650-X1-DES-2.jpg 2560w, https:\/\/tzila.mx\/dev\/wp-content\/uploads\/2022\/06\/220-G5-0650-X1-DES-2-400x128.jpg 400w, https:\/\/tzila.mx\/dev\/wp-content\/uploads\/2022\/06\/220-G5-0650-X1-DES-2-1300x416.jpg 1300w, https:\/\/tzila.mx\/dev\/wp-content\/uploads\/2022\/06\/220-G5-0650-X1-DES-2-768x246.jpg 768w, https:\/\/tzila.mx\/dev\/wp-content\/uploads\/2022\/06\/220-G5-0650-X1-DES-2-1536x492.jpg 1536w, https:\/\/tzila.mx\/dev\/wp-content\/uploads\/2022\/06\/220-G5-0650-X1-DES-2-2048x656.jpg 2048w, https:\/\/tzila.mx\/dev\/wp-content\/uploads\/2022\/06\/220-G5-0650-X1-DES-2-860x275.jpg 860w, https:\/\/tzila.mx\/dev\/wp-content\/uploads\/2022\/06\/220-G5-0650-X1-DES-2-1320x423.jpg 1320w, https:\/\/tzila.mx\/dev\/wp-content\/uploads\/2022\/06\/220-G5-0650-X1-DES-2-430x138.jpg 430w, https:\/\/tzila.mx\/dev\/wp-content\/uploads\/2022\/06\/220-G5-0650-X1-DES-2-700x224.jpg 700w, https:\/\/tzila.mx\/dev\/wp-content\/uploads\/2022\/06\/220-G5-0650-X1-DES-2-150x48.jpg 150w\" sizes=\"auto, (max-width: 2560px) 100vw, 2560px\" \/>\t\t\t\t\t<\/div>\n\n\t\t\t\t<\/div>\n\t\t\t\t<\/div>\n\t\t\t\t<div class=\"elementor-element elementor-element-4b5326b elementor-widget elementor-widget-wd_text_block\" data-id=\"4b5326b\" data-element_type=\"widget\" data-widget_type=\"wd_text_block.default\">\n\t\t\t\t<div class=\"elementor-widget-container\">\n\t\t\t\t\t<div class=\"wd-text-block reset-last-child text-left\">\n\t\t\t\n\t\t\t<h4>100% Capacitores Japoneses<\/h4><p>Obt\u00e9n la m\u00e1xima confiabilidad y el mayor rendimiento con el uso de los Capacitores Japoneses de la m\u00e1s alta calidad.<\/p>\n\t\t\t\t\t<\/div>\n\t\t\t\t<\/div>\n\t\t\t\t<\/div>\n\t\t\t\t<div class=\"elementor-element elementor-element-a953a45 elementor-widget elementor-widget-wd_text_block\" data-id=\"a953a45\" data-element_type=\"widget\" data-widget_type=\"wd_text_block.default\">\n\t\t\t\t<div class=\"elementor-widget-container\">\n\t\t\t\t\t<div class=\"wd-text-block reset-last-child text-left\">\n\t\t\t\n\t\t\t<h4>Capacitores S\u00f3lidos de Aluminio en la placa modular<\/h4><p>Los Capacitores de Estado S\u00f3lido aumentan la eficiencia y reducen el impacto de factores ambientales luego de que la energ\u00eda se transforme a CC, pero antes que deje la fuente de poder.<\/p>\n\t\t\t\t\t<\/div>\n\t\t\t\t<\/div>\n\t\t\t\t<\/div>\n\t\t\t\t\t<\/div>\n\t\t<\/div>\n\t\t\t\t<div class=\"elementor-column elementor-col-33 elementor-top-column elementor-element elementor-element-dffdc91\" data-id=\"dffdc91\" data-element_type=\"column\">\n\t\t\t<div class=\"elementor-widget-wrap elementor-element-populated\">\n\t\t\t\t\t\t\t\t<div class=\"elementor-element elementor-element-f4bb4cf elementor-widget elementor-widget-wd_text_block\" data-id=\"f4bb4cf\" data-element_type=\"widget\" data-widget_type=\"wd_text_block.default\">\n\t\t\t\t<div class=\"elementor-widget-container\">\n\t\t\t\t\t<div class=\"wd-text-block reset-last-child text-left\">\n\t\t\t\n\t\t\t<h4>EVGA Modo ECO<\/h4><p>Los Capacitores de Estado S\u00f3lido aumentan la eficiencia y reducen el impacto de factores ambientales luego de que la energ\u00eda se transforme a CC, pero antes que deje la fuente de poder.<\/p>\n\t\t\t\t\t<\/div>\n\t\t\t\t<\/div>\n\t\t\t\t<\/div>\n\t\t\t\t<div class=\"elementor-element elementor-element-377230a elementor-widget elementor-widget-wd_text_block\" data-id=\"377230a\" data-element_type=\"widget\" data-widget_type=\"wd_text_block.default\">\n\t\t\t\t<div class=\"elementor-widget-container\">\n\t\t\t\t\t<div class=\"wd-text-block reset-last-child text-left\">\n\t\t\t\n\t\t\t<h4>Made to Protect &amp; serve<\/h4><p>La serie EVGA G5 tambi\u00e9n incluye un rango de protecciones completo (OCP, OVP, UVP, OPP, SCP, OTP) para mayor seguridad, y est\u00e1 cubierta por la garant\u00eda l\u00edder en la industria de 10 a\u00f1os de EVGA.<\/p>\n\t\t\t\t\t<\/div>\n\t\t\t\t<\/div>\n\t\t\t\t<\/div>\n\t\t\t\t<div class=\"elementor-element elementor-element-2a61c50 elementor-widget elementor-widget-wd_image_or_svg\" data-id=\"2a61c50\" data-element_type=\"widget\" data-widget_type=\"wd_image_or_svg.default\">\n\t\t\t\t<div class=\"elementor-widget-container\">\n\t\t\t\n\t\t<div class=\"wd-image text-left\">\n\t\t\t\t\t\t\t\t<img loading=\"lazy\" decoding=\"async\" width=\"665\" height=\"385\" src=\"https:\/\/tzila.mx\/dev\/wp-content\/uploads\/2022\/06\/220-G5-0650-X1-DES-3.png\" class=\"attachment-full size-full\" alt=\"\" srcset=\"https:\/\/tzila.mx\/dev\/wp-content\/uploads\/2022\/06\/220-G5-0650-X1-DES-3.png 665w, https:\/\/tzila.mx\/dev\/wp-content\/uploads\/2022\/06\/220-G5-0650-X1-DES-3-400x232.png 400w, https:\/\/tzila.mx\/dev\/wp-content\/uploads\/2022\/06\/220-G5-0650-X1-DES-3-430x249.png 430w, https:\/\/tzila.mx\/dev\/wp-content\/uploads\/2022\/06\/220-G5-0650-X1-DES-3-150x87.png 150w\" sizes=\"auto, (max-width: 665px) 100vw, 665px\" \/>\t\t\t\t\t<\/div>\n\n\t\t\t\t<\/div>\n\t\t\t\t<\/div>\n\t\t\t\t<div class=\"elementor-element elementor-element-741a3ed elementor-widget elementor-widget-wd_button\" data-id=\"741a3ed\" data-element_type=\"widget\" data-widget_type=\"wd_button.default\">\n\t\t\t\t<div class=\"elementor-widget-container\">\n\t\t\t\t\t<div class=\"wd-button-wrapper text-center\" >\n\t\t\t<a class=\"btn btn-style-link btn-shape- btn-size-default btn-scheme-light btn-scheme-hover-dark btn-icon-pos-right\"  href=\"https:\/\/latam.evga.com\/articles\/01341\/evga-g5-psu\/\" target=\"_blank\">\n\t\t\t\t<span class=\"wd-btn-text\" data-elementor-setting-key=\"text\">\n\t\t\t\t\tSABER M\u00c1S\t\t\t\t<\/span>\n\n\t\t\t\t\t\t\t<\/a>\n\t\t<\/div>\n\t\t\t\t<\/div>\n\t\t\t\t<\/div>\n\t\t\t\t\t<\/div>\n\t\t<\/div>\n\t\t\t\t\t\t\t<\/div>\n\t\t<\/section>\n\t\t\t\t\t\t<\/div>\n\t\t\t\t\t<\/div>\n\t\t","protected":false},"excerpt":{"rendered":"<h4>Caracter\u00edsticas principales:<\/h4>\n<p>\u25cf 650 Watts, 750 Watts, 850 Watts, 1000\u00a0Watts,<br \/>\n<span class=\"s1\">\u25cf Certificaci\u00f3n <\/span>80 Plus Gold<br \/>\n<span class=\"s1\">\u25cf <\/span>Fuentes de alimentaci\u00f3n totalmente modulares<br \/>\n<span class=\"s1\">\u25cf Incluye autocomprobador de encendido<\/span><br \/>\n<span class=\"s1\">\u25cf Modo Eco con ventilador FDB<\/span><br \/>\n<span class=\"s1\">\u25cf <\/span>Tama\u00f1o compacto de 150 mm<\/p>\n","protected":false},"featured_media":17241,"comment_status":"open","ping_status":"closed","template":"","meta":[],"product_cat":[20,72,104],"product_tag":[260],"class_list":["post-17231","product","type-product","status-publish","has-post-thumbnail","hentry","product_cat-hardware","product_cat-fuente-de-poder","product_cat-evga","product_tag-evga","pa_brand-evga"],"_links":{"self":[{"href":"https:\/\/tzila.mx\/dev\/wp-json\/wp\/v2\/product\/17231","targetHints":{"allow":["GET"]}}],"collection":[{"href":"https:\/\/tzila.mx\/dev\/wp-json\/wp\/v2\/product"}],"about":[{"href":"https:\/\/tzila.mx\/dev\/wp-json\/wp\/v2\/types\/product"}],"replies":[{"embeddable":true,"href":"https:\/\/tzila.mx\/dev\/wp-json\/wp\/v2\/comments?post=17231"}],"version-history":[{"count":5,"href":"https:\/\/tzila.mx\/dev\/wp-json\/wp\/v2\/product\/17231\/revisions"}],"predecessor-version":[{"id":17269,"href":"https:\/\/tzila.mx\/dev\/wp-json\/wp\/v2\/product\/17231\/revisions\/17269"}],"wp:featuredmedia":[{"embeddable":true,"href":"https:\/\/tzila.mx\/dev\/wp-json\/wp\/v2\/media\/17241"}],"wp:attachment":[{"href":"https:\/\/tzila.mx\/dev\/wp-json\/wp\/v2\/media?parent=17231"}],"wp:term":[{"taxonomy":"product_cat","embeddable":true,"href":"https:\/\/tzila.mx\/dev\/wp-json\/wp\/v2\/product_cat?post=17231"},{"taxonomy":"product_tag","embeddable":true,"href":"https:\/\/tzila.mx\/dev\/wp-json\/wp\/v2\/product_tag?post=17231"}],"curies":[{"name":"wp","href":"https:\/\/api.w.org\/{rel}","templated":true}]}}