{"id":17050,"date":"2022-06-23T19:15:09","date_gmt":"2022-06-24T00:15:09","guid":{"rendered":"https:\/\/tzila.mx\/dev\/?post_type=product&#038;p=17050"},"modified":"2022-06-29T11:32:41","modified_gmt":"2022-06-29T16:32:41","slug":"teclado-gamer-corsair-k70-rgb-pro-policarbonato","status":"publish","type":"product","link":"https:\/\/tzila.mx\/dev\/producto\/teclado-gamer-corsair-k70-rgb-pro-policarbonato\/","title":{"rendered":"Teclado Gamer CORSAIR K70 RGB PRO Policarbonato"},"content":{"rendered":"\t\t<div data-elementor-type=\"wp-post\" data-elementor-id=\"17050\" class=\"elementor elementor-17050\" data-elementor-settings=\"[]\">\n\t\t\t\t\t\t\t<div class=\"elementor-section-wrap\">\n\t\t\t\t\t\t\t<section class=\"elementor-section elementor-top-section elementor-element elementor-element-154fe09 elementor-section-boxed elementor-section-height-default elementor-section-height-default wd-section-disabled\" data-id=\"154fe09\" data-element_type=\"section\">\n\t\t\t\t\t\t<div class=\"elementor-container elementor-column-gap-default\">\n\t\t\t\t\t<div class=\"elementor-column elementor-col-33 elementor-top-column elementor-element elementor-element-f14913d\" data-id=\"f14913d\" data-element_type=\"column\">\n\t\t\t<div class=\"elementor-widget-wrap elementor-element-populated\">\n\t\t\t\t\t\t\t\t<div class=\"elementor-element elementor-element-3d30eaf elementor-widget elementor-widget-wd_text_block\" data-id=\"3d30eaf\" data-element_type=\"widget\" data-widget_type=\"wd_text_block.default\">\n\t\t\t\t<div class=\"elementor-widget-container\">\n\t\t\t\t\t<div class=\"wd-text-block reset-last-child text-left\">\n\t\t\t\n\t\t\t<h5><strong>CARACTER\u00cdSTICAS GENERALE<\/strong><strong>S<\/strong><strong>:<\/strong><\/h5>\n\t\t\t\t\t<\/div>\n\t\t\t\t<\/div>\n\t\t\t\t<\/div>\n\t\t\t\t<div class=\"elementor-element elementor-element-6d44079 elementor-widget elementor-widget-wd_text_block\" data-id=\"6d44079\" data-element_type=\"widget\" data-widget_type=\"wd_text_block.default\">\n\t\t\t\t<div class=\"elementor-widget-container\">\n\t\t\t\t\t<div class=\"wd-text-block reset-last-child text-left\">\n\t\t\t\n\t\t\t<p>\u25cf Tecnolog\u00eda AXON<br \/>\u25cf Hasta 100 millones de pulsaciones garantizadas<br \/>\u25cf Teclas de policarbonato<br \/>\u25cf Perfil destacado<br \/>\u25cf Ajustes personalizados<br \/>\u25cf CHERRY MX RGB Red Lineales y suaves<\/p>\n\t\t\t\t\t<\/div>\n\t\t\t\t<\/div>\n\t\t\t\t<\/div>\n\t\t\t\t\t<\/div>\n\t\t<\/div>\n\t\t\t\t<div class=\"elementor-column elementor-col-66 elementor-top-column elementor-element elementor-element-1a0b71f\" data-id=\"1a0b71f\" data-element_type=\"column\">\n\t\t\t<div class=\"elementor-widget-wrap elementor-element-populated\">\n\t\t\t\t\t\t\t\t<div class=\"elementor-element elementor-element-6f6445b elementor-widget elementor-widget-wd_image_or_svg\" data-id=\"6f6445b\" data-element_type=\"widget\" data-widget_type=\"wd_image_or_svg.default\">\n\t\t\t\t<div class=\"elementor-widget-container\">\n\t\t\t\n\t\t<div class=\"wd-image text-center\">\n\t\t\t\t\t\t\t\t<img decoding=\"async\" src=\"https:\/\/tzila.mx\/dev\/wp-content\/uploads\/elementor\/thumbs\/CH-9109410-SP-DES-4-pqrfelj6i540h005asx0wv2z0kawjl9bi933e6aegc.png\" title=\"CH-9109410-SP-DES-4\" alt=\"CH-9109410-SP-DES-4\" \/>\t\t\t\t\t<\/div>\n\n\t\t\t\t<\/div>\n\t\t\t\t<\/div>\n\t\t\t\t\t<\/div>\n\t\t<\/div>\n\t\t\t\t\t\t\t<\/div>\n\t\t<\/section>\n\t\t\t\t<section class=\"elementor-section elementor-top-section elementor-element elementor-element-f335c48 elementor-section-boxed elementor-section-height-default elementor-section-height-default wd-section-disabled\" data-id=\"f335c48\" data-element_type=\"section\">\n\t\t\t\t\t\t<div class=\"elementor-container elementor-column-gap-default\">\n\t\t\t\t\t<div class=\"elementor-column elementor-col-33 elementor-top-column elementor-element elementor-element-b982906\" data-id=\"b982906\" data-element_type=\"column\">\n\t\t\t<div class=\"elementor-widget-wrap elementor-element-populated\">\n\t\t\t\t\t\t\t\t<div class=\"elementor-element elementor-element-92b92dc elementor-widget elementor-widget-wd_text_block\" data-id=\"92b92dc\" data-element_type=\"widget\" data-widget_type=\"wd_text_block.default\">\n\t\t\t\t<div class=\"elementor-widget-container\">\n\t\t\t\t\t<div class=\"wd-text-block reset-last-child text-left\">\n\t\t\t\n\t\t\t<div class=\"wrapper\"><div class=\"specs col-half white\"><div class=\"col-half top\"><h4>La leyenda contin\u00faa<\/h4><p class=\"md:smal-max-w-5xl\">El K70 RGB PRO conserva los elementos ic\u00f3nicos de la galardonada serie K70 con una estructura de aluminio duradera, interruptores de teclas mec\u00e1nicos CHERRY MX y retroiluminaci\u00f3n RGB por tecla, al tiempo que establece un nuevo nivel de rendimiento con la tecnolog\u00eda AXON y un interruptor de torneo.<\/p><\/div><\/div><\/div>\n\t\t\t\t\t<\/div>\n\t\t\t\t<\/div>\n\t\t\t\t<\/div>\n\t\t\t\t<div class=\"elementor-element elementor-element-bbdcdda elementor-widget elementor-widget-wd_text_block\" data-id=\"bbdcdda\" data-element_type=\"widget\" data-widget_type=\"wd_text_block.default\">\n\t\t\t\t<div class=\"elementor-widget-container\">\n\t\t\t\t\t<div class=\"wd-text-block reset-last-child text-left\">\n\t\t\t\n\t\t\t<h4>Con tecnolog\u00eda AXON<\/h4><p>AXON ofrece un nuevo nivel de rendimiento al procesar y transmitir sus entradas hasta 8 veces m\u00e1s r\u00e1pido que los teclados para juegos convencionales. Cuenta con sondeo avanzado de 8.000\u00a0Hz, escaneo de teclas de 4.000\u00a0Hz y hasta 20 capas de procesamiento de iluminaci\u00f3n RGB por hardware, al tiempo que mantiene el rendimiento de la velocidad.<\/p>\n\t\t\t\t\t<\/div>\n\t\t\t\t<\/div>\n\t\t\t\t<\/div>\n\t\t\t\t<div class=\"elementor-element elementor-element-d1ad1ae elementor-widget elementor-widget-wd_image_or_svg\" data-id=\"d1ad1ae\" data-element_type=\"widget\" data-widget_type=\"wd_image_or_svg.default\">\n\t\t\t\t<div class=\"elementor-widget-container\">\n\t\t\t\n\t\t<div class=\"wd-image text-left\">\n\t\t\t\t\t\t\t\t<img loading=\"lazy\" decoding=\"async\" width=\"894\" height=\"667\" src=\"https:\/\/tzila.mx\/dev\/wp-content\/uploads\/2022\/06\/CH-9109410-SP-DES-3.png\" class=\"attachment-full size-full\" alt=\"\" srcset=\"https:\/\/tzila.mx\/dev\/wp-content\/uploads\/2022\/06\/CH-9109410-SP-DES-3.png 894w, https:\/\/tzila.mx\/dev\/wp-content\/uploads\/2022\/06\/CH-9109410-SP-DES-3-400x298.png 400w, https:\/\/tzila.mx\/dev\/wp-content\/uploads\/2022\/06\/CH-9109410-SP-DES-3-768x573.png 768w, https:\/\/tzila.mx\/dev\/wp-content\/uploads\/2022\/06\/CH-9109410-SP-DES-3-860x642.png 860w, https:\/\/tzila.mx\/dev\/wp-content\/uploads\/2022\/06\/CH-9109410-SP-DES-3-430x321.png 430w, https:\/\/tzila.mx\/dev\/wp-content\/uploads\/2022\/06\/CH-9109410-SP-DES-3-700x522.png 700w, https:\/\/tzila.mx\/dev\/wp-content\/uploads\/2022\/06\/CH-9109410-SP-DES-3-150x112.png 150w\" sizes=\"auto, (max-width: 894px) 100vw, 894px\" \/>\t\t\t\t\t<\/div>\n\n\t\t\t\t<\/div>\n\t\t\t\t<\/div>\n\t\t\t\t\t<\/div>\n\t\t<\/div>\n\t\t\t\t<div class=\"elementor-column elementor-col-33 elementor-top-column elementor-element elementor-element-efcf9f4\" data-id=\"efcf9f4\" data-element_type=\"column\">\n\t\t\t<div class=\"elementor-widget-wrap elementor-element-populated\">\n\t\t\t\t\t\t\t\t<div class=\"elementor-element elementor-element-07e13f6 elementor-widget elementor-widget-wd_text_block\" data-id=\"07e13f6\" data-element_type=\"widget\" data-widget_type=\"wd_text_block.default\">\n\t\t\t\t<div class=\"elementor-widget-container\">\n\t\t\t\t\t<div class=\"wd-text-block reset-last-child text-left\">\n\t\t\t\n\t\t\t<div class=\"col-half white top\"><h4 class=\"md:smal-text-left smal-mb-4 md:smal-mb-8\">Lineales y suaves<\/h4><p class=\"md:smal-text-left smal-text-block__text md:smal-text-xl smal-text-sm smal-leading-5 md:smal-leading-9\">Interruptores de teclas totalmente mec\u00e1nicos con un recorrido lineal con una pulsaci\u00f3n suave como la seda, ideal para los jugadores de alto rendimiento.<br \/>Hasta 100 millones de pulsaciones garantizadas<\/p><\/div>\n\t\t\t\t\t<\/div>\n\t\t\t\t<\/div>\n\t\t\t\t<\/div>\n\t\t\t\t<div class=\"elementor-element elementor-element-9dbe845 elementor-widget elementor-widget-wd_image_or_svg\" data-id=\"9dbe845\" data-element_type=\"widget\" data-widget_type=\"wd_image_or_svg.default\">\n\t\t\t\t<div class=\"elementor-widget-container\">\n\t\t\t\n\t\t<div class=\"wd-image text-left\">\n\t\t\t\t\t\t\t\t<img loading=\"lazy\" decoding=\"async\" width=\"893\" height=\"669\" src=\"https:\/\/tzila.mx\/dev\/wp-content\/uploads\/2022\/06\/CH-9109410-SP-DES-2.png\" class=\"attachment-full size-full\" alt=\"\" srcset=\"https:\/\/tzila.mx\/dev\/wp-content\/uploads\/2022\/06\/CH-9109410-SP-DES-2.png 893w, https:\/\/tzila.mx\/dev\/wp-content\/uploads\/2022\/06\/CH-9109410-SP-DES-2-400x300.png 400w, https:\/\/tzila.mx\/dev\/wp-content\/uploads\/2022\/06\/CH-9109410-SP-DES-2-768x575.png 768w, https:\/\/tzila.mx\/dev\/wp-content\/uploads\/2022\/06\/CH-9109410-SP-DES-2-860x644.png 860w, https:\/\/tzila.mx\/dev\/wp-content\/uploads\/2022\/06\/CH-9109410-SP-DES-2-430x322.png 430w, https:\/\/tzila.mx\/dev\/wp-content\/uploads\/2022\/06\/CH-9109410-SP-DES-2-700x524.png 700w, https:\/\/tzila.mx\/dev\/wp-content\/uploads\/2022\/06\/CH-9109410-SP-DES-2-150x112.png 150w\" sizes=\"auto, (max-width: 893px) 100vw, 893px\" \/>\t\t\t\t\t<\/div>\n\n\t\t\t\t<\/div>\n\t\t\t\t<\/div>\n\t\t\t\t<div class=\"elementor-element elementor-element-ec4a73c elementor-widget elementor-widget-wd_text_block\" data-id=\"ec4a73c\" data-element_type=\"widget\" data-widget_type=\"wd_text_block.default\">\n\t\t\t\t<div class=\"elementor-widget-container\">\n\t\t\t\t\t<div class=\"wd-text-block reset-last-child text-left\">\n\t\t\t\n\t\t\t<div class=\"col-half white top\"><div class=\"md:smal-w-1\/2 smal-flex smal-headline-block smal-justify-center md:smal-justify-end smal-mb-8 md:smal-mb-0 smal-relative smal-z-20\"><div class=\"smal-container-half smal-flex smal-flex-col md:smal-items-start smal-justify-start smal-w-full\"><div class=\"md:smal-w-full smal-text-block smal-text-center smal-text-fade\"><div class=\"smal-text-fade-inner smal-text-active\"><h4>Teclas de policarbonato<\/h4><p class=\"md:smal-text-left smal-text-block__text md:smal-text-xl smal-text-sm smal-leading-5 md:smal-leading-9\">Teclas de pl\u00e1stico de policarbonato duraderas con un dise\u00f1o de fila inferior est\u00e1ndar compatible con juegos de teclas personalizados.<\/p><\/div><\/div><\/div><\/div><\/div>\n\t\t\t\t\t<\/div>\n\t\t\t\t<\/div>\n\t\t\t\t<\/div>\n\t\t\t\t<div class=\"elementor-element elementor-element-e4d4e85 elementor-widget elementor-widget-wd_text_block\" data-id=\"e4d4e85\" data-element_type=\"widget\" data-widget_type=\"wd_text_block.default\">\n\t\t\t\t<div class=\"elementor-widget-container\">\n\t\t\t\t\t<div class=\"wd-text-block reset-last-child text-left\">\n\t\t\t\n\t\t\t<div class=\"wrapper\"><div class=\"col-half\"><div class=\"smal-toggle-info-box__content smal-pt-4 smal-pb-6 smal-px-6\"><h4 class=\"smal-toggle-info-box__headline\">Interruptor de torneo<\/h4><div class=\"smal-text-lg smal-toggle-info-box__text\">Cambie autom\u00e1ticamente a la retroiluminaci\u00f3n est\u00e1tica sin distracciones y deshabilite las activaciones accidentales de las macros.<\/div><\/div><\/div><\/div>\n\t\t\t\t\t<\/div>\n\t\t\t\t<\/div>\n\t\t\t\t<\/div>\n\t\t\t\t\t<\/div>\n\t\t<\/div>\n\t\t\t\t<div class=\"elementor-column elementor-col-33 elementor-top-column elementor-element elementor-element-dffdc91\" data-id=\"dffdc91\" data-element_type=\"column\">\n\t\t\t<div class=\"elementor-widget-wrap elementor-element-populated\">\n\t\t\t\t\t\t\t\t<div class=\"elementor-element elementor-element-a5be457 elementor-widget elementor-widget-wd_text_block\" data-id=\"a5be457\" data-element_type=\"widget\" data-widget_type=\"wd_text_block.default\">\n\t\t\t\t<div class=\"elementor-widget-container\">\n\t\t\t\t\t<div class=\"wd-text-block reset-last-child text-left\">\n\t\t\t\n\t\t\t<div class=\"wrapper\"><div class=\"col-half\"><div class=\"wrapper\"><div class=\"col-half offset-half\"><div class=\"smal-toggle-info-box__content smal-pt-4 smal-pb-6 smal-px-6\"><h4 class=\"smal-toggle-info-box__headline\">Cable USB tipo C extra\u00edble<\/h4><div class=\"smal-text-lg smal-toggle-info-box__text\">Ll\u00e9vese el K70 RGB PRO donde quiera y con\u00e9ctelo en cualquier parte.<\/div><\/div><\/div><\/div><\/div><\/div>\n\t\t\t\t\t<\/div>\n\t\t\t\t<\/div>\n\t\t\t\t<\/div>\n\t\t\t\t<div class=\"elementor-element elementor-element-1e3d10d elementor-widget elementor-widget-wd_text_block\" data-id=\"1e3d10d\" data-element_type=\"widget\" data-widget_type=\"wd_text_block.default\">\n\t\t\t\t<div class=\"elementor-widget-container\">\n\t\t\t\t\t<div class=\"wd-text-block reset-last-child text-left\">\n\t\t\t\n\t\t\t<div class=\"wrapper\"><div class=\"col-half\"><div class=\"smal-toggle-info-box__content smal-pt-4 smal-pb-6 smal-px-6\"><h4 class=\"smal-toggle-info-box__headline\">Teclas espec\u00edficas para control multimedia y rueda de volumen<\/h4><div class=\"smal-text-lg smal-toggle-info-box__text\">Tome el control del contenido multimedia y ajuste el volumen sin interrumpir el juego.<\/div><\/div><\/div><\/div>\n\t\t\t\t\t<\/div>\n\t\t\t\t<\/div>\n\t\t\t\t<\/div>\n\t\t\t\t<div class=\"elementor-element elementor-element-c36057c elementor-widget elementor-widget-wd_text_block\" data-id=\"c36057c\" data-element_type=\"widget\" data-widget_type=\"wd_text_block.default\">\n\t\t\t\t<div class=\"elementor-widget-container\">\n\t\t\t\t\t<div class=\"wd-text-block reset-last-child text-left\">\n\t\t\t\n\t\t\t<div class=\"wrapper\"><div class=\"col-half\"><div class=\"smal-toggle-info-box__content smal-pt-4 smal-pb-6 smal-px-6\"><div class=\"smal-toggle-info-box__content smal-pt-4 smal-pb-6 smal-px-6\"><h4>Retroiluminaci\u00f3n RGB en cada tecla<\/h4><div class=\"smal-text-lg smal-toggle-info-box__text\">A\u00f1ada sus propios efectos de iluminaci\u00f3n vibrante RGB personalizable que admite hasta 20 capas.<\/div><\/div><\/div><\/div><\/div>\n\t\t\t\t\t<\/div>\n\t\t\t\t<\/div>\n\t\t\t\t<\/div>\n\t\t\t\t<div class=\"elementor-element elementor-element-968ab5c elementor-widget elementor-widget-wd_text_block\" data-id=\"968ab5c\" data-element_type=\"widget\" data-widget_type=\"wd_text_block.default\">\n\t\t\t\t<div class=\"elementor-widget-container\">\n\t\t\t\t\t<div class=\"wd-text-block reset-last-child text-left\">\n\t\t\t\n\t\t\t<div class=\"wrapper\"><div class=\"col-half\"><div class=\"smal-toggle-info-box__content smal-pt-4 smal-pb-6 smal-px-6\"><div class=\"smal-toggle-info-box__content smal-pt-4 smal-pb-6 smal-px-6\"><div class=\"smal-toggle-info-box__content smal-pt-4 smal-pb-6 smal-px-6\"><h4 class=\"smal-toggle-info-box__headline\">Detecci\u00f3n simult\u00e1nea de teclas (NKRO) y 100\u00a0% sin efecto fantasma<\/h4><div class=\"smal-text-lg smal-toggle-info-box__text\">No importa lo r\u00e1pidas que sean sus acciones durante el juego: todas las pulsaciones de teclas se registran correctamente.<\/div><\/div><\/div><\/div><\/div><\/div>\n\t\t\t\t\t<\/div>\n\t\t\t\t<\/div>\n\t\t\t\t<\/div>\n\t\t\t\t<div class=\"elementor-element elementor-element-c5137e8 elementor-widget elementor-widget-wd_text_block\" data-id=\"c5137e8\" data-element_type=\"widget\" data-widget_type=\"wd_text_block.default\">\n\t\t\t\t<div class=\"elementor-widget-container\">\n\t\t\t\t\t<div class=\"wd-text-block reset-last-child text-left\">\n\t\t\t\n\t\t\t<div class=\"wrapper\"><div class=\"col-half\"><div class=\"smal-toggle-info-box__content smal-pt-4 smal-pb-6 smal-px-6\"><div class=\"smal-toggle-info-box__content smal-pt-4 smal-pb-6 smal-px-6\"><div class=\"smal-toggle-info-box__content smal-pt-4 smal-pb-6 smal-px-6\"><div class=\"smal-toggle-info-box__content smal-pt-4 smal-pb-6 smal-px-6\"><h4 class=\"smal-toggle-info-box__headline\">Macros sobre la marcha<\/h4><div class=\"smal-text-lg smal-toggle-info-box__text\">Grabe pulsaciones de teclas con una c\u00f3moda tecla de acceso directo y gu\u00e1rdelas en los accesos directos de las combinaciones de teclas de funci\u00f3n, para acceder f\u00e1cilmente a acciones complejas.<\/div><\/div><\/div><\/div><\/div><\/div><\/div>\n\t\t\t\t\t<\/div>\n\t\t\t\t<\/div>\n\t\t\t\t<\/div>\n\t\t\t\t<div class=\"elementor-element elementor-element-8cef7ab elementor-widget elementor-widget-wd_text_block\" data-id=\"8cef7ab\" data-element_type=\"widget\" data-widget_type=\"wd_text_block.default\">\n\t\t\t\t<div class=\"elementor-widget-container\">\n\t\t\t\t\t<div class=\"wd-text-block reset-last-child text-left\">\n\t\t\t\n\t\t\t<div class=\"wrapper\"><div class=\"col-half\"><div class=\"smal-toggle-info-box__content smal-pt-4 smal-pb-6 smal-px-6\"><div class=\"smal-toggle-info-box__content smal-pt-4 smal-pb-6 smal-px-6\"><div class=\"smal-toggle-info-box__content smal-pt-4 smal-pb-6 smal-px-6\"><div class=\"smal-toggle-info-box__content smal-pt-4 smal-pb-6 smal-px-6\"><div class=\"smal-toggle-info-box__content smal-pt-4 smal-pb-6 smal-px-6\"><h4 class=\"smal-toggle-info-box__headline\">Reposamu\u00f1ecas magn\u00e9tico<\/h4><div class=\"smal-text-lg smal-toggle-info-box__text\">M\u00e1s comodidad para sesiones de juego maratonianas.<\/div><\/div><\/div><\/div><\/div><\/div><\/div><\/div>\n\t\t\t\t\t<\/div>\n\t\t\t\t<\/div>\n\t\t\t\t<\/div>\n\t\t\t\t<div class=\"elementor-element elementor-element-aa5899a elementor-widget elementor-widget-wd_button\" data-id=\"aa5899a\" data-element_type=\"widget\" data-widget_type=\"wd_button.default\">\n\t\t\t\t<div class=\"elementor-widget-container\">\n\t\t\t\t\t<div class=\"wd-button-wrapper text-center\" >\n\t\t\t<a class=\"btn btn-style-link btn-shape- btn-size-default btn-scheme-light btn-scheme-hover-dark btn-icon-pos-right\"  href=\"https:\/\/www.corsair.com\/lm\/es\/Categor%C3%ADas\/Productos\/Teclados-para-juegos\/Teclados-RGB-mec%C3%A1nicos-para-juegos\/K70-RGB-PRO-Mechanical-Gaming-Keyboard-with-Polycarbonate-Keycaps\/p\/CH-9109410-SP#tab-overview\" target=\"_blank\">\n\t\t\t\t<span class=\"wd-btn-text\" data-elementor-setting-key=\"text\">\n\t\t\t\t\tSABER M\u00c1S\t\t\t\t<\/span>\n\n\t\t\t\t\t\t\t<\/a>\n\t\t<\/div>\n\t\t\t\t<\/div>\n\t\t\t\t<\/div>\n\t\t\t\t\t<\/div>\n\t\t<\/div>\n\t\t\t\t\t\t\t<\/div>\n\t\t<\/section>\n\t\t\t\t\t\t<\/div>\n\t\t\t\t\t<\/div>\n\t\t","protected":false},"excerpt":{"rendered":"<h4>Caracter\u00edsticas principales:<\/h4>\n<p>\u25cf Al\u00e1mbrico USB 3.0 or 3.1 Type-A<br \/>\n\u25cf Teclado mec\u00e1nico<br \/>\n\u25cf Interruptores CHERRY\u00ae MX Red<br \/>\n<span class=\"s1\">\u25cf Estructura de aluminio duradera<\/span><br \/>\n<span class=\"s1\">\u25cf Retroiluminaci\u00f3n RGB por tecla<\/span><br \/>\n<span class=\"s1\">\u25cf T<\/span>ecnolog\u00eda AXON<\/p>\n","protected":false},"featured_media":17051,"comment_status":"open","ping_status":"closed","template":"","meta":[],"product_cat":[28,84,103],"product_tag":[251],"class_list":["post-17050","product","type-product","status-publish","has-post-thumbnail","hentry","product_cat-setup","product_cat-teclado-gamer","product_cat-corsair","product_tag-corsair","pa_brand-corsair"],"_links":{"self":[{"href":"https:\/\/tzila.mx\/dev\/wp-json\/wp\/v2\/product\/17050","targetHints":{"allow":["GET"]}}],"collection":[{"href":"https:\/\/tzila.mx\/dev\/wp-json\/wp\/v2\/product"}],"about":[{"href":"https:\/\/tzila.mx\/dev\/wp-json\/wp\/v2\/types\/product"}],"replies":[{"embeddable":true,"href":"https:\/\/tzila.mx\/dev\/wp-json\/wp\/v2\/comments?post=17050"}],"version-history":[{"count":4,"href":"https:\/\/tzila.mx\/dev\/wp-json\/wp\/v2\/product\/17050\/revisions"}],"predecessor-version":[{"id":17064,"href":"https:\/\/tzila.mx\/dev\/wp-json\/wp\/v2\/product\/17050\/revisions\/17064"}],"wp:featuredmedia":[{"embeddable":true,"href":"https:\/\/tzila.mx\/dev\/wp-json\/wp\/v2\/media\/17051"}],"wp:attachment":[{"href":"https:\/\/tzila.mx\/dev\/wp-json\/wp\/v2\/media?parent=17050"}],"wp:term":[{"taxonomy":"product_cat","embeddable":true,"href":"https:\/\/tzila.mx\/dev\/wp-json\/wp\/v2\/product_cat?post=17050"},{"taxonomy":"product_tag","embeddable":true,"href":"https:\/\/tzila.mx\/dev\/wp-json\/wp\/v2\/product_tag?post=17050"}],"curies":[{"name":"wp","href":"https:\/\/api.w.org\/{rel}","templated":true}]}}