{"id":17030,"date":"2022-06-23T18:48:06","date_gmt":"2022-06-23T23:48:06","guid":{"rendered":"https:\/\/tzila.mx\/dev\/?post_type=product&#038;p=17030"},"modified":"2022-06-29T11:32:44","modified_gmt":"2022-06-29T16:32:44","slug":"teclado-gamer-corsair-k70-rgb-mk-2-se-cherry-mx","status":"publish","type":"product","link":"https:\/\/tzila.mx\/dev\/producto\/teclado-gamer-corsair-k70-rgb-mk-2-se-cherry-mx\/","title":{"rendered":"Teclado Gamer CORSAIR K70 RGB MK.2 SE CHERRY MX"},"content":{"rendered":"\t\t<div data-elementor-type=\"wp-post\" data-elementor-id=\"17030\" class=\"elementor elementor-17030\" data-elementor-settings=\"[]\">\n\t\t\t\t\t\t\t<div class=\"elementor-section-wrap\">\n\t\t\t\t\t\t\t<section class=\"elementor-section elementor-top-section elementor-element elementor-element-154fe09 elementor-section-boxed elementor-section-height-default elementor-section-height-default wd-section-disabled\" data-id=\"154fe09\" data-element_type=\"section\">\n\t\t\t\t\t\t<div class=\"elementor-container elementor-column-gap-default\">\n\t\t\t\t\t<div class=\"elementor-column elementor-col-33 elementor-top-column elementor-element elementor-element-f14913d\" data-id=\"f14913d\" data-element_type=\"column\">\n\t\t\t<div class=\"elementor-widget-wrap elementor-element-populated\">\n\t\t\t\t\t\t\t\t<div class=\"elementor-element elementor-element-3d30eaf elementor-widget elementor-widget-wd_text_block\" data-id=\"3d30eaf\" data-element_type=\"widget\" data-widget_type=\"wd_text_block.default\">\n\t\t\t\t<div class=\"elementor-widget-container\">\n\t\t\t\t\t<div class=\"wd-text-block reset-last-child text-left\">\n\t\t\t\n\t\t\t<h5><strong>CARACTER\u00cdSTICAS GENERALE<\/strong><strong>S<\/strong><strong>:<\/strong><\/h5>\n\t\t\t\t\t<\/div>\n\t\t\t\t<\/div>\n\t\t\t\t<\/div>\n\t\t\t\t<div class=\"elementor-element elementor-element-6d44079 elementor-widget elementor-widget-wd_text_block\" data-id=\"6d44079\" data-element_type=\"widget\" data-widget_type=\"wd_text_block.default\">\n\t\t\t\t<div class=\"elementor-widget-container\">\n\t\t\t\t\t<div class=\"wd-text-block reset-last-child text-left\">\n\t\t\t\n\t\t\t<p>\u25cf Ventaja RAPIDFIRE<br \/>\u25cf Una fuerza llamativa<br \/>\u25cf Teclas duraderas de PBT<br \/>\u25cf Protecci\u00f3n 100 % contra pulsaciones nulas con detecci\u00f3n simult\u00e1nea de teclas<br \/>\u25cf 8 mb de almacenamiento interno de perfiles<br \/>\u25cf Modo de bloqueo de tecla de Windows<br \/>\u25cf Controles espec\u00edficos para el volumen y el contenido multimedia<br \/>\u25cf Puerto de transferencia USB<br \/>\u25cf Reposamu\u00f1ecas extra\u00edble suave al tacto<\/p>\n\t\t\t\t\t<\/div>\n\t\t\t\t<\/div>\n\t\t\t\t<\/div>\n\t\t\t\t\t<\/div>\n\t\t<\/div>\n\t\t\t\t<div class=\"elementor-column elementor-col-66 elementor-top-column elementor-element elementor-element-1a0b71f\" data-id=\"1a0b71f\" data-element_type=\"column\">\n\t\t\t<div class=\"elementor-widget-wrap elementor-element-populated\">\n\t\t\t\t\t\t\t\t<div class=\"elementor-element elementor-element-6f6445b elementor-widget elementor-widget-wd_image_or_svg\" data-id=\"6f6445b\" data-element_type=\"widget\" data-widget_type=\"wd_image_or_svg.default\">\n\t\t\t\t<div class=\"elementor-widget-container\">\n\t\t\t\n\t\t<div class=\"wd-image text-center\">\n\t\t\t\t\t\t\t\t<img loading=\"lazy\" decoding=\"async\" width=\"1489\" height=\"549\" src=\"https:\/\/tzila.mx\/dev\/wp-content\/uploads\/2022\/06\/CH-9109114-NA-DES-4.png\" class=\"attachment-full size-full\" alt=\"\" srcset=\"https:\/\/tzila.mx\/dev\/wp-content\/uploads\/2022\/06\/CH-9109114-NA-DES-4.png 1489w, https:\/\/tzila.mx\/dev\/wp-content\/uploads\/2022\/06\/CH-9109114-NA-DES-4-400x147.png 400w, https:\/\/tzila.mx\/dev\/wp-content\/uploads\/2022\/06\/CH-9109114-NA-DES-4-1300x479.png 1300w, https:\/\/tzila.mx\/dev\/wp-content\/uploads\/2022\/06\/CH-9109114-NA-DES-4-768x283.png 768w, https:\/\/tzila.mx\/dev\/wp-content\/uploads\/2022\/06\/CH-9109114-NA-DES-4-860x317.png 860w, https:\/\/tzila.mx\/dev\/wp-content\/uploads\/2022\/06\/CH-9109114-NA-DES-4-1320x487.png 1320w, https:\/\/tzila.mx\/dev\/wp-content\/uploads\/2022\/06\/CH-9109114-NA-DES-4-430x159.png 430w, https:\/\/tzila.mx\/dev\/wp-content\/uploads\/2022\/06\/CH-9109114-NA-DES-4-700x258.png 700w, https:\/\/tzila.mx\/dev\/wp-content\/uploads\/2022\/06\/CH-9109114-NA-DES-4-150x55.png 150w\" sizes=\"auto, (max-width: 1489px) 100vw, 1489px\" \/>\t\t\t\t\t<\/div>\n\n\t\t\t\t<\/div>\n\t\t\t\t<\/div>\n\t\t\t\t\t<\/div>\n\t\t<\/div>\n\t\t\t\t\t\t\t<\/div>\n\t\t<\/section>\n\t\t\t\t<section class=\"elementor-section elementor-top-section elementor-element elementor-element-f335c48 elementor-section-boxed elementor-section-height-default elementor-section-height-default wd-section-disabled\" data-id=\"f335c48\" data-element_type=\"section\">\n\t\t\t\t\t\t<div class=\"elementor-container elementor-column-gap-default\">\n\t\t\t\t\t<div class=\"elementor-column elementor-col-33 elementor-top-column elementor-element elementor-element-b982906\" data-id=\"b982906\" data-element_type=\"column\">\n\t\t\t<div class=\"elementor-widget-wrap elementor-element-populated\">\n\t\t\t\t\t\t\t\t<div class=\"elementor-element elementor-element-92b92dc elementor-widget elementor-widget-wd_text_block\" data-id=\"92b92dc\" data-element_type=\"widget\" data-widget_type=\"wd_text_block.default\">\n\t\t\t\t<div class=\"elementor-widget-container\">\n\t\t\t\t\t<div class=\"wd-text-block reset-last-child text-left\">\n\t\t\t\n\t\t\t<div class=\"wrapper\"><div class=\"specs col-half white\"><div class=\"col-half top\"><h4>LA VENTAJA RAPIDFIRE<\/h4><p class=\"description\">los interruptores mec\u00e1nicos CHERRY\u00ae MX Speed le proporcionan la fiabilidad y la precisi\u00f3n que necesita, con una actuaci\u00f3n extraordinariamente r\u00e1pida de 1,2\u00a0mm.<\/p><\/div><\/div><\/div>\n\t\t\t\t\t<\/div>\n\t\t\t\t<\/div>\n\t\t\t\t<\/div>\n\t\t\t\t<div class=\"elementor-element elementor-element-bbdcdda elementor-widget elementor-widget-wd_text_block\" data-id=\"bbdcdda\" data-element_type=\"widget\" data-widget_type=\"wd_text_block.default\">\n\t\t\t\t<div class=\"elementor-widget-container\">\n\t\t\t\t\t<div class=\"wd-text-block reset-last-child text-left\">\n\t\t\t\n\t\t\t<div class=\"wrapper\"><div class=\"specs col-half white\"><div class=\"col-half top\"><div class=\"wrapper\"><div class=\"col-half top offset-half\"><h4>UNA FUERZA LLAMATIVA<\/h4><p class=\"description\">Destaque gracias a la estructura especial de aluminio plateado cepillado y anodizado y a las sorprendentes teclas blancas de doble moldeado de precisi\u00f3n. Dise\u00f1ada para llamar la atenci\u00f3n y soportar toda una vida de juegos.<\/p><\/div><\/div><\/div><\/div><\/div>\n\t\t\t\t\t<\/div>\n\t\t\t\t<\/div>\n\t\t\t\t<\/div>\n\t\t\t\t<div class=\"elementor-element elementor-element-d1ad1ae elementor-widget elementor-widget-wd_image_or_svg\" data-id=\"d1ad1ae\" data-element_type=\"widget\" data-widget_type=\"wd_image_or_svg.default\">\n\t\t\t\t<div class=\"elementor-widget-container\">\n\t\t\t\n\t\t<div class=\"wd-image text-left\">\n\t\t\t\t\t\t\t\t<img loading=\"lazy\" decoding=\"async\" width=\"732\" height=\"542\" src=\"https:\/\/tzila.mx\/dev\/wp-content\/uploads\/2022\/06\/CH-9109114-NA-DES-3.png\" class=\"attachment-full size-full\" alt=\"\" srcset=\"https:\/\/tzila.mx\/dev\/wp-content\/uploads\/2022\/06\/CH-9109114-NA-DES-3.png 732w, https:\/\/tzila.mx\/dev\/wp-content\/uploads\/2022\/06\/CH-9109114-NA-DES-3-400x296.png 400w, https:\/\/tzila.mx\/dev\/wp-content\/uploads\/2022\/06\/CH-9109114-NA-DES-3-430x318.png 430w, https:\/\/tzila.mx\/dev\/wp-content\/uploads\/2022\/06\/CH-9109114-NA-DES-3-700x518.png 700w, https:\/\/tzila.mx\/dev\/wp-content\/uploads\/2022\/06\/CH-9109114-NA-DES-3-150x111.png 150w\" sizes=\"auto, (max-width: 732px) 100vw, 732px\" \/>\t\t\t\t\t<\/div>\n\n\t\t\t\t<\/div>\n\t\t\t\t<\/div>\n\t\t\t\t<div class=\"elementor-element elementor-element-3445055 elementor-widget elementor-widget-wd_text_block\" data-id=\"3445055\" data-element_type=\"widget\" data-widget_type=\"wd_text_block.default\">\n\t\t\t\t<div class=\"elementor-widget-container\">\n\t\t\t\t\t<div class=\"wd-text-block reset-last-child text-left\">\n\t\t\t\n\t\t\t<div class=\"wrapper\"><div class=\"specs col-half white\"><div class=\"col-half top\"><div class=\"wrapper\"><div class=\"col-half top offset-half\"><h4>TECLAS DURADERAS DE PBT<\/h4><p class=\"description\">Teclas blancas de doble moldeado de precisi\u00f3n que nunca se borran.<\/p><\/div><\/div><\/div><\/div><\/div>\n\t\t\t\t\t<\/div>\n\t\t\t\t<\/div>\n\t\t\t\t<\/div>\n\t\t\t\t\t<\/div>\n\t\t<\/div>\n\t\t\t\t<div class=\"elementor-column elementor-col-33 elementor-top-column elementor-element elementor-element-efcf9f4\" data-id=\"efcf9f4\" data-element_type=\"column\">\n\t\t\t<div class=\"elementor-widget-wrap elementor-element-populated\">\n\t\t\t\t\t\t\t\t<div class=\"elementor-element elementor-element-07e13f6 elementor-widget elementor-widget-wd_text_block\" data-id=\"07e13f6\" data-element_type=\"widget\" data-widget_type=\"wd_text_block.default\">\n\t\t\t\t<div class=\"elementor-widget-container\">\n\t\t\t\t\t<div class=\"wd-text-block reset-last-child text-left\">\n\t\t\t\n\t\t\t<div class=\"col-half white top\"><h4>PROTECCI\u00d3N 100\u00a0% CONTRA PULSACIONES NULAS CON DETECCI\u00d3N SIMULT\u00c1NEA DE TECLAS<\/h4><p class=\"description\">No importa lo r\u00e1pidas que sean sus acciones durante el juego, cada pulsaci\u00f3n de tecla se registra correctamente.<\/p><\/div>\n\t\t\t\t\t<\/div>\n\t\t\t\t<\/div>\n\t\t\t\t<\/div>\n\t\t\t\t<div class=\"elementor-element elementor-element-9dbe845 elementor-widget elementor-widget-wd_image_or_svg\" data-id=\"9dbe845\" data-element_type=\"widget\" data-widget_type=\"wd_image_or_svg.default\">\n\t\t\t\t<div class=\"elementor-widget-container\">\n\t\t\t\n\t\t<div class=\"wd-image text-left\">\n\t\t\t\t\t\t\t\t<img loading=\"lazy\" decoding=\"async\" width=\"709\" height=\"476\" src=\"https:\/\/tzila.mx\/dev\/wp-content\/uploads\/2022\/06\/CH-9109114-NA-DES-2.png\" class=\"attachment-full size-full\" alt=\"\" srcset=\"https:\/\/tzila.mx\/dev\/wp-content\/uploads\/2022\/06\/CH-9109114-NA-DES-2.png 709w, https:\/\/tzila.mx\/dev\/wp-content\/uploads\/2022\/06\/CH-9109114-NA-DES-2-400x269.png 400w, https:\/\/tzila.mx\/dev\/wp-content\/uploads\/2022\/06\/CH-9109114-NA-DES-2-430x289.png 430w, https:\/\/tzila.mx\/dev\/wp-content\/uploads\/2022\/06\/CH-9109114-NA-DES-2-700x470.png 700w, https:\/\/tzila.mx\/dev\/wp-content\/uploads\/2022\/06\/CH-9109114-NA-DES-2-150x101.png 150w\" sizes=\"auto, (max-width: 709px) 100vw, 709px\" \/>\t\t\t\t\t<\/div>\n\n\t\t\t\t<\/div>\n\t\t\t\t<\/div>\n\t\t\t\t<div class=\"elementor-element elementor-element-ec4a73c elementor-widget elementor-widget-wd_text_block\" data-id=\"ec4a73c\" data-element_type=\"widget\" data-widget_type=\"wd_text_block.default\">\n\t\t\t\t<div class=\"elementor-widget-container\">\n\t\t\t\t\t<div class=\"wd-text-block reset-last-child text-left\">\n\t\t\t\n\t\t\t<div class=\"col-half white top\"><h4>8\u00a0MB DE ALMACENAMIENTO INTERNO DE PERFILES<\/h4><p class=\"description\">Lleve todas las macros, perfiles de iluminaci\u00f3n y m\u00e9todos abreviados de teclado donde quiera que vaya, gracias a los tres perfiles almacenados que funcionan sin necesidad de usar m\u00e1s software ni controladores.<\/p><\/div>\n\t\t\t\t\t<\/div>\n\t\t\t\t<\/div>\n\t\t\t\t<\/div>\n\t\t\t\t<div class=\"elementor-element elementor-element-fc384b8 elementor-widget elementor-widget-wd_text_block\" data-id=\"fc384b8\" data-element_type=\"widget\" data-widget_type=\"wd_text_block.default\">\n\t\t\t\t<div class=\"elementor-widget-container\">\n\t\t\t\t\t<div class=\"wd-text-block reset-last-child text-left\">\n\t\t\t\n\t\t\t<h4>MODO DE BLOQUEO DE TECLA DE WINDOWS<\/h4><p class=\"description\">Mantenga la concentraci\u00f3n y evite pulsar accidentalmente la tecla de men\u00fa contextual y de Windows.<\/p>\n\t\t\t\t\t<\/div>\n\t\t\t\t<\/div>\n\t\t\t\t<\/div>\n\t\t\t\t\t<\/div>\n\t\t<\/div>\n\t\t\t\t<div class=\"elementor-column elementor-col-33 elementor-top-column elementor-element elementor-element-dffdc91\" data-id=\"dffdc91\" data-element_type=\"column\">\n\t\t\t<div class=\"elementor-widget-wrap elementor-element-populated\">\n\t\t\t\t\t\t\t\t<div class=\"elementor-element elementor-element-c2d9b7f elementor-widget elementor-widget-wd_text_block\" data-id=\"c2d9b7f\" data-element_type=\"widget\" data-widget_type=\"wd_text_block.default\">\n\t\t\t\t<div class=\"elementor-widget-container\">\n\t\t\t\t\t<div class=\"wd-text-block reset-last-child text-left\">\n\t\t\t\n\t\t\t<div class=\"wrapper\"><div class=\"col-half\"><h4>CONTROLES ESPEC\u00cdFICOS PARA EL VOLUMEN Y EL CONTENIDO MULTIMEDIA<\/h4><p class=\"description\">La comodidad necesaria para mejorar su estilo de juego durante las sesiones maratonianas.<\/p><\/div><\/div>\n\t\t\t\t\t<\/div>\n\t\t\t\t<\/div>\n\t\t\t\t<\/div>\n\t\t\t\t<div class=\"elementor-element elementor-element-a5be457 elementor-widget elementor-widget-wd_text_block\" data-id=\"a5be457\" data-element_type=\"widget\" data-widget_type=\"wd_text_block.default\">\n\t\t\t\t<div class=\"elementor-widget-container\">\n\t\t\t\t\t<div class=\"wd-text-block reset-last-child text-left\">\n\t\t\t\n\t\t\t<div class=\"wrapper\"><div class=\"col-half\"><div class=\"wrapper\"><div class=\"col-half offset-half\"><h4>PUERTO DE TRANSFERENCIA USB<\/h4><p class=\"description\">Acceso c\u00f3modo a un puerto USB adicional para su rat\u00f3n o sus auriculares.<\/p><\/div><\/div><\/div><\/div>\n\t\t\t\t\t<\/div>\n\t\t\t\t<\/div>\n\t\t\t\t<\/div>\n\t\t\t\t<div class=\"elementor-element elementor-element-1e3d10d elementor-widget elementor-widget-wd_text_block\" data-id=\"1e3d10d\" data-element_type=\"widget\" data-widget_type=\"wd_text_block.default\">\n\t\t\t\t<div class=\"elementor-widget-container\">\n\t\t\t\t\t<div class=\"wd-text-block reset-last-child text-left\">\n\t\t\t\n\t\t\t<div class=\"wrapper\"><div class=\"col-half\"><h4>REPOSAMU\u00d1ECAS EXTRA\u00cdBLE SUAVE AL TACTO<\/h4><p class=\"description\">La comodidad necesaria para mejorar su estilo de juego durante las sesiones maratonianas.<\/p><\/div><\/div>\n\t\t\t\t\t<\/div>\n\t\t\t\t<\/div>\n\t\t\t\t<\/div>\n\t\t\t\t<div class=\"elementor-element elementor-element-dde84c1 elementor-widget elementor-widget-wd_image_or_svg\" data-id=\"dde84c1\" data-element_type=\"widget\" data-widget_type=\"wd_image_or_svg.default\">\n\t\t\t\t<div class=\"elementor-widget-container\">\n\t\t\t\n\t\t<div class=\"wd-image text-left\">\n\t\t\t\t\t\t\t\t<img loading=\"lazy\" decoding=\"async\" width=\"696\" height=\"552\" src=\"https:\/\/tzila.mx\/dev\/wp-content\/uploads\/2022\/06\/CH-9109114-NA-DES-1.png\" class=\"attachment-full size-full\" alt=\"\" srcset=\"https:\/\/tzila.mx\/dev\/wp-content\/uploads\/2022\/06\/CH-9109114-NA-DES-1.png 696w, https:\/\/tzila.mx\/dev\/wp-content\/uploads\/2022\/06\/CH-9109114-NA-DES-1-378x300.png 378w, https:\/\/tzila.mx\/dev\/wp-content\/uploads\/2022\/06\/CH-9109114-NA-DES-1-430x341.png 430w, https:\/\/tzila.mx\/dev\/wp-content\/uploads\/2022\/06\/CH-9109114-NA-DES-1-150x119.png 150w\" sizes=\"auto, (max-width: 696px) 100vw, 696px\" \/>\t\t\t\t\t<\/div>\n\n\t\t\t\t<\/div>\n\t\t\t\t<\/div>\n\t\t\t\t<div class=\"elementor-element elementor-element-aa5899a elementor-widget elementor-widget-wd_button\" data-id=\"aa5899a\" data-element_type=\"widget\" data-widget_type=\"wd_button.default\">\n\t\t\t\t<div class=\"elementor-widget-container\">\n\t\t\t\t\t<div class=\"wd-button-wrapper text-center\" >\n\t\t\t<a class=\"btn btn-style-link btn-shape- btn-size-default btn-scheme-light btn-scheme-hover-dark btn-icon-pos-right\"  href=\"https:\/\/www.corsair.com\/us\/es\/Categor%C3%ADas\/Productos\/Teclados-para-juegos\/Teclados-RGB-mec%C3%A1nicos-para-juegos\/Teclado-mec%C3%A1nico-para-juegos-K70-RGB-MK-2-SE-%E2%80%94-CHERRY%C2%AE-MX-Speed\/p\/CH-9109114-NA#tab-overview\" target=\"_blank\">\n\t\t\t\t<span class=\"wd-btn-text\" data-elementor-setting-key=\"text\">\n\t\t\t\t\tSABER M\u00c1S\t\t\t\t<\/span>\n\n\t\t\t\t\t\t\t<\/a>\n\t\t<\/div>\n\t\t\t\t<\/div>\n\t\t\t\t<\/div>\n\t\t\t\t\t<\/div>\n\t\t<\/div>\n\t\t\t\t\t\t\t<\/div>\n\t\t<\/section>\n\t\t\t\t\t\t<\/div>\n\t\t\t\t\t<\/div>\n\t\t","protected":false},"excerpt":{"rendered":"<h4>Caracter\u00edsticas principales:<\/h4>\n<p>\u25cf Al\u00e1mbrico USB 2.0 Type-A<br \/>\n\u25cf Teclado mec\u00e1nico<br \/>\n\u25cf Interruptores CHERRY\u00ae MX SPEED<br \/>\n<span class=\"s1\">\u25cf Estructura de aluminio plateado<\/span><br \/>\n<span class=\"s1\">\u25cf Incre\u00edble retroiluminaci\u00f3n din\u00e1mica RGB por tecla.<\/span><\/p>\n","protected":false},"featured_media":17032,"comment_status":"open","ping_status":"closed","template":"","meta":[],"product_cat":[28,84,103],"product_tag":[251],"class_list":["post-17030","product","type-product","status-publish","has-post-thumbnail","hentry","product_cat-setup","product_cat-teclado-gamer","product_cat-corsair","product_tag-corsair","pa_brand-corsair"],"_links":{"self":[{"href":"https:\/\/tzila.mx\/dev\/wp-json\/wp\/v2\/product\/17030","targetHints":{"allow":["GET"]}}],"collection":[{"href":"https:\/\/tzila.mx\/dev\/wp-json\/wp\/v2\/product"}],"about":[{"href":"https:\/\/tzila.mx\/dev\/wp-json\/wp\/v2\/types\/product"}],"replies":[{"embeddable":true,"href":"https:\/\/tzila.mx\/dev\/wp-json\/wp\/v2\/comments?post=17030"}],"version-history":[{"count":8,"href":"https:\/\/tzila.mx\/dev\/wp-json\/wp\/v2\/product\/17030\/revisions"}],"predecessor-version":[{"id":17049,"href":"https:\/\/tzila.mx\/dev\/wp-json\/wp\/v2\/product\/17030\/revisions\/17049"}],"wp:featuredmedia":[{"embeddable":true,"href":"https:\/\/tzila.mx\/dev\/wp-json\/wp\/v2\/media\/17032"}],"wp:attachment":[{"href":"https:\/\/tzila.mx\/dev\/wp-json\/wp\/v2\/media?parent=17030"}],"wp:term":[{"taxonomy":"product_cat","embeddable":true,"href":"https:\/\/tzila.mx\/dev\/wp-json\/wp\/v2\/product_cat?post=17030"},{"taxonomy":"product_tag","embeddable":true,"href":"https:\/\/tzila.mx\/dev\/wp-json\/wp\/v2\/product_tag?post=17030"}],"curies":[{"name":"wp","href":"https:\/\/api.w.org\/{rel}","templated":true}]}}