{"id":16987,"date":"2022-06-23T16:36:19","date_gmt":"2022-06-23T21:36:19","guid":{"rendered":"https:\/\/tzila.mx\/dev\/?post_type=product&#038;p=16987"},"modified":"2022-06-29T11:32:50","modified_gmt":"2022-06-29T16:32:50","slug":"mouse-pad-gamer-corsair-mm700-rgb-extenso","status":"publish","type":"product","link":"https:\/\/tzila.mx\/dev\/producto\/mouse-pad-gamer-corsair-mm700-rgb-extenso\/","title":{"rendered":"Mouse Pad Gamer CORSAIR MM700 RGB Extenso"},"content":{"rendered":"\t\t<div data-elementor-type=\"wp-post\" data-elementor-id=\"16987\" class=\"elementor elementor-16987\" data-elementor-settings=\"[]\">\n\t\t\t\t\t\t\t<div class=\"elementor-section-wrap\">\n\t\t\t\t\t\t\t<section class=\"elementor-section elementor-top-section elementor-element elementor-element-a77d38a elementor-section-boxed elementor-section-height-default elementor-section-height-default wd-section-disabled\" data-id=\"a77d38a\" data-element_type=\"section\">\n\t\t\t\t\t\t<div class=\"elementor-container elementor-column-gap-default\">\n\t\t\t\t\t<div class=\"elementor-column elementor-col-33 elementor-top-column elementor-element elementor-element-606b0e0\" data-id=\"606b0e0\" data-element_type=\"column\">\n\t\t\t<div class=\"elementor-widget-wrap elementor-element-populated\">\n\t\t\t\t\t\t\t\t<div class=\"elementor-element elementor-element-2efa55d elementor-widget elementor-widget-wd_text_block\" data-id=\"2efa55d\" data-element_type=\"widget\" data-widget_type=\"wd_text_block.default\">\n\t\t\t\t<div class=\"elementor-widget-container\">\n\t\t\t\t\t<div class=\"wd-text-block reset-last-child text-left\">\n\t\t\t\n\t\t\t<h5><strong>M\u00c1S ESPECIFICACIONES<\/strong><strong>:<\/strong><\/h5>\n\t\t\t\t\t<\/div>\n\t\t\t\t<\/div>\n\t\t\t\t<\/div>\n\t\t\t\t<div class=\"elementor-element elementor-element-00b20a9 elementor-widget elementor-widget-wd_text_block\" data-id=\"00b20a9\" data-element_type=\"widget\" data-widget_type=\"wd_text_block.default\">\n\t\t\t\t<div class=\"elementor-widget-container\">\n\t\t\t\t\t<div class=\"wd-text-block reset-last-child text-left\">\n\t\t\t\n\t\t\t<p>\u25cf Iluminaci\u00f3n din\u00e1mica RGB de tres zonas y 360\u00b0<br \/>\u25cf Gran superficie de 930 x 400 mm (36,6 x 15,8\")<br \/>\u25cf Dise\u00f1o de goma de 4 mm de grosor<br \/>\u25cf Conexi\u00f3n sencilla<br \/>\u25cf Exactitud y precisi\u00f3n milim\u00e9tricas<br \/>\u25cf Control inteligente. Posibilidades ilimitadas.<\/p>\n\t\t\t\t\t<\/div>\n\t\t\t\t<\/div>\n\t\t\t\t<\/div>\n\t\t\t\t\t<\/div>\n\t\t<\/div>\n\t\t\t\t<div class=\"elementor-column elementor-col-66 elementor-top-column elementor-element elementor-element-b692253\" data-id=\"b692253\" data-element_type=\"column\">\n\t\t\t<div class=\"elementor-widget-wrap elementor-element-populated\">\n\t\t\t\t\t\t\t\t<div class=\"elementor-element elementor-element-adb517c elementor-widget elementor-widget-wd_image_or_svg\" data-id=\"adb517c\" data-element_type=\"widget\" data-widget_type=\"wd_image_or_svg.default\">\n\t\t\t\t<div class=\"elementor-widget-container\">\n\t\t\t\n\t\t<div class=\"wd-image text-left\">\n\t\t\t\t\t\t\t\t<img decoding=\"async\" src=\"https:\/\/tzila.mx\/dev\/wp-content\/uploads\/elementor\/thumbs\/CH-9417070-WW-DES-3-pqr8dp2fouwehooqwg4es4n8zhljwd9mrrf3zk0720.png\" title=\"CH-9417070-WW-DES-3\" alt=\"CH-9417070-WW-DES-3\" \/>\t\t\t\t\t<\/div>\n\n\t\t\t\t<\/div>\n\t\t\t\t<\/div>\n\t\t\t\t\t<\/div>\n\t\t<\/div>\n\t\t\t\t\t\t\t<\/div>\n\t\t<\/section>\n\t\t\t\t<section class=\"elementor-section elementor-top-section elementor-element elementor-element-ec9e38a elementor-section-boxed elementor-section-height-default elementor-section-height-default wd-section-disabled\" data-id=\"ec9e38a\" data-element_type=\"section\">\n\t\t\t\t\t\t<div class=\"elementor-container elementor-column-gap-default\">\n\t\t\t\t\t<div class=\"elementor-column elementor-col-33 elementor-top-column elementor-element elementor-element-c833c6a\" data-id=\"c833c6a\" data-element_type=\"column\">\n\t\t\t<div class=\"elementor-widget-wrap elementor-element-populated\">\n\t\t\t\t\t\t\t\t<div class=\"elementor-element elementor-element-7eaa7f8 elementor-widget elementor-widget-wd_text_block\" data-id=\"7eaa7f8\" data-element_type=\"widget\" data-widget_type=\"wd_text_block.default\">\n\t\t\t\t<div class=\"elementor-widget-container\">\n\t\t\t\t\t<div class=\"wd-text-block reset-last-child text-left\">\n\t\t\t\n\t\t\t<section class=\"panel-template fivepadding\"><div class=\"wrapper\"><div class=\"col-half white\"><h4 class=\"bebas yellow\">H\u00c1GASE LA LUZ<\/h4><p>Sumerja su \u00e1rea de juego en iluminaci\u00f3n din\u00e1mica RGB de tres zonas y 360\u00b0. Alterne los 12 perfiles de iluminaci\u00f3n RGB integrados con solo pulsar un bot\u00f3n, para una iluminaci\u00f3n inmediata tan pronto como se conecte, o bien programe sus propios perfiles con el software CORSAIR iCUE.<\/p><\/div><\/div><\/section>\n\t\t\t\t\t<\/div>\n\t\t\t\t<\/div>\n\t\t\t\t<\/div>\n\t\t\t\t<div class=\"elementor-element elementor-element-0964cbf elementor-widget elementor-widget-wd_image_or_svg\" data-id=\"0964cbf\" data-element_type=\"widget\" data-widget_type=\"wd_image_or_svg.default\">\n\t\t\t\t<div class=\"elementor-widget-container\">\n\t\t\t\n\t\t<div class=\"wd-image text-left\">\n\t\t\t\t\t\t\t\t<img decoding=\"async\" src=\"https:\/\/tzila.mx\/dev\/wp-content\/uploads\/elementor\/thumbs\/CH-9417070-WW-DES-1-pqr8cvxaxkovr5e00f6e8t7juf07ciigeh6d0bfwr0.png\" title=\"CH-9417070-WW-DES-1\" alt=\"CH-9417070-WW-DES-1\" \/>\t\t\t\t\t<\/div>\n\n\t\t\t\t<\/div>\n\t\t\t\t<\/div>\n\t\t\t\t<div class=\"elementor-element elementor-element-ac6ae77 elementor-widget elementor-widget-wd_text_block\" data-id=\"ac6ae77\" data-element_type=\"widget\" data-widget_type=\"wd_text_block.default\">\n\t\t\t\t<div class=\"elementor-widget-container\">\n\t\t\t\t\t<div class=\"wd-text-block reset-last-child text-left\">\n\t\t\t\n\t\t\t<section class=\"panel-template fivepadding\"><div class=\"wrapper\"><div class=\"col-half white\"><section class=\"panel-template fivepadding\"><div class=\"wrapper\"><div class=\"col-half offset-half white\"><h4 class=\"bebas yellow\">GRANDES JUGADAS<\/h4><p>Cubra toda su \u00e1rea de juego con una gran superficie de 930\u00a0x\u00a0400\u00a0mm (36,6\u00a0x\u00a015,8\"), que proporciona espacio de sobra para su rat\u00f3n, teclado y otros accesorios<\/p><p>Juegue m\u00e1s tiempo con gran comodidad gracias al dise\u00f1o de goma de 4\u00a0mm de grosor que tambi\u00e9n ayuda a alisar las superficies de escritorio irregulares.<\/p><\/div><\/div><\/section><\/div><\/div><\/section>\n\t\t\t\t\t<\/div>\n\t\t\t\t<\/div>\n\t\t\t\t<\/div>\n\t\t\t\t\t<\/div>\n\t\t<\/div>\n\t\t\t\t<div class=\"elementor-column elementor-col-33 elementor-top-column elementor-element elementor-element-e7b3bda\" data-id=\"e7b3bda\" data-element_type=\"column\">\n\t\t\t<div class=\"elementor-widget-wrap elementor-element-populated\">\n\t\t\t\t\t\t\t\t<div class=\"elementor-element elementor-element-f2bd32b elementor-widget elementor-widget-wd_text_block\" data-id=\"f2bd32b\" data-element_type=\"widget\" data-widget_type=\"wd_text_block.default\">\n\t\t\t\t<div class=\"elementor-widget-container\">\n\t\t\t\t\t<div class=\"wd-text-block reset-last-child text-left\">\n\t\t\t\n\t\t\t<div class=\"col-half top\"><div class=\"col-half top\"><section class=\"panel-template fivepadding\"><div class=\"wrapper\"><div class=\"col-half white\"><h4 class=\"bebas yellow\">CONEXI\u00d3N SENCILLA<\/h4><p>Concentrador USB de dos puertos: Los puertos USB con una pr\u00e1ctica ubicaci\u00f3n proporcionan conexiones sencillas para perif\u00e9ricos adicionales, como un rat\u00f3n o auriculares CORSAIR.<\/p><p>Conexi\u00f3n USB Type-C: Se conecta f\u00e1cilmente al PC o a la fuente de alimentaci\u00f3n a trav\u00e9s de un cable USB Type-C extra\u00edble.<\/p><\/div><\/div><\/section><\/div><\/div>\n\t\t\t\t\t<\/div>\n\t\t\t\t<\/div>\n\t\t\t\t<\/div>\n\t\t\t\t<div class=\"elementor-element elementor-element-fbd3153 elementor-widget elementor-widget-wd_text_block\" data-id=\"fbd3153\" data-element_type=\"widget\" data-widget_type=\"wd_text_block.default\">\n\t\t\t\t<div class=\"elementor-widget-container\">\n\t\t\t\t\t<div class=\"wd-text-block reset-last-child text-left\">\n\t\t\t\n\t\t\t<div class=\"col-half top\"><div class=\"col-half top\"><section class=\"panel-template fivepadding\"><div class=\"wrapper\"><div class=\"col-half white\"><section class=\"panel-template fivepadding\"><div class=\"wrapper\"><div class=\"col-half offset-half white\"><h4 class=\"bebas yellow\">EXACTITUD Y PRECISI\u00d3N MILIM\u00c9TRICAS<\/h4><p>Superficie de tejido textil con deslizamiento mejorado: Consiga jugadas ganadoras con un control superior sobre una superficie optimizada para ratones para juegos de alto rendimiento, con seguimiento de baja fricci\u00f3n que ofrece una precisi\u00f3n milim\u00e9trica.<\/p><p>Base de goma texturizada antideslizante: Mantiene la alfombrilla en su sitio incluso durante las sesiones de juego m\u00e1s intensas.<\/p><\/div><\/div><\/section><\/div><\/div><\/section><\/div><\/div>\n\t\t\t\t\t<\/div>\n\t\t\t\t<\/div>\n\t\t\t\t<\/div>\n\t\t\t\t<div class=\"elementor-element elementor-element-af7484a elementor-widget elementor-widget-wd_image_or_svg\" data-id=\"af7484a\" data-element_type=\"widget\" data-widget_type=\"wd_image_or_svg.default\">\n\t\t\t\t<div class=\"elementor-widget-container\">\n\t\t\t\n\t\t<div class=\"wd-image text-left\">\n\t\t\t\t\t\t\t\t<img decoding=\"async\" src=\"https:\/\/tzila.mx\/dev\/wp-content\/uploads\/elementor\/thumbs\/CH-9417070-WW-DES-2-pqr8da0vs386latiq39ss7ngr72pjz2fgeyn7gv05o.png\" title=\"CH-9417070-WW-DES-2\" alt=\"CH-9417070-WW-DES-2\" \/>\t\t\t\t\t<\/div>\n\n\t\t\t\t<\/div>\n\t\t\t\t<\/div>\n\t\t\t\t\t<\/div>\n\t\t<\/div>\n\t\t\t\t<div class=\"elementor-column elementor-col-33 elementor-top-column elementor-element elementor-element-ba9b9c1\" data-id=\"ba9b9c1\" data-element_type=\"column\">\n\t\t\t<div class=\"elementor-widget-wrap elementor-element-populated\">\n\t\t\t\t\t\t\t\t<div class=\"elementor-element elementor-element-b5220f6 elementor-widget elementor-widget-wd_text_block\" data-id=\"b5220f6\" data-element_type=\"widget\" data-widget_type=\"wd_text_block.default\">\n\t\t\t\t<div class=\"elementor-widget-container\">\n\t\t\t\t\t<div class=\"wd-text-block reset-last-child text-left\">\n\t\t\t\n\t\t\t<div class=\"col-half top\"><h4>Control inteligente. Posibilidades ilimitadas.<\/h4><p>El potente software CORSAIR iCUE permite controlar la iluminaci\u00f3n RGB viva y din\u00e1mica y una sincronizaci\u00f3n en todo el sistema con perif\u00e9ricos, refrigeradores, ventiladores y otros productos compatibles de CORSAIR.<\/p><\/div>\n\t\t\t\t\t<\/div>\n\t\t\t\t<\/div>\n\t\t\t\t<\/div>\n\t\t\t\t<div class=\"elementor-element elementor-element-7ed7356 elementor-widget elementor-widget-wd_button\" data-id=\"7ed7356\" data-element_type=\"widget\" data-widget_type=\"wd_button.default\">\n\t\t\t\t<div class=\"elementor-widget-container\">\n\t\t\t\t\t<div class=\"wd-button-wrapper text-center\" >\n\t\t\t<a class=\"btn btn-style-link btn-shape- btn-size-default btn-scheme-light btn-scheme-hover-dark btn-icon-pos-right\"  href=\"https:\/\/www.corsair.com\/es\/es\/Categor%C3%ADas\/Productos\/CORSAIR-iCUE\/Alfombrillas-para-juegos\/Alfombrilla-extensa-MM700-RGB\/p\/CH-9417070-WW#tab-overview\" target=\"_blank\">\n\t\t\t\t<span class=\"wd-btn-text\" data-elementor-setting-key=\"text\">\n\t\t\t\t\tSaber m\u00e1s\t\t\t\t<\/span>\n\n\t\t\t\t\t\t\t<\/a>\n\t\t<\/div>\n\t\t\t\t<\/div>\n\t\t\t\t<\/div>\n\t\t\t\t\t<\/div>\n\t\t<\/div>\n\t\t\t\t\t\t\t<\/div>\n\t\t<\/section>\n\t\t\t\t\t\t<\/div>\n\t\t\t\t\t<\/div>\n\t\t","protected":false},"excerpt":{"rendered":"<h4>Caracter\u00edsticas principales:<\/h4>\n<p class=\"p1\">\u25cf Amplio espacio para los perif\u00e9ricos<br \/>\n\u25cf Iluminaci\u00f3n din\u00e1mica RGB de tres zonas y 360\u00b0<br \/>\n\u25cf Base de goma texturizada antideslizante<br \/>\n\u25cf Concentrador USB de dos puertos<br \/>\n\u25cf Gran superficie de juego<br \/>\n\u25cf Soporte CORSAIR iCUE.<\/p>\n<p>&nbsp;<\/p>\n","protected":false},"featured_media":16989,"comment_status":"open","ping_status":"closed","template":"","meta":[],"product_cat":[28,82,103],"product_tag":[251],"class_list":["post-16987","product","type-product","status-publish","has-post-thumbnail","hentry","product_cat-setup","product_cat-mouse-pad","product_cat-corsair","product_tag-corsair","pa_brand-corsair"],"_links":{"self":[{"href":"https:\/\/tzila.mx\/dev\/wp-json\/wp\/v2\/product\/16987","targetHints":{"allow":["GET"]}}],"collection":[{"href":"https:\/\/tzila.mx\/dev\/wp-json\/wp\/v2\/product"}],"about":[{"href":"https:\/\/tzila.mx\/dev\/wp-json\/wp\/v2\/types\/product"}],"replies":[{"embeddable":true,"href":"https:\/\/tzila.mx\/dev\/wp-json\/wp\/v2\/comments?post=16987"}],"version-history":[{"count":8,"href":"https:\/\/tzila.mx\/dev\/wp-json\/wp\/v2\/product\/16987\/revisions"}],"predecessor-version":[{"id":17006,"href":"https:\/\/tzila.mx\/dev\/wp-json\/wp\/v2\/product\/16987\/revisions\/17006"}],"wp:featuredmedia":[{"embeddable":true,"href":"https:\/\/tzila.mx\/dev\/wp-json\/wp\/v2\/media\/16989"}],"wp:attachment":[{"href":"https:\/\/tzila.mx\/dev\/wp-json\/wp\/v2\/media?parent=16987"}],"wp:term":[{"taxonomy":"product_cat","embeddable":true,"href":"https:\/\/tzila.mx\/dev\/wp-json\/wp\/v2\/product_cat?post=16987"},{"taxonomy":"product_tag","embeddable":true,"href":"https:\/\/tzila.mx\/dev\/wp-json\/wp\/v2\/product_tag?post=16987"}],"curies":[{"name":"wp","href":"https:\/\/api.w.org\/{rel}","templated":true}]}}