{"id":16405,"date":"2022-06-16T21:18:33","date_gmt":"2022-06-17T02:18:33","guid":{"rendered":"https:\/\/tzila.mx\/dev\/?post_type=product&#038;p=16405"},"modified":"2022-06-29T11:34:16","modified_gmt":"2022-06-29T16:34:16","slug":"kit-teclado-mouse-cooler-master-ms111","status":"publish","type":"product","link":"https:\/\/tzila.mx\/dev\/producto\/kit-teclado-mouse-cooler-master-ms111\/","title":{"rendered":"Kit Teclado\/Mouse COOLER MASTER MS111"},"content":{"rendered":"\t\t<div data-elementor-type=\"wp-post\" data-elementor-id=\"16405\" class=\"elementor elementor-16405\" data-elementor-settings=\"[]\">\n\t\t\t\t\t\t\t<div class=\"elementor-section-wrap\">\n\t\t\t\t\t\t\t<section class=\"elementor-section elementor-top-section elementor-element elementor-element-154fe09 elementor-section-boxed elementor-section-height-default elementor-section-height-default wd-section-disabled\" data-id=\"154fe09\" data-element_type=\"section\">\n\t\t\t\t\t\t<div class=\"elementor-container elementor-column-gap-default\">\n\t\t\t\t\t<div class=\"elementor-column elementor-col-33 elementor-top-column elementor-element elementor-element-f14913d\" data-id=\"f14913d\" data-element_type=\"column\">\n\t\t\t<div class=\"elementor-widget-wrap elementor-element-populated\">\n\t\t\t\t\t\t\t\t<div class=\"elementor-element elementor-element-3d30eaf elementor-widget elementor-widget-wd_text_block\" data-id=\"3d30eaf\" data-element_type=\"widget\" data-widget_type=\"wd_text_block.default\">\n\t\t\t\t<div class=\"elementor-widget-container\">\n\t\t\t\t\t<div class=\"wd-text-block reset-last-child text-left\">\n\t\t\t\n\t\t\t<h5><strong>CARACTER\u00cdSTICAS GENERALE<\/strong><strong>S<\/strong><strong>:<\/strong><\/h5>\n\t\t\t\t\t<\/div>\n\t\t\t\t<\/div>\n\t\t\t\t<\/div>\n\t\t\t\t<div class=\"elementor-element elementor-element-6d44079 elementor-widget elementor-widget-wd_text_block\" data-id=\"6d44079\" data-element_type=\"widget\" data-widget_type=\"wd_text_block.default\">\n\t\t\t\t<div class=\"elementor-widget-container\">\n\t\t\t\t\t<div class=\"wd-text-block reset-last-child text-left\">\n\t\t\t\n\t\t\t<p>\u25cf Interruptores exclusivos de mem-chanical lineales h\u00edbridos <br \/>\u25cf Control a bordo y anti-fantasma de 26 teclas<br \/>\u25cf Rat\u00f3n para juegos para mejorar tu juego<br \/>\u25cf Buen aspecto cl\u00e1sico<\/p>\n\t\t\t\t\t<\/div>\n\t\t\t\t<\/div>\n\t\t\t\t<\/div>\n\t\t\t\t\t<\/div>\n\t\t<\/div>\n\t\t\t\t<div class=\"elementor-column elementor-col-66 elementor-top-column elementor-element elementor-element-1a0b71f\" data-id=\"1a0b71f\" data-element_type=\"column\">\n\t\t\t<div class=\"elementor-widget-wrap elementor-element-populated\">\n\t\t\t\t\t\t\t\t<div class=\"elementor-element elementor-element-6f6445b elementor-widget elementor-widget-wd_image_or_svg\" data-id=\"6f6445b\" data-element_type=\"widget\" data-widget_type=\"wd_image_or_svg.default\">\n\t\t\t\t<div class=\"elementor-widget-container\">\n\t\t\t\n\t\t<div class=\"wd-image text-center\">\n\t\t\t\t\t\t\t\t<img loading=\"lazy\" decoding=\"async\" width=\"1920\" height=\"850\" src=\"https:\/\/tzila.mx\/dev\/wp-content\/uploads\/2022\/06\/MS-111-KKMF1-LS-DES-1.png\" class=\"attachment-full size-full\" alt=\"\" srcset=\"https:\/\/tzila.mx\/dev\/wp-content\/uploads\/2022\/06\/MS-111-KKMF1-LS-DES-1.png 1920w, https:\/\/tzila.mx\/dev\/wp-content\/uploads\/2022\/06\/MS-111-KKMF1-LS-DES-1-400x177.png 400w, https:\/\/tzila.mx\/dev\/wp-content\/uploads\/2022\/06\/MS-111-KKMF1-LS-DES-1-1300x576.png 1300w, https:\/\/tzila.mx\/dev\/wp-content\/uploads\/2022\/06\/MS-111-KKMF1-LS-DES-1-768x340.png 768w, https:\/\/tzila.mx\/dev\/wp-content\/uploads\/2022\/06\/MS-111-KKMF1-LS-DES-1-1536x680.png 1536w, https:\/\/tzila.mx\/dev\/wp-content\/uploads\/2022\/06\/MS-111-KKMF1-LS-DES-1-860x381.png 860w, https:\/\/tzila.mx\/dev\/wp-content\/uploads\/2022\/06\/MS-111-KKMF1-LS-DES-1-1320x584.png 1320w, https:\/\/tzila.mx\/dev\/wp-content\/uploads\/2022\/06\/MS-111-KKMF1-LS-DES-1-430x190.png 430w, https:\/\/tzila.mx\/dev\/wp-content\/uploads\/2022\/06\/MS-111-KKMF1-LS-DES-1-700x310.png 700w, https:\/\/tzila.mx\/dev\/wp-content\/uploads\/2022\/06\/MS-111-KKMF1-LS-DES-1-150x66.png 150w\" sizes=\"auto, (max-width: 1920px) 100vw, 1920px\" \/>\t\t\t\t\t<\/div>\n\n\t\t\t\t<\/div>\n\t\t\t\t<\/div>\n\t\t\t\t\t<\/div>\n\t\t<\/div>\n\t\t\t\t\t\t\t<\/div>\n\t\t<\/section>\n\t\t\t\t<section class=\"elementor-section elementor-top-section elementor-element elementor-element-f335c48 elementor-section-boxed elementor-section-height-default elementor-section-height-default wd-section-disabled\" data-id=\"f335c48\" data-element_type=\"section\">\n\t\t\t\t\t\t<div class=\"elementor-container elementor-column-gap-default\">\n\t\t\t\t\t<div class=\"elementor-column elementor-col-33 elementor-top-column elementor-element elementor-element-b982906\" data-id=\"b982906\" data-element_type=\"column\">\n\t\t\t<div class=\"elementor-widget-wrap elementor-element-populated\">\n\t\t\t\t\t\t\t\t<div class=\"elementor-element elementor-element-ecdf1c9 elementor-widget elementor-widget-wd_text_block\" data-id=\"ecdf1c9\" data-element_type=\"widget\" data-widget_type=\"wd_text_block.default\">\n\t\t\t\t<div class=\"elementor-widget-container\">\n\t\t\t\t\t<div class=\"wd-text-block reset-last-child text-left\">\n\t\t\t\n\t\t\t<h4>Prep\u00e1rate para el combate<\/h4><p>El MS111 es un conjunto combinado con todas las funciones dise\u00f1adas para el \u00e9xito en los juegos. El teclado tiene las caracter\u00edsticas distintivas de Cooler Master, con interruptores exclusivos Mem-chanical lineales para una mayor capacidad de respuesta que las teclas de membrana normales. Agregue un mouse tambi\u00e9n engalanado con sensor de precisi\u00f3n, botones laterales y ajustes preestablecidos de DPI, el MS111 es pura funci\u00f3n y delicadeza que est\u00e1 ah\u00ed para usted cuando m\u00e1s lo necesita.<\/p>\n\t\t\t\t\t<\/div>\n\t\t\t\t<\/div>\n\t\t\t\t<\/div>\n\t\t\t\t<div class=\"elementor-element elementor-element-1ce2802 elementor-hidden-desktop elementor-hidden-tablet elementor-hidden-mobile elementor-widget elementor-widget-wd_image_or_svg\" data-id=\"1ce2802\" data-element_type=\"widget\" data-widget_type=\"wd_image_or_svg.default\">\n\t\t\t\t<div class=\"elementor-widget-container\">\n\t\t\t\n\t\t<div class=\"wd-image text-left\">\n\t\t\t\t\t\t\t\t<img loading=\"lazy\" decoding=\"async\" width=\"1920\" height=\"680\" src=\"https:\/\/tzila.mx\/dev\/wp-content\/uploads\/2022\/06\/MS-111-KKMF1-LS-DES-4.png\" class=\"attachment-full size-full\" alt=\"\" srcset=\"https:\/\/tzila.mx\/dev\/wp-content\/uploads\/2022\/06\/MS-111-KKMF1-LS-DES-4.png 1920w, https:\/\/tzila.mx\/dev\/wp-content\/uploads\/2022\/06\/MS-111-KKMF1-LS-DES-4-400x142.png 400w, https:\/\/tzila.mx\/dev\/wp-content\/uploads\/2022\/06\/MS-111-KKMF1-LS-DES-4-1300x460.png 1300w, https:\/\/tzila.mx\/dev\/wp-content\/uploads\/2022\/06\/MS-111-KKMF1-LS-DES-4-768x272.png 768w, https:\/\/tzila.mx\/dev\/wp-content\/uploads\/2022\/06\/MS-111-KKMF1-LS-DES-4-1536x544.png 1536w, https:\/\/tzila.mx\/dev\/wp-content\/uploads\/2022\/06\/MS-111-KKMF1-LS-DES-4-860x305.png 860w, https:\/\/tzila.mx\/dev\/wp-content\/uploads\/2022\/06\/MS-111-KKMF1-LS-DES-4-1320x468.png 1320w, https:\/\/tzila.mx\/dev\/wp-content\/uploads\/2022\/06\/MS-111-KKMF1-LS-DES-4-430x152.png 430w, https:\/\/tzila.mx\/dev\/wp-content\/uploads\/2022\/06\/MS-111-KKMF1-LS-DES-4-700x248.png 700w, https:\/\/tzila.mx\/dev\/wp-content\/uploads\/2022\/06\/MS-111-KKMF1-LS-DES-4-150x53.png 150w\" sizes=\"auto, (max-width: 1920px) 100vw, 1920px\" \/>\t\t\t\t\t<\/div>\n\n\t\t\t\t<\/div>\n\t\t\t\t<\/div>\n\t\t\t\t<div class=\"elementor-element elementor-element-92b92dc elementor-widget elementor-widget-wd_text_block\" data-id=\"92b92dc\" data-element_type=\"widget\" data-widget_type=\"wd_text_block.default\">\n\t\t\t\t<div class=\"elementor-widget-container\">\n\t\t\t\t\t<div class=\"wd-text-block reset-last-child text-left\">\n\t\t\t\n\t\t\t<h4>Interruptores exclusivos de mem-chanical lineales h\u00edbridos<\/h4><p>Equipado con nuestros interruptores h\u00edbridos exclusivos y dise\u00f1ados internamente para mejorar su rendimiento en el juego, el MS111 cuenta con interruptores lineales especialmente dise\u00f1ados, similares a los que se encuentran en los teclados mec\u00e1nicos de nivel profesional. El resultado es un teclado de membrana afinado para ayudarte a ganar todas tus batallas.<\/p>\n\t\t\t\t\t<\/div>\n\t\t\t\t<\/div>\n\t\t\t\t<\/div>\n\t\t\t\t\t<\/div>\n\t\t<\/div>\n\t\t\t\t<div class=\"elementor-column elementor-col-33 elementor-top-column elementor-element elementor-element-efcf9f4\" data-id=\"efcf9f4\" data-element_type=\"column\">\n\t\t\t<div class=\"elementor-widget-wrap elementor-element-populated\">\n\t\t\t\t\t\t\t\t<div class=\"elementor-element elementor-element-a119555 elementor-widget elementor-widget-wd_text_block\" data-id=\"a119555\" data-element_type=\"widget\" data-widget_type=\"wd_text_block.default\">\n\t\t\t\t<div class=\"elementor-widget-container\">\n\t\t\t\t\t<div class=\"wd-text-block reset-last-child text-left\">\n\t\t\t\n\t\t\t<h4>Control a bordo y anti-fantasma de 26 teclas<\/h4><p>No hay necesidad de preocuparse por si su teclado puede mantener el ritmo: el MS111 lo ofrece todo. Anti-ghosting de 26 teclas, bloqueo de ventanas para mantenerte en el juego y control multimedia a trav\u00e9s de la funci\u00f3n resulta en funcionalidad y conveniencia, todo en uno.<\/p>\n\t\t\t\t\t<\/div>\n\t\t\t\t<\/div>\n\t\t\t\t<\/div>\n\t\t\t\t<div class=\"elementor-element elementor-element-bbd8d0c elementor-widget elementor-widget-wd_image_or_svg\" data-id=\"bbd8d0c\" data-element_type=\"widget\" data-widget_type=\"wd_image_or_svg.default\">\n\t\t\t\t<div class=\"elementor-widget-container\">\n\t\t\t\n\t\t<div class=\"wd-image text-left\">\n\t\t\t\t\t\t\t\t<img loading=\"lazy\" decoding=\"async\" width=\"1920\" height=\"680\" src=\"https:\/\/tzila.mx\/dev\/wp-content\/uploads\/2022\/06\/MS-111-KKMF1-LS-DES-3.png\" class=\"attachment-full size-full\" alt=\"\" srcset=\"https:\/\/tzila.mx\/dev\/wp-content\/uploads\/2022\/06\/MS-111-KKMF1-LS-DES-3.png 1920w, https:\/\/tzila.mx\/dev\/wp-content\/uploads\/2022\/06\/MS-111-KKMF1-LS-DES-3-400x142.png 400w, https:\/\/tzila.mx\/dev\/wp-content\/uploads\/2022\/06\/MS-111-KKMF1-LS-DES-3-1300x460.png 1300w, https:\/\/tzila.mx\/dev\/wp-content\/uploads\/2022\/06\/MS-111-KKMF1-LS-DES-3-768x272.png 768w, https:\/\/tzila.mx\/dev\/wp-content\/uploads\/2022\/06\/MS-111-KKMF1-LS-DES-3-1536x544.png 1536w, https:\/\/tzila.mx\/dev\/wp-content\/uploads\/2022\/06\/MS-111-KKMF1-LS-DES-3-860x305.png 860w, https:\/\/tzila.mx\/dev\/wp-content\/uploads\/2022\/06\/MS-111-KKMF1-LS-DES-3-1320x468.png 1320w, https:\/\/tzila.mx\/dev\/wp-content\/uploads\/2022\/06\/MS-111-KKMF1-LS-DES-3-430x152.png 430w, https:\/\/tzila.mx\/dev\/wp-content\/uploads\/2022\/06\/MS-111-KKMF1-LS-DES-3-700x248.png 700w, https:\/\/tzila.mx\/dev\/wp-content\/uploads\/2022\/06\/MS-111-KKMF1-LS-DES-3-150x53.png 150w\" sizes=\"auto, (max-width: 1920px) 100vw, 1920px\" \/>\t\t\t\t\t<\/div>\n\n\t\t\t\t<\/div>\n\t\t\t\t<\/div>\n\t\t\t\t<div class=\"elementor-element elementor-element-cdd3c38 elementor-widget elementor-widget-wd_text_block\" data-id=\"cdd3c38\" data-element_type=\"widget\" data-widget_type=\"wd_text_block.default\">\n\t\t\t\t<div class=\"elementor-widget-container\">\n\t\t\t\t\t<div class=\"wd-text-block reset-last-child text-left\">\n\t\t\t\n\t\t\t<p>Raton para juegos para mejorar tu juego<\/p><p>El mouse para juegos MS111 est\u00e1 dise\u00f1ado para brindarle el m\u00e1ximo rendimiento sin el impacto premium en su billetera. Un sensor \u00f3ptico Pixart de calidad profesional se puede ajustar hasta 3500 DPI para adaptarse a su juego y estilo de juego, mientras que una forma ambidiestra optimizada para diestros asegura que tendr\u00e1 la resistencia para durar toda la batalla.<\/p>\n\t\t\t\t\t<\/div>\n\t\t\t\t<\/div>\n\t\t\t\t<\/div>\n\t\t\t\t\t<\/div>\n\t\t<\/div>\n\t\t\t\t<div class=\"elementor-column elementor-col-33 elementor-top-column elementor-element elementor-element-dffdc91\" data-id=\"dffdc91\" data-element_type=\"column\">\n\t\t\t<div class=\"elementor-widget-wrap elementor-element-populated\">\n\t\t\t\t\t\t\t\t<div class=\"elementor-element elementor-element-f4bb4cf elementor-widget elementor-widget-wd_text_block\" data-id=\"f4bb4cf\" data-element_type=\"widget\" data-widget_type=\"wd_text_block.default\">\n\t\t\t\t<div class=\"elementor-widget-container\">\n\t\t\t\t\t<div class=\"wd-text-block reset-last-child text-left\">\n\t\t\t\n\t\t\t<h4>Buen aspecto cl\u00e1sico<\/h4><p>El hecho de que no sea demasiado llamativo no significa que tenga que verso feo. El MS111 tiene un teclado con un elegante dise\u00f1o de tecla flotante para una apariencia atemporal, e iluminaci\u00f3n RGB de 6 zonas y RGB de 2 zonas para el teclado y el mouse, respectivamente, para un espect\u00e1culo de luces de victoria personalizado.<\/p>\n\t\t\t\t\t<\/div>\n\t\t\t\t<\/div>\n\t\t\t\t<\/div>\n\t\t\t\t<div class=\"elementor-element elementor-element-0d4bb33 elementor-widget elementor-widget-wd_image_or_svg\" data-id=\"0d4bb33\" data-element_type=\"widget\" data-widget_type=\"wd_image_or_svg.default\">\n\t\t\t\t<div class=\"elementor-widget-container\">\n\t\t\t\n\t\t<div class=\"wd-image text-left\">\n\t\t\t\t\t\t\t\t<img decoding=\"async\" src=\"https:\/\/tzila.mx\/dev\/wp-content\/uploads\/elementor\/thumbs\/MS-111-KKMF1-LS-DES-2-pqfe0uxmd9mnj1n0xmwdehps6d93nv9hej549a4e60.png\" title=\"MS-111-KKMF1-LS-DES-2\" alt=\"MS-111-KKMF1-LS-DES-2\" \/>\t\t\t\t\t<\/div>\n\n\t\t\t\t<\/div>\n\t\t\t\t<\/div>\n\t\t\t\t<div class=\"elementor-element elementor-element-aa5899a elementor-widget elementor-widget-wd_button\" data-id=\"aa5899a\" data-element_type=\"widget\" data-widget_type=\"wd_button.default\">\n\t\t\t\t<div class=\"elementor-widget-container\">\n\t\t\t\t\t<div class=\"wd-button-wrapper text-center\" >\n\t\t\t<a class=\"btn btn-style-link btn-shape- btn-size-default btn-scheme-light btn-scheme-hover-dark btn-icon-pos-right\"  href=\"https:\/\/coolermaster.egnyte.com\/dl\/4Yv1tsF10M\" target=\"_blank\">\n\t\t\t\t<span class=\"wd-btn-text\" data-elementor-setting-key=\"text\">\n\t\t\t\t\tSABER M\u00c1S\t\t\t\t<\/span>\n\n\t\t\t\t\t\t\t<\/a>\n\t\t<\/div>\n\t\t\t\t<\/div>\n\t\t\t\t<\/div>\n\t\t\t\t\t<\/div>\n\t\t<\/div>\n\t\t\t\t\t\t\t<\/div>\n\t\t<\/section>\n\t\t\t\t\t\t<\/div>\n\t\t\t\t\t<\/div>\n\t\t","protected":false},"excerpt":{"rendered":"<h4>Caracter\u00edsticas principales:<\/h4>\n<p><strong>Mouse<\/strong><br \/>\n\u25cf Ergon\u00f3mico<br \/>\n\u25cf Al\u00e1mbrico USB 1.0<br \/>\n\u25cf Ultraplano<br \/>\n<span class=\"s1\">\u25cf Resoluci\u00f3n de hasta 3500<\/span><span class=\"ItemNumber\"> dpi<\/span><br \/>\n<span class=\"s1\">\u25cf Sensor de precisi\u00f3n<\/span><\/p>\n<p><strong>Teclado<\/strong><br \/>\n\u25cf Al\u00e1mbrico USB 1.1<br \/>\n\u25cf Interruptores Mem-chanical<br \/>\n<span class=\"s1\">\u25cf 6 opciones de LED diferentes<\/span><\/p>\n","protected":false},"featured_media":16407,"comment_status":"open","ping_status":"closed","template":"","meta":[],"product_cat":[28,80,102],"product_tag":[250],"class_list":["post-16405","product","type-product","status-publish","has-post-thumbnail","hentry","product_cat-setup","product_cat-kit-teclado-mouse","product_cat-cooler-master","product_tag-cooler-master","pa_brand-cooler-master"],"_links":{"self":[{"href":"https:\/\/tzila.mx\/dev\/wp-json\/wp\/v2\/product\/16405","targetHints":{"allow":["GET"]}}],"collection":[{"href":"https:\/\/tzila.mx\/dev\/wp-json\/wp\/v2\/product"}],"about":[{"href":"https:\/\/tzila.mx\/dev\/wp-json\/wp\/v2\/types\/product"}],"replies":[{"embeddable":true,"href":"https:\/\/tzila.mx\/dev\/wp-json\/wp\/v2\/comments?post=16405"}],"version-history":[{"count":10,"href":"https:\/\/tzila.mx\/dev\/wp-json\/wp\/v2\/product\/16405\/revisions"}],"predecessor-version":[{"id":16425,"href":"https:\/\/tzila.mx\/dev\/wp-json\/wp\/v2\/product\/16405\/revisions\/16425"}],"wp:featuredmedia":[{"embeddable":true,"href":"https:\/\/tzila.mx\/dev\/wp-json\/wp\/v2\/media\/16407"}],"wp:attachment":[{"href":"https:\/\/tzila.mx\/dev\/wp-json\/wp\/v2\/media?parent=16405"}],"wp:term":[{"taxonomy":"product_cat","embeddable":true,"href":"https:\/\/tzila.mx\/dev\/wp-json\/wp\/v2\/product_cat?post=16405"},{"taxonomy":"product_tag","embeddable":true,"href":"https:\/\/tzila.mx\/dev\/wp-json\/wp\/v2\/product_tag?post=16405"}],"curies":[{"name":"wp","href":"https:\/\/api.w.org\/{rel}","templated":true}]}}