{"id":16036,"date":"2022-06-15T14:21:08","date_gmt":"2022-06-15T19:21:08","guid":{"rendered":"https:\/\/tzila.mx\/dev\/?post_type=product&#038;p=16036"},"modified":"2022-06-29T11:35:11","modified_gmt":"2022-06-29T16:35:11","slug":"memoria-ram-xpg-hunter-ddr5-5200mhz","status":"publish","type":"product","link":"https:\/\/tzila.mx\/dev\/producto\/memoria-ram-xpg-hunter-ddr5-5200mhz\/","title":{"rendered":"Memoria RAM XPG HUNTER DDR5 5200MHz"},"content":{"rendered":"\t\t<div data-elementor-type=\"wp-post\" data-elementor-id=\"16036\" class=\"elementor elementor-16036\" data-elementor-settings=\"[]\">\n\t\t\t\t\t\t\t<div class=\"elementor-section-wrap\">\n\t\t\t\t\t\t\t<section class=\"elementor-section elementor-top-section elementor-element elementor-element-154fe09 elementor-section-boxed elementor-section-height-default elementor-section-height-default wd-section-disabled\" data-id=\"154fe09\" data-element_type=\"section\">\n\t\t\t\t\t\t<div class=\"elementor-container elementor-column-gap-default\">\n\t\t\t\t\t<div class=\"elementor-column elementor-col-33 elementor-top-column elementor-element elementor-element-f14913d\" data-id=\"f14913d\" data-element_type=\"column\">\n\t\t\t<div class=\"elementor-widget-wrap elementor-element-populated\">\n\t\t\t\t\t\t\t\t<div class=\"elementor-element elementor-element-3d30eaf elementor-widget elementor-widget-wd_text_block\" data-id=\"3d30eaf\" data-element_type=\"widget\" data-widget_type=\"wd_text_block.default\">\n\t\t\t\t<div class=\"elementor-widget-container\">\n\t\t\t\t\t<div class=\"wd-text-block reset-last-child text-left\">\n\t\t\t\n\t\t\t<h5><strong>M\u00c1S ESPECIFICACIONES<\/strong><strong>:<\/strong><\/h5>\n\t\t\t\t\t<\/div>\n\t\t\t\t<\/div>\n\t\t\t\t<\/div>\n\t\t\t\t<div class=\"elementor-element elementor-element-6d44079 elementor-widget elementor-widget-wd_text_block\" data-id=\"6d44079\" data-element_type=\"widget\" data-widget_type=\"wd_text_block.default\">\n\t\t\t\t<div class=\"elementor-widget-container\">\n\t\t\t\t\t<div class=\"wd-text-block reset-last-child text-left\">\n\t\t\t\n\t\t\t<section class=\"ksp-content darkdeep\" data-v-0a029c9c=\"\"><p>\u25cf Nuevo punto de referencia de velocidad para la memoria de juegos<br \/>\u25cf PMIC para la estabilidad de la fuente de alimentaci\u00f3n<br \/>\u25cf Correcci\u00f3n de errores ECC en matriz<br \/>\u25cf Admite Intel<sup>\u00ae<\/sup> XMP 3.0 para un overclocking sencillo<\/p><\/section>\n\t\t\t\t\t<\/div>\n\t\t\t\t<\/div>\n\t\t\t\t<\/div>\n\t\t\t\t\t<\/div>\n\t\t<\/div>\n\t\t\t\t<div class=\"elementor-column elementor-col-66 elementor-top-column elementor-element elementor-element-1a0b71f\" data-id=\"1a0b71f\" data-element_type=\"column\">\n\t\t\t<div class=\"elementor-widget-wrap elementor-element-populated\">\n\t\t\t\t\t\t\t\t<div class=\"elementor-element elementor-element-6f6445b elementor-widget elementor-widget-wd_image_or_svg\" data-id=\"6f6445b\" data-element_type=\"widget\" data-widget_type=\"wd_image_or_svg.default\">\n\t\t\t\t<div class=\"elementor-widget-container\">\n\t\t\t\n\t\t<div class=\"wd-image text-center\">\n\t\t\t\t\t\t\t\t<img decoding=\"async\" src=\"https:\/\/tzila.mx\/dev\/wp-content\/uploads\/elementor\/thumbs\/AX5U5200C3816G-SHTBK-DES-2-pqd59i8xibkf54ff4kr5qes9tkmyhi8ns5fiwcihx8.png\" title=\"AX5U5200C3816G-SHTBK-DES-2\" alt=\"AX5U5200C3816G-SHTBK-DES-2\" \/>\t\t\t\t\t<\/div>\n\n\t\t\t\t<\/div>\n\t\t\t\t<\/div>\n\t\t\t\t\t<\/div>\n\t\t<\/div>\n\t\t\t\t\t\t\t<\/div>\n\t\t<\/section>\n\t\t\t\t<section class=\"elementor-section elementor-top-section elementor-element elementor-element-f335c48 elementor-section-boxed elementor-section-height-default elementor-section-height-default wd-section-disabled\" data-id=\"f335c48\" data-element_type=\"section\">\n\t\t\t\t\t\t<div class=\"elementor-container elementor-column-gap-default\">\n\t\t\t\t\t<div class=\"elementor-column elementor-col-33 elementor-top-column elementor-element elementor-element-dffdc91\" data-id=\"dffdc91\" data-element_type=\"column\">\n\t\t\t<div class=\"elementor-widget-wrap elementor-element-populated\">\n\t\t\t\t\t\t\t\t<div class=\"elementor-element elementor-element-9ce59d9 elementor-widget elementor-widget-wd_text_block\" data-id=\"9ce59d9\" data-element_type=\"widget\" data-widget_type=\"wd_text_block.default\">\n\t\t\t\t<div class=\"elementor-widget-container\">\n\t\t\t\t\t<div class=\"wd-text-block reset-last-child text-left\">\n\t\t\t\n\t\t\t<div class=\"row-content\" data-v-4a3cc608=\"\"><h4>Un nuevo punto de referencia de velocidad en la memoria para gaming<\/h4><article data-v-4a3cc608=\"\"><p>El XPG HUNTER marca el comienzo de la era DDR5 para la memoria para gaming. Alcanzando frecuencias de hasta 5200MT\/s, dar\u00e1 un gran impulso de rendimiento para gaming y overclocking.<\/p><\/article><\/div>\n\t\t\t\t\t<\/div>\n\t\t\t\t<\/div>\n\t\t\t\t<\/div>\n\t\t\t\t<div class=\"elementor-element elementor-element-f07e35d elementor-widget elementor-widget-wd_text_block\" data-id=\"f07e35d\" data-element_type=\"widget\" data-widget_type=\"wd_text_block.default\">\n\t\t\t\t<div class=\"elementor-widget-container\">\n\t\t\t\t\t<div class=\"wd-text-block reset-last-child text-left\">\n\t\t\t\n\t\t\t<div class=\"row-content r-side\" data-v-4a3cc608=\"\"><div class=\"row-content r-side\" data-v-4a3cc608=\"\"><h4>Administraci\u00f3n de energ\u00eda mejorada<\/h4><article data-v-4a3cc608=\"\"><p>El XPG HUNTER DDR5 cuenta con un IC de administraci\u00f3n de energ\u00eda (PMIC) integrado que mejora la estabilidad de la fuente de alimentaci\u00f3n. Su voltaje de funcionamiento m\u00e1s bajo tambi\u00e9n hace que HUNTER sea m\u00e1s eficiente energ\u00e9ticamente que DDR4.<\/p><\/article><\/div><\/div>\n\t\t\t\t\t<\/div>\n\t\t\t\t<\/div>\n\t\t\t\t<\/div>\n\t\t\t\t<div class=\"elementor-element elementor-element-39a7d6b elementor-widget elementor-widget-wd_image_or_svg\" data-id=\"39a7d6b\" data-element_type=\"widget\" data-widget_type=\"wd_image_or_svg.default\">\n\t\t\t\t<div class=\"elementor-widget-container\">\n\t\t\t\n\t\t<div class=\"wd-image text-left\">\n\t\t\t\t\t\t\t\t<img loading=\"lazy\" decoding=\"async\" width=\"731\" height=\"420\" src=\"https:\/\/tzila.mx\/dev\/wp-content\/uploads\/2022\/06\/AX5U5200C3816G-SHTBK-DES-1.png\" class=\"attachment-full size-full\" alt=\"\" srcset=\"https:\/\/tzila.mx\/dev\/wp-content\/uploads\/2022\/06\/AX5U5200C3816G-SHTBK-DES-1.png 731w, https:\/\/tzila.mx\/dev\/wp-content\/uploads\/2022\/06\/AX5U5200C3816G-SHTBK-DES-1-400x230.png 400w, https:\/\/tzila.mx\/dev\/wp-content\/uploads\/2022\/06\/AX5U5200C3816G-SHTBK-DES-1-430x247.png 430w, https:\/\/tzila.mx\/dev\/wp-content\/uploads\/2022\/06\/AX5U5200C3816G-SHTBK-DES-1-700x402.png 700w, https:\/\/tzila.mx\/dev\/wp-content\/uploads\/2022\/06\/AX5U5200C3816G-SHTBK-DES-1-150x86.png 150w\" sizes=\"auto, (max-width: 731px) 100vw, 731px\" \/>\t\t\t\t\t<\/div>\n\n\t\t\t\t<\/div>\n\t\t\t\t<\/div>\n\t\t\t\t<div class=\"elementor-element elementor-element-2a6ed12 elementor-widget elementor-widget-wd_text_block\" data-id=\"2a6ed12\" data-element_type=\"widget\" data-widget_type=\"wd_text_block.default\">\n\t\t\t\t<div class=\"elementor-widget-container\">\n\t\t\t\t\t<div class=\"wd-text-block reset-last-child text-left\">\n\t\t\t\n\t\t\t<div class=\"row-content\" data-v-4a3cc608=\"\"><h4>Estabilidad y fiabilidad<\/h4><article data-v-4a3cc608=\"\"><p>Con el c\u00f3digo de correcci\u00f3n de errores en la matriz (ECC), este m\u00f3dulo de memoria DDR5 puede corregir errores en tiempo real para proporcionar mayor estabilidad y confiabilidad.<\/p><\/article><\/div>\n\t\t\t\t\t<\/div>\n\t\t\t\t<\/div>\n\t\t\t\t<\/div>\n\t\t\t\t\t<\/div>\n\t\t<\/div>\n\t\t\t\t<div class=\"elementor-column elementor-col-33 elementor-top-column elementor-element elementor-element-f9a4072\" data-id=\"f9a4072\" data-element_type=\"column\">\n\t\t\t<div class=\"elementor-widget-wrap elementor-element-populated\">\n\t\t\t\t\t\t\t\t<div class=\"elementor-element elementor-element-92b1743 elementor-widget elementor-widget-wd_text_block\" data-id=\"92b1743\" data-element_type=\"widget\" data-widget_type=\"wd_text_block.default\">\n\t\t\t\t<div class=\"elementor-widget-container\">\n\t\t\t\t\t<div class=\"wd-text-block reset-last-child text-left\">\n\t\t\t\n\t\t\t<div class=\"row-content r-side\" data-v-4a3cc608=\"\"><div class=\"row-content r-side\" data-v-4a3cc608=\"\"><h4>El overclocking f\u00e1cil<\/h4><article data-v-4a3cc608=\"\"><p>Con soporte para Intel XMP 3.0, obtenga overclocking f\u00e1cilmente sin necesidad de tener que complicarse constantemente con la configuraci\u00f3n de la BIOS y los par\u00e1metros de overclocking.<\/p><\/article><\/div><\/div>\n\t\t\t\t\t<\/div>\n\t\t\t\t<\/div>\n\t\t\t\t<\/div>\n\t\t\t\t<div class=\"elementor-element elementor-element-4855378 elementor-widget elementor-widget-wd_image_or_svg\" data-id=\"4855378\" data-element_type=\"widget\" data-widget_type=\"wd_image_or_svg.default\">\n\t\t\t\t<div class=\"elementor-widget-container\">\n\t\t\t\n\t\t<div class=\"wd-image text-left\">\n\t\t\t\t\t\t\t\t<img loading=\"lazy\" decoding=\"async\" width=\"731\" height=\"421\" src=\"https:\/\/tzila.mx\/dev\/wp-content\/uploads\/2022\/06\/AX5U5200C3816G-SHTBK-DES-4.png\" class=\"attachment-full size-full\" alt=\"\" srcset=\"https:\/\/tzila.mx\/dev\/wp-content\/uploads\/2022\/06\/AX5U5200C3816G-SHTBK-DES-4.png 731w, https:\/\/tzila.mx\/dev\/wp-content\/uploads\/2022\/06\/AX5U5200C3816G-SHTBK-DES-4-400x230.png 400w, https:\/\/tzila.mx\/dev\/wp-content\/uploads\/2022\/06\/AX5U5200C3816G-SHTBK-DES-4-430x248.png 430w, https:\/\/tzila.mx\/dev\/wp-content\/uploads\/2022\/06\/AX5U5200C3816G-SHTBK-DES-4-700x403.png 700w, https:\/\/tzila.mx\/dev\/wp-content\/uploads\/2022\/06\/AX5U5200C3816G-SHTBK-DES-4-150x86.png 150w\" sizes=\"auto, (max-width: 731px) 100vw, 731px\" \/>\t\t\t\t\t<\/div>\n\n\t\t\t\t<\/div>\n\t\t\t\t<\/div>\n\t\t\t\t<div class=\"elementor-element elementor-element-6b4ebf6 elementor-widget elementor-widget-wd_text_block\" data-id=\"6b4ebf6\" data-element_type=\"widget\" data-widget_type=\"wd_text_block.default\">\n\t\t\t\t<div class=\"elementor-widget-container\">\n\t\t\t\t\t<div class=\"wd-text-block reset-last-child text-left\">\n\t\t\t\n\t\t\t<div class=\"row-content r-side\" data-v-4a3cc608=\"\"><div class=\"row-content r-side\" data-v-4a3cc608=\"\"><h4>Consejos r\u00e1pidos: DDR5 vs DDR4 - Aspecto<\/h4><article data-v-4a3cc608=\"\"><p>Los m\u00f3dulos DDR5 U-DIMM tienen las mismas dimensiones y n\u00famero de clavijas que los m\u00f3dulos DDR4. La diferencia m\u00e1s obvia es la posici\u00f3n de la muesca a toda prueba. Adem\u00e1s, DDR5 integra resistores de E\/S con resistores CMD\/ADD. Adem\u00e1s, la apariencia de los m\u00f3dulos DDR5 es m\u00e1s limpia que la de DDR4. Adem\u00e1s, puede ver un PMIC en el centro.<\/p><\/article><\/div><\/div>\n\t\t\t\t\t<\/div>\n\t\t\t\t<\/div>\n\t\t\t\t<\/div>\n\t\t\t\t<div class=\"elementor-element elementor-element-1628fa1 elementor-widget elementor-widget-wd_image_or_svg\" data-id=\"1628fa1\" data-element_type=\"widget\" data-widget_type=\"wd_image_or_svg.default\">\n\t\t\t\t<div class=\"elementor-widget-container\">\n\t\t\t\n\t\t<div class=\"wd-image text-left\">\n\t\t\t\t\t\t\t\t<img loading=\"lazy\" decoding=\"async\" width=\"565\" height=\"401\" src=\"https:\/\/tzila.mx\/dev\/wp-content\/uploads\/2022\/06\/AX5U5200C3816G-SHTBK-DES-3.png\" class=\"attachment-full size-full\" alt=\"\" srcset=\"https:\/\/tzila.mx\/dev\/wp-content\/uploads\/2022\/06\/AX5U5200C3816G-SHTBK-DES-3.png 565w, https:\/\/tzila.mx\/dev\/wp-content\/uploads\/2022\/06\/AX5U5200C3816G-SHTBK-DES-3-400x284.png 400w, https:\/\/tzila.mx\/dev\/wp-content\/uploads\/2022\/06\/AX5U5200C3816G-SHTBK-DES-3-430x305.png 430w, https:\/\/tzila.mx\/dev\/wp-content\/uploads\/2022\/06\/AX5U5200C3816G-SHTBK-DES-3-150x106.png 150w\" sizes=\"auto, (max-width: 565px) 100vw, 565px\" \/>\t\t\t\t\t<\/div>\n\n\t\t\t\t<\/div>\n\t\t\t\t<\/div>\n\t\t\t\t\t<\/div>\n\t\t<\/div>\n\t\t\t\t<div class=\"elementor-column elementor-col-33 elementor-top-column elementor-element elementor-element-ffeafee\" data-id=\"ffeafee\" data-element_type=\"column\">\n\t\t\t<div class=\"elementor-widget-wrap elementor-element-populated\">\n\t\t\t\t\t\t\t\t<div class=\"elementor-element elementor-element-bea5ab6 elementor-widget elementor-widget-wd_text_block\" data-id=\"bea5ab6\" data-element_type=\"widget\" data-widget_type=\"wd_text_block.default\">\n\t\t\t\t<div class=\"elementor-widget-container\">\n\t\t\t\t\t<div class=\"wd-text-block reset-last-child text-left\">\n\t\t\t\n\t\t\t<div class=\"row-content\" data-v-4a3cc608=\"\"><h4>Consejos r\u00e1pidos: DDR5 vs DDR4 - Arquitectura de chip<\/h4><article data-v-4a3cc608=\"\"><p>Los m\u00f3dulos DDR5 proporcionan dos veces m\u00e1s capacidad que DDR4 al empaquetarse en m\u00e1s bancos y grupos de bancos. Adem\u00e1s, la longitud de r\u00e1faga y la precaptura tambi\u00e9n se duplican. Y para garantizar la integridad de los datos, cuentan con tecnolog\u00eda de c\u00f3digo de correcci\u00f3n de errores (ECC).<\/p><\/article><\/div>\n\t\t\t\t\t<\/div>\n\t\t\t\t<\/div>\n\t\t\t\t<\/div>\n\t\t\t\t<div class=\"elementor-element elementor-element-d27798c elementor-widget elementor-widget-wd_image_or_svg\" data-id=\"d27798c\" data-element_type=\"widget\" data-widget_type=\"wd_image_or_svg.default\">\n\t\t\t\t<div class=\"elementor-widget-container\">\n\t\t\t\n\t\t<div class=\"wd-image text-left\">\n\t\t\t\t\t\t\t\t<img loading=\"lazy\" decoding=\"async\" width=\"1000\" height=\"1000\" src=\"https:\/\/tzila.mx\/dev\/wp-content\/uploads\/2022\/06\/AX5U5200C3816G-SHTBK-8.jpg\" class=\"attachment-full size-full\" alt=\"\" srcset=\"https:\/\/tzila.mx\/dev\/wp-content\/uploads\/2022\/06\/AX5U5200C3816G-SHTBK-8.jpg 1000w, https:\/\/tzila.mx\/dev\/wp-content\/uploads\/2022\/06\/AX5U5200C3816G-SHTBK-8-300x300.jpg 300w, https:\/\/tzila.mx\/dev\/wp-content\/uploads\/2022\/06\/AX5U5200C3816G-SHTBK-8-800x800.jpg 800w, https:\/\/tzila.mx\/dev\/wp-content\/uploads\/2022\/06\/AX5U5200C3816G-SHTBK-8-150x150.jpg 150w, https:\/\/tzila.mx\/dev\/wp-content\/uploads\/2022\/06\/AX5U5200C3816G-SHTBK-8-768x768.jpg 768w, https:\/\/tzila.mx\/dev\/wp-content\/uploads\/2022\/06\/AX5U5200C3816G-SHTBK-8-860x860.jpg 860w, https:\/\/tzila.mx\/dev\/wp-content\/uploads\/2022\/06\/AX5U5200C3816G-SHTBK-8-430x430.jpg 430w, https:\/\/tzila.mx\/dev\/wp-content\/uploads\/2022\/06\/AX5U5200C3816G-SHTBK-8-700x700.jpg 700w\" sizes=\"auto, (max-width: 1000px) 100vw, 1000px\" \/>\t\t\t\t\t<\/div>\n\n\t\t\t\t<\/div>\n\t\t\t\t<\/div>\n\t\t\t\t<div class=\"elementor-element elementor-element-d0bac66 elementor-widget elementor-widget-wd_text_block\" data-id=\"d0bac66\" data-element_type=\"widget\" data-widget_type=\"wd_text_block.default\">\n\t\t\t\t<div class=\"elementor-widget-container\">\n\t\t\t\t\t<div class=\"wd-text-block reset-last-child text-left\">\n\t\t\t\n\t\t\t<div class=\"row-content r-side\" data-v-4a3cc608=\"\"><h4>Consejos r\u00e1pidos: DDR5 vs DDR4 - Rendimiento<\/h4><article data-v-4a3cc608=\"\"><p>El mayor cambio es que el ancho de banda y la frecuencia son significativamente m\u00e1s altos. Los m\u00f3dulos de memoria ADATA DDR5 ofrecen frecuencias de hasta 4800 MT\/s y cuentan con un ancho de banda de 38,4 GB\/s, que es un 50 % m\u00e1s alto que el DDR4-3200. La frecuencia m\u00e1xima se incrementa 1,63 veces en comparaci\u00f3n con DDR4.\u00a0<\/p><\/article><\/div>\n\t\t\t\t\t<\/div>\n\t\t\t\t<\/div>\n\t\t\t\t<\/div>\n\t\t\t\t<div class=\"elementor-element elementor-element-192bab2 elementor-widget elementor-widget-wd_button\" data-id=\"192bab2\" data-element_type=\"widget\" data-widget_type=\"wd_button.default\">\n\t\t\t\t<div class=\"elementor-widget-container\">\n\t\t\t\t\t<div class=\"wd-button-wrapper text-center\" >\n\t\t\t<a class=\"btn btn-style-link btn-shape- btn-size-large btn-scheme-light btn-scheme-hover-dark btn-icon-pos-right\"  href=\"https:\/\/webapi3.adata.com\/storage\/downloadfile\/datasheet_xpg_hunter_ddr5_dram_20220112.pdf\" target=\"_blank\">\n\t\t\t\t<span class=\"wd-btn-text\" data-elementor-setting-key=\"text\">\n\t\t\t\t\tSaber m\u00e1s\t\t\t\t<\/span>\n\n\t\t\t\t\t\t\t<\/a>\n\t\t<\/div>\n\t\t\t\t<\/div>\n\t\t\t\t<\/div>\n\t\t\t\t\t<\/div>\n\t\t<\/div>\n\t\t\t\t\t\t\t<\/div>\n\t\t<\/section>\n\t\t\t\t\t\t<\/div>\n\t\t\t\t\t<\/div>\n\t\t","protected":false},"excerpt":{"rendered":"<h4>Caracter\u00edsticas principales:<\/h4>\n<p class=\"p1\"><span class=\"s1\">\u25cf<\/span><span class=\"s2\"> Capacidad memoria: 16<strong>GB<\/strong> (1x16GB)<\/span><br \/>\n<span class=\"s1\">\u25cf<\/span><span class=\"s2\"> Velocidad: de hasta 5200MHZ<\/span><br \/>\n<span class=\"s1\">\u25cf<\/span><span class=\"s2\"> Latencia CAS: CL38<\/span><br \/>\n<span class=\"s1\">\u25cf<\/span><span class=\"s2\"> Soporte Intel<sup>\u00ae<\/sup> XMP 3.0<\/span><\/p>\n","protected":false},"featured_media":16038,"comment_status":"open","ping_status":"closed","template":"","meta":[],"product_cat":[20,74,97],"product_tag":[112],"class_list":["post-16036","product","type-product","status-publish","has-post-thumbnail","hentry","product_cat-hardware","product_cat-memoria-ram","product_cat-adata","product_tag-xpg","pa_brand-adata"],"_links":{"self":[{"href":"https:\/\/tzila.mx\/dev\/wp-json\/wp\/v2\/product\/16036","targetHints":{"allow":["GET"]}}],"collection":[{"href":"https:\/\/tzila.mx\/dev\/wp-json\/wp\/v2\/product"}],"about":[{"href":"https:\/\/tzila.mx\/dev\/wp-json\/wp\/v2\/types\/product"}],"replies":[{"embeddable":true,"href":"https:\/\/tzila.mx\/dev\/wp-json\/wp\/v2\/comments?post=16036"}],"version-history":[{"count":13,"href":"https:\/\/tzila.mx\/dev\/wp-json\/wp\/v2\/product\/16036\/revisions"}],"predecessor-version":[{"id":16061,"href":"https:\/\/tzila.mx\/dev\/wp-json\/wp\/v2\/product\/16036\/revisions\/16061"}],"wp:featuredmedia":[{"embeddable":true,"href":"https:\/\/tzila.mx\/dev\/wp-json\/wp\/v2\/media\/16038"}],"wp:attachment":[{"href":"https:\/\/tzila.mx\/dev\/wp-json\/wp\/v2\/media?parent=16036"}],"wp:term":[{"taxonomy":"product_cat","embeddable":true,"href":"https:\/\/tzila.mx\/dev\/wp-json\/wp\/v2\/product_cat?post=16036"},{"taxonomy":"product_tag","embeddable":true,"href":"https:\/\/tzila.mx\/dev\/wp-json\/wp\/v2\/product_tag?post=16036"}],"curies":[{"name":"wp","href":"https:\/\/api.w.org\/{rel}","templated":true}]}}