{"id":15875,"date":"2022-06-14T16:29:59","date_gmt":"2022-06-14T21:29:59","guid":{"rendered":"https:\/\/tzila.mx\/dev\/?post_type=product&#038;p=15875"},"modified":"2022-06-29T11:35:41","modified_gmt":"2022-06-29T16:35:41","slug":"tarjeta-madre-asus-tuf-gaming-z690-plus-wifi-d4","status":"publish","type":"product","link":"https:\/\/tzila.mx\/dev\/producto\/tarjeta-madre-asus-tuf-gaming-z690-plus-wifi-d4\/","title":{"rendered":"Tarjeta Madre ASUS  TUF GAMING Z690-PLUS WIFI D4"},"content":{"rendered":"\t\t<div data-elementor-type=\"wp-post\" data-elementor-id=\"15875\" class=\"elementor elementor-15875\" data-elementor-settings=\"[]\">\n\t\t\t\t\t\t\t<div class=\"elementor-section-wrap\">\n\t\t\t\t\t\t\t<section class=\"elementor-section elementor-top-section elementor-element elementor-element-a77d38a elementor-section-boxed elementor-section-height-default elementor-section-height-default wd-section-disabled\" data-id=\"a77d38a\" data-element_type=\"section\">\n\t\t\t\t\t\t<div class=\"elementor-container elementor-column-gap-default\">\n\t\t\t\t\t<div class=\"elementor-column elementor-col-33 elementor-top-column elementor-element elementor-element-606b0e0\" data-id=\"606b0e0\" data-element_type=\"column\">\n\t\t\t<div class=\"elementor-widget-wrap elementor-element-populated\">\n\t\t\t\t\t\t\t\t<div class=\"elementor-element elementor-element-2efa55d elementor-widget elementor-widget-wd_text_block\" data-id=\"2efa55d\" data-element_type=\"widget\" data-widget_type=\"wd_text_block.default\">\n\t\t\t\t<div class=\"elementor-widget-container\">\n\t\t\t\t\t<div class=\"wd-text-block reset-last-child text-left\">\n\t\t\t\n\t\t\t<h5><strong>M\u00c1S ESPECIFICACIONES<\/strong><strong>:<\/strong><\/h5>\n\t\t\t\t\t<\/div>\n\t\t\t\t<\/div>\n\t\t\t\t<\/div>\n\t\t\t\t<div class=\"elementor-element elementor-element-00b20a9 elementor-widget elementor-widget-wd_text_block\" data-id=\"00b20a9\" data-element_type=\"widget\" data-widget_type=\"wd_text_block.default\">\n\t\t\t\t<div class=\"elementor-widget-container\">\n\t\t\t\t\t<div class=\"wd-text-block reset-last-child text-left\">\n\t\t\t\n\t\t\t<p><strong>\u25cf <\/strong>Socket Intel<sup>\u00ae<\/sup> LGA 1700: Listo para procesadores Intel<sup>\u00ae<\/sup> Core\u2122 de 12.\u00aa generaci\u00f3n.<br \/>\u25cf Soluci\u00f3n de energ\u00eda mejorada: 14 + 1 fases de poder DrMOS, PCB de seis capas, conectores ProCool, chokes de aleaci\u00f3n y capacitores duraderos para una entrega de energ\u00eda estable.<br \/>\u25cf Conectividad de pr\u00f3xima generaci\u00f3n: PCIe<sup>\u00ae<\/sup> 5.0, USB 3.2 Gen2x2 Type-C<sup>\u00ae<\/sup>, USB 3.2 Gen 2 Type-C frontal y Thunderbolt\u2122 4.<br \/>\u25cf Hecha para juegos en l\u00ednea: WiFi 6, Intel 2.5 Gb Ethernet y TUF LANGuard.<br \/>\u25cf Cancelaci\u00f3n de ruido de IA bidireccional: Reduce el ruido de fondo del micr\u00f3fono y la salida de audio para una comunicaci\u00f3n n\u00edtida en juegos o videoconferencias.<br \/>\u25cf Refrigeraci\u00f3n completa: Disipador de calor VRM ampliado, disipador de calor PCH sin ventilador, disipadores de calor M.2, puertos de ventilador h\u00edbridos y utilidad Fan Xpert 4 en Armory Crate.<br \/><strong>\u25cf<\/strong>Efectos RGB Aura deslumbrantes: Elegante dise\u00f1o de iluminaci\u00f3n de borde y PCH, puertos RGB direccionables y soporte para tiras RGB.<\/p>\n\t\t\t\t\t<\/div>\n\t\t\t\t<\/div>\n\t\t\t\t<\/div>\n\t\t\t\t\t<\/div>\n\t\t<\/div>\n\t\t\t\t<div class=\"elementor-column elementor-col-66 elementor-top-column elementor-element elementor-element-b692253\" data-id=\"b692253\" data-element_type=\"column\">\n\t\t\t<div class=\"elementor-widget-wrap elementor-element-populated\">\n\t\t\t\t\t\t\t\t<div class=\"elementor-element elementor-element-0fefcf7 elementor-widget elementor-widget-wd_image_or_svg\" data-id=\"0fefcf7\" data-element_type=\"widget\" data-widget_type=\"wd_image_or_svg.default\">\n\t\t\t\t<div class=\"elementor-widget-container\">\n\t\t\t\n\t\t<div class=\"wd-image text-center\">\n\t\t\t\t\t\t\t\t<img loading=\"lazy\" decoding=\"async\" width=\"958\" height=\"626\" src=\"https:\/\/tzila.mx\/dev\/wp-content\/uploads\/2022\/06\/TUF-GAMING-Z690-PLUS-WIFI-des-1.png\" class=\"attachment-full size-full\" alt=\"\" srcset=\"https:\/\/tzila.mx\/dev\/wp-content\/uploads\/2022\/06\/TUF-GAMING-Z690-PLUS-WIFI-des-1.png 958w, https:\/\/tzila.mx\/dev\/wp-content\/uploads\/2022\/06\/TUF-GAMING-Z690-PLUS-WIFI-des-1-400x261.png 400w, https:\/\/tzila.mx\/dev\/wp-content\/uploads\/2022\/06\/TUF-GAMING-Z690-PLUS-WIFI-des-1-768x502.png 768w, https:\/\/tzila.mx\/dev\/wp-content\/uploads\/2022\/06\/TUF-GAMING-Z690-PLUS-WIFI-des-1-860x562.png 860w, https:\/\/tzila.mx\/dev\/wp-content\/uploads\/2022\/06\/TUF-GAMING-Z690-PLUS-WIFI-des-1-430x281.png 430w, https:\/\/tzila.mx\/dev\/wp-content\/uploads\/2022\/06\/TUF-GAMING-Z690-PLUS-WIFI-des-1-700x457.png 700w, https:\/\/tzila.mx\/dev\/wp-content\/uploads\/2022\/06\/TUF-GAMING-Z690-PLUS-WIFI-des-1-150x98.png 150w\" sizes=\"auto, (max-width: 958px) 100vw, 958px\" \/>\t\t\t\t\t<\/div>\n\n\t\t\t\t<\/div>\n\t\t\t\t<\/div>\n\t\t\t\t\t<\/div>\n\t\t<\/div>\n\t\t\t\t\t\t\t<\/div>\n\t\t<\/section>\n\t\t\t\t<section class=\"elementor-section elementor-top-section elementor-element elementor-element-ec9e38a elementor-section-boxed elementor-section-height-default elementor-section-height-default wd-section-disabled\" data-id=\"ec9e38a\" data-element_type=\"section\">\n\t\t\t\t\t\t<div class=\"elementor-container elementor-column-gap-default\">\n\t\t\t\t\t<div class=\"elementor-column elementor-col-33 elementor-top-column elementor-element elementor-element-c833c6a\" data-id=\"c833c6a\" data-element_type=\"column\">\n\t\t\t<div class=\"elementor-widget-wrap elementor-element-populated\">\n\t\t\t\t\t\t\t\t<div class=\"elementor-element elementor-element-6ae12e9 elementor-widget elementor-widget-wd_text_block\" data-id=\"6ae12e9\" data-element_type=\"widget\" data-widget_type=\"wd_text_block.default\">\n\t\t\t\t<div class=\"elementor-widget-container\">\n\t\t\t\t\t<div class=\"wd-text-block reset-last-child text-left\">\n\t\t\t\n\t\t\t<h4 id=\"top_word\">Durable, estable y fiable.<\/h4><p>ASUS TUF GAMING Z690-PLUS WIFI D4 toma todos los elementos esenciales de los \u00faltimos procesadores Intel\u00ae y los combina con funciones listas para jugar y durabilidad comprobada. Dise\u00f1ada con componentes de grado militar, una soluci\u00f3n de alimentaci\u00f3n mejorada y un sistema de refrigeraci\u00f3n completo, esta placa base ofrece un rendimiento s\u00f3lido y estable para juegos de marat\u00f3n. Est\u00e9ticamente, TUF GAMING Z690-PLUS WIFI D4 luce el nuevo logotipo de TUF Gaming e incorpora elementos de dise\u00f1o geom\u00e9trico simple para reflejar la confiabilidad y estabilidad que define a la serie TUF Gaming.<\/p>\n\t\t\t\t\t<\/div>\n\t\t\t\t<\/div>\n\t\t\t\t<\/div>\n\t\t\t\t<div class=\"elementor-element elementor-element-252ec94 elementor-widget elementor-widget-wd_text_block\" data-id=\"252ec94\" data-element_type=\"widget\" data-widget_type=\"wd_text_block.default\">\n\t\t\t\t<div class=\"elementor-widget-container\">\n\t\t\t\t\t<div class=\"wd-text-block reset-last-child text-left\">\n\t\t\t\n\t\t\t<h4>Rendimiento s\u00f3lido como una roca<\/h4><p>Con entrega de energ\u00eda mejorada y opciones de enfriamiento integrales para impulsar los procesadores Intel Core\u2122 de 12.\u00aa generaci\u00f3n, adem\u00e1s de soporte para memoria y almacenamiento m\u00e1s r\u00e1pidos, las placas base TUF GAMING Z690 son la base perfecta para su pr\u00f3xima plataforma de batalla con un alto n\u00famero de n\u00facleos.<\/p>\n\t\t\t\t\t<\/div>\n\t\t\t\t<\/div>\n\t\t\t\t<\/div>\n\t\t\t\t<div class=\"elementor-element elementor-element-4f49f18 elementor-widget elementor-widget-wd_text_block\" data-id=\"4f49f18\" data-element_type=\"widget\" data-widget_type=\"wd_text_block.default\">\n\t\t\t\t<div class=\"elementor-widget-container\">\n\t\t\t\t\t<div class=\"wd-text-block reset-last-child text-left\">\n\t\t\t\n\t\t\t<div class=\"row-content r-side\" data-v-b7353816=\"\"><h4 class=\"tab_title\">Dise\u00f1o de alimentaci\u00f3n<\/h4><p>\u25cf DrMOS<br \/>\u25cf Placa de circuito de 6 capas<br \/>\u25cf Tomas de alimentaci\u00f3n ProCool<br \/>\u25cf Componentes TUF<br \/>\u25cf Digi+ VRM<\/p><\/div>\n\t\t\t\t\t<\/div>\n\t\t\t\t<\/div>\n\t\t\t\t<\/div>\n\t\t\t\t<div class=\"elementor-element elementor-element-8604524 elementor-widget elementor-widget-wd_image_or_svg\" data-id=\"8604524\" data-element_type=\"widget\" data-widget_type=\"wd_image_or_svg.default\">\n\t\t\t\t<div class=\"elementor-widget-container\">\n\t\t\t\n\t\t<div class=\"wd-image text-center\">\n\t\t\t\t\t\t\t\t<img loading=\"lazy\" decoding=\"async\" width=\"763\" height=\"779\" src=\"https:\/\/tzila.mx\/dev\/wp-content\/uploads\/2022\/06\/TUF-GAMING-Z690-PLUS-WIFI-des-5.png\" class=\"attachment-full size-full\" alt=\"\" srcset=\"https:\/\/tzila.mx\/dev\/wp-content\/uploads\/2022\/06\/TUF-GAMING-Z690-PLUS-WIFI-des-5.png 763w, https:\/\/tzila.mx\/dev\/wp-content\/uploads\/2022\/06\/TUF-GAMING-Z690-PLUS-WIFI-des-5-294x300.png 294w, https:\/\/tzila.mx\/dev\/wp-content\/uploads\/2022\/06\/TUF-GAMING-Z690-PLUS-WIFI-des-5-430x439.png 430w, https:\/\/tzila.mx\/dev\/wp-content\/uploads\/2022\/06\/TUF-GAMING-Z690-PLUS-WIFI-des-5-700x715.png 700w, https:\/\/tzila.mx\/dev\/wp-content\/uploads\/2022\/06\/TUF-GAMING-Z690-PLUS-WIFI-des-5-150x153.png 150w\" sizes=\"auto, (max-width: 763px) 100vw, 763px\" \/>\t\t\t\t\t<\/div>\n\n\t\t\t\t<\/div>\n\t\t\t\t<\/div>\n\t\t\t\t<div class=\"elementor-element elementor-element-c1a34ba elementor-widget elementor-widget-wd_text_block\" data-id=\"c1a34ba\" data-element_type=\"widget\" data-widget_type=\"wd_text_block.default\">\n\t\t\t\t<div class=\"elementor-widget-container\">\n\t\t\t\t\t<div class=\"wd-text-block reset-last-child text-left\">\n\t\t\t\n\t\t\t<div class=\"row-content r-side\" data-v-b7353816=\"\"><h4>Enfriador por dise\u00f1o<\/h4><p><strong>1. Disipador de calor VRM agrandado<\/strong><br \/>La amplia superficie del disipador t\u00e9rmico masivo cubre los VRM y los estranguladores para mejorar la disipaci\u00f3n del calor.<br \/><br \/><strong>2. Disipador de calor PCH agrandado<\/strong><br \/>Un \u00e1rea de superficie ampliada para el enfriador del chipset maximiza el rendimiento y la disipaci\u00f3n de calor.<\/p><p><strong>3. Tres ranuras M.2 con disipadores de calor<\/strong><br \/>Tres de las cuatro ranuras M.2 tienen disipadores de calor dedicados, lo que mantiene las SSD M.2 a temperaturas de funcionamiento \u00f3ptimas para garantizar un rendimiento y una fiabilidad constantes.<\/p><\/div>\n\t\t\t\t\t<\/div>\n\t\t\t\t<\/div>\n\t\t\t\t<\/div>\n\t\t\t\t<div class=\"elementor-element elementor-element-d0a4bfa elementor-widget elementor-widget-wd_text_block\" data-id=\"d0a4bfa\" data-element_type=\"widget\" data-widget_type=\"wd_text_block.default\">\n\t\t\t\t<div class=\"elementor-widget-container\">\n\t\t\t\t\t<div class=\"wd-text-block reset-last-child text-left\">\n\t\t\t\n\t\t\t<div class=\"w1000 txt-center\"><div class=\"col50\"><div class=\"col50 flex_b\"><h4>USB 3.2 Gen 2x2 Type-C<\/h4><p>Extensive USB support ensures connections to a wide array of peripherals. TUF GAMING Z690-PLUS WIFI D4 includes a USB 3.2 Gen 2x2 Type-C\u00ae port on the rear I\/O panel that delivers increased bandwidth and transmission speeds of up to 20 Gbps.<\/p><\/div><\/div><\/div>\n\t\t\t\t\t<\/div>\n\t\t\t\t<\/div>\n\t\t\t\t<\/div>\n\t\t\t\t\t<\/div>\n\t\t<\/div>\n\t\t\t\t<div class=\"elementor-column elementor-col-33 elementor-top-column elementor-element elementor-element-e7b3bda\" data-id=\"e7b3bda\" data-element_type=\"column\">\n\t\t\t<div class=\"elementor-widget-wrap elementor-element-populated\">\n\t\t\t\t\t\t\t\t<div class=\"elementor-element elementor-element-e82674a elementor-widget elementor-widget-wd_text_block\" data-id=\"e82674a\" data-element_type=\"widget\" data-widget_type=\"wd_text_block.default\">\n\t\t\t\t<div class=\"elementor-widget-container\">\n\t\t\t\t\t<div class=\"wd-text-block reset-last-child text-left\">\n\t\t\t\n\t\t\t<div class=\"w1000 txt-center\"><h4>DRAM Overclocking Performance<\/h4><h4>DDR4 OC 5333<\/h4><p>Improvements to trace routing design provide the latest Intel processors with enhanced access to memory bandwidth. ASUS OptiMem II technology carefully maps memory signal pathways across different PCB layers to reduce path distance, and it adds shielding zones that significantly reduce crosstalk.<\/p><\/div><h4>Four PCIe 4.0 M.2<\/h4><p>The four PCIe 4.0 M.2 slots support up to two 22110 devices and also provide NVMe SSD RAID support for incredible performance potential. Create a RAID configuration with up to four PCIe 4.0 storage devices to enjoy the fastest data transfer speeds.<\/p>\n\t\t\t\t\t<\/div>\n\t\t\t\t<\/div>\n\t\t\t\t<\/div>\n\t\t\t\t<div class=\"elementor-element elementor-element-696e1a7 elementor-widget elementor-widget-wd_image_or_svg\" data-id=\"696e1a7\" data-element_type=\"widget\" data-widget_type=\"wd_image_or_svg.default\">\n\t\t\t\t<div class=\"elementor-widget-container\">\n\t\t\t\n\t\t<div class=\"wd-image text-center\">\n\t\t\t\t\t\t\t\t<img decoding=\"async\" src=\"https:\/\/tzila.mx\/dev\/wp-content\/uploads\/elementor\/thumbs\/TUF-GAMING-Z690-PLUS-WIFI-des-4-pq9qw47qvwl1ilfwdc8p8s5nawcojcnokfn0n0p7zs.png\" title=\"TUF GAMING Z690-PLUS WIFI-des-4\" alt=\"TUF GAMING Z690-PLUS WIFI-des-4\" \/>\t\t\t\t\t<\/div>\n\n\t\t\t\t<\/div>\n\t\t\t\t<\/div>\n\t\t\t\t<div class=\"elementor-element elementor-element-bd031e8 elementor-widget elementor-widget-wd_text_block\" data-id=\"bd031e8\" data-element_type=\"widget\" data-widget_type=\"wd_text_block.default\">\n\t\t\t\t<div class=\"elementor-widget-container\">\n\t\t\t\t\t<div class=\"wd-text-block reset-last-child text-left\">\n\t\t\t\n\t\t\t<div class=\"w1000 txt-center\"><h4>PCIe 5.0<\/h4><p>The 12th Gen Intel processors bring PCIe 5.0 support to the market. PCIe 5.0 offers twice the data transfer speed of PCIe 4.0, making it robust enough to handle new data-heavy tasks. PCIe 5.0 also brings other benefits, such as electrical changes to improve signal integrity, backward-compatible CEM connectors for add-in cards, and backward compatibility with previous versions of PCI Express<\/p><\/div>\n\t\t\t\t\t<\/div>\n\t\t\t\t<\/div>\n\t\t\t\t<\/div>\n\t\t\t\t<div class=\"elementor-element elementor-element-96ea7f3 elementor-widget elementor-widget-wd_text_block\" data-id=\"96ea7f3\" data-element_type=\"widget\" data-widget_type=\"wd_text_block.default\">\n\t\t\t\t<div class=\"elementor-widget-container\">\n\t\t\t\t\t<div class=\"wd-text-block reset-last-child text-left\">\n\t\t\t\n\t\t\t<div class=\"w1000 txt-center\"><div class=\"col50\"><h4>Front USB Port<\/h4><p>A full complement of USB ports support high-end rigs loaded with peripherals, including a front-panel USB 3.2 Gen 2 Type-C\u00ae connector that provides data transfer speeds of up to 10 Gbps.<\/p><\/div><\/div>\n\t\t\t\t\t<\/div>\n\t\t\t\t<\/div>\n\t\t\t\t<\/div>\n\t\t\t\t<div class=\"elementor-element elementor-element-e9bf201 elementor-widget elementor-widget-wd_text_block\" data-id=\"e9bf201\" data-element_type=\"widget\" data-widget_type=\"wd_text_block.default\">\n\t\t\t\t<div class=\"elementor-widget-container\">\n\t\t\t\t\t<div class=\"wd-text-block reset-last-child text-left\">\n\t\t\t\n\t\t\t<div class=\"row-content\" data-v-b7353816=\"\"><h4 class=\"easy_pc_diy\">DIY PC SENCILLO<\/h4><p>Las tarjetas madre TUF Gaming est\u00e1n dise\u00f1adas para ser f\u00e1ciles de instalar y configurar de la manera que desee, incluso para los constructores primerizos. Desde el ecosistema TUF Gaming Alliance que facilita la compatibilidad y la selecci\u00f3n de piezas hasta un portal de software integral para todas sus configuraciones, las placas base TUF Gaming le brindan todo lo que necesita para construir la plataforma de juegos de sus sue\u00f1os sin agregar complejidad.<\/p><\/div>\n\t\t\t\t\t<\/div>\n\t\t\t\t<\/div>\n\t\t\t\t<\/div>\n\t\t\t\t<div class=\"elementor-element elementor-element-5967404 elementor-widget elementor-widget-wd_image_or_svg\" data-id=\"5967404\" data-element_type=\"widget\" data-widget_type=\"wd_image_or_svg.default\">\n\t\t\t\t<div class=\"elementor-widget-container\">\n\t\t\t\n\t\t<div class=\"wd-image text-center\">\n\t\t\t\t\t\t\t\t<img loading=\"lazy\" decoding=\"async\" width=\"770\" height=\"664\" src=\"https:\/\/tzila.mx\/dev\/wp-content\/uploads\/2022\/06\/TUF-GAMING-Z690-PLUS-WIFI-des-2.png\" class=\"attachment-full size-full\" alt=\"\" srcset=\"https:\/\/tzila.mx\/dev\/wp-content\/uploads\/2022\/06\/TUF-GAMING-Z690-PLUS-WIFI-des-2.png 770w, https:\/\/tzila.mx\/dev\/wp-content\/uploads\/2022\/06\/TUF-GAMING-Z690-PLUS-WIFI-des-2-348x300.png 348w, https:\/\/tzila.mx\/dev\/wp-content\/uploads\/2022\/06\/TUF-GAMING-Z690-PLUS-WIFI-des-2-768x662.png 768w, https:\/\/tzila.mx\/dev\/wp-content\/uploads\/2022\/06\/TUF-GAMING-Z690-PLUS-WIFI-des-2-430x371.png 430w, https:\/\/tzila.mx\/dev\/wp-content\/uploads\/2022\/06\/TUF-GAMING-Z690-PLUS-WIFI-des-2-700x604.png 700w, https:\/\/tzila.mx\/dev\/wp-content\/uploads\/2022\/06\/TUF-GAMING-Z690-PLUS-WIFI-des-2-150x129.png 150w\" sizes=\"auto, (max-width: 770px) 100vw, 770px\" \/>\t\t\t\t\t<\/div>\n\n\t\t\t\t<\/div>\n\t\t\t\t<\/div>\n\t\t\t\t\t<\/div>\n\t\t<\/div>\n\t\t\t\t<div class=\"elementor-column elementor-col-33 elementor-top-column elementor-element elementor-element-ba9b9c1\" data-id=\"ba9b9c1\" data-element_type=\"column\">\n\t\t\t<div class=\"elementor-widget-wrap elementor-element-populated\">\n\t\t\t\t\t\t\t\t<div class=\"elementor-element elementor-element-d7ccf24 elementor-widget elementor-widget-wd_text_block\" data-id=\"d7ccf24\" data-element_type=\"widget\" data-widget_type=\"wd_text_block.default\">\n\t\t\t\t<div class=\"elementor-widget-container\">\n\t\t\t\t\t<div class=\"wd-text-block reset-last-child text-left\">\n\t\t\t\n\t\t\t<h4>Thunderbolt<sup>\u2122<\/sup> 4 Support<\/h4><p>TUF GAMING Z690 series features Thunderbolt\u2122 4 support via an on-board header. With an Intel-certified ASUS ThunderboltEX 4 add-on card* TUF GAMING Z690-PLUS WIFI D4 can also enable bi-directional speeds of up to 40 Gbps on a single cable. Additionally, this card has a daisy-chain function for multi-screen connection and supports up to an 8K resolution display. It can also provide up to 100 watts of power to fast-charge devices.<\/p>\n\t\t\t\t\t<\/div>\n\t\t\t\t<\/div>\n\t\t\t\t<\/div>\n\t\t\t\t<div class=\"elementor-element elementor-element-7d838dd elementor-widget elementor-widget-wd_text_block\" data-id=\"7d838dd\" data-element_type=\"widget\" data-widget_type=\"wd_text_block.default\">\n\t\t\t\t<div class=\"elementor-widget-container\">\n\t\t\t\t\t<div class=\"wd-text-block reset-last-child text-left\">\n\t\t\t\n\t\t\t<h4>Monta tu equipo con confianza<\/h4><p>TUF Gaming Alliance es una colaboraci\u00f3n entre ASUS y marcas confiables de componentes de PC para garantizar la compatibilidad con una amplia gama de piezas, como carcasas de PC, fuentes de alimentaci\u00f3n, enfriadores de CPU, kits de memoria y m\u00e1s. Con m\u00e1s asociaciones y componentes que se agregan regularmente, TUF Gaming Alliance continuar\u00e1 creciendo a\u00fan m\u00e1s fuerte.<\/p>\n\t\t\t\t\t<\/div>\n\t\t\t\t<\/div>\n\t\t\t\t<\/div>\n\t\t\t\t<div class=\"elementor-element elementor-element-d0a2373 elementor-widget elementor-widget-wd_text_block\" data-id=\"d0a2373\" data-element_type=\"widget\" data-widget_type=\"wd_text_block.default\">\n\t\t\t\t<div class=\"elementor-widget-container\">\n\t\t\t\t\t<div class=\"wd-text-block reset-last-child text-left\">\n\t\t\t\n\t\t\t<h4 class=\"fix_h2\">Gaming inmersivo<\/h4><p>TUF Gaming X570-Pro (Wi-Fi) proporciona un paquete de juegos completo y de alto rendimiento con una larga lista de caracter\u00edsticas para mejorar su experiencia, que incluyen redes ultrarr\u00e1pidas para un juego en l\u00ednea m\u00e1s fluido, audio pr\u00edstino con se\u00f1ales posicionales para juegos FPS y RGB integrado iluminaci\u00f3n que se sincroniza con los accesorios adjuntos para ayudarlo a crear una atm\u00f3sfera de juego personalizada.<\/p>\n\t\t\t\t\t<\/div>\n\t\t\t\t<\/div>\n\t\t\t\t<\/div>\n\t\t\t\t<div class=\"elementor-element elementor-element-a2ccbea elementor-widget elementor-widget-wd_image_or_svg\" data-id=\"a2ccbea\" data-element_type=\"widget\" data-widget_type=\"wd_image_or_svg.default\">\n\t\t\t\t<div class=\"elementor-widget-container\">\n\t\t\t\n\t\t<div class=\"wd-image text-center\">\n\t\t\t\t\t\t\t\t<img decoding=\"async\" src=\"https:\/\/tzila.mx\/dev\/wp-content\/uploads\/elementor\/thumbs\/TUF-GAMING-Z590-PLUS-WIFI-9-ppcosv3lmlefcjnnvlw5jmloufal0mwui0p6witho8.png\" title=\"TUF GAMING Z590-PLUS WIFI-9\" alt=\"TUF GAMING Z590-PLUS WIFI-9\" \/>\t\t\t\t\t<\/div>\n\n\t\t\t\t<\/div>\n\t\t\t\t<\/div>\n\t\t\t\t<div class=\"elementor-element elementor-element-6062d79 elementor-widget elementor-widget-wd_text_block\" data-id=\"6062d79\" data-element_type=\"widget\" data-widget_type=\"wd_text_block.default\">\n\t\t\t\t<div class=\"elementor-widget-container\">\n\t\t\t\t\t<div class=\"wd-text-block reset-last-child text-left\">\n\t\t\t\n\t\t\t<h4>Ethernet Intel\u00ae de 2,5 Gb<\/h4><p>La conexi\u00f3n Ethernet de 2,5 Gb integrada le da un impulso a su conexi\u00f3n por cable con velocidades que son hasta 2,5 veces m\u00e1s r\u00e1pidas que las conexiones Ethernet est\u00e1ndar. Esto se traduce en transferencias de archivos incre\u00edblemente r\u00e1pidas, juegos en l\u00ednea de bajo retraso y transmisi\u00f3n de video de alta resoluci\u00f3n.<\/p>\n\t\t\t\t\t<\/div>\n\t\t\t\t<\/div>\n\t\t\t\t<\/div>\n\t\t\t\t<div class=\"elementor-element elementor-element-db98687 elementor-widget elementor-widget-wd_text_block\" data-id=\"db98687\" data-element_type=\"widget\" data-widget_type=\"wd_text_block.default\">\n\t\t\t\t<div class=\"elementor-widget-container\">\n\t\t\t\t\t<div class=\"wd-text-block reset-last-child text-left\">\n\t\t\t\n\t\t\t<h4>Intel\u00ae Wi-Fi 6\u00a0<\/h4><p>El m\u00f3dulo Intel\u00ae WiFi 6 es compatible con el est\u00e1ndar 802.11ax y aumenta el ancho de banda m\u00e1ximo te\u00f3rico hasta unos incre\u00edbles 2,4 Gbps. Quiz\u00e1s lo m\u00e1s importante para los usuarios avanzados es que est\u00e1 optimizado para un funcionamiento m\u00e1s eficiente en redes saturadas con mucho tr\u00e1fico competitivo. Empareje su placa base con enrutadores ASUS WiFi 6 para experimentar completamente el potencial de red de WiFi 6. Los dise\u00f1os de antena WiFi con posicionamiento de cuatro v\u00edas que permiten una mejor recepci\u00f3n de la se\u00f1al y una base magn\u00e9tica para asegurar la antena en la parte superior o lateral de la carcasa de la PC .<\/p>\n\t\t\t\t\t<\/div>\n\t\t\t\t<\/div>\n\t\t\t\t<\/div>\n\t\t\t\t<div class=\"elementor-element elementor-element-078b475 elementor-widget elementor-widget-wd_button\" data-id=\"078b475\" data-element_type=\"widget\" data-widget_type=\"wd_button.default\">\n\t\t\t\t<div class=\"elementor-widget-container\">\n\t\t\t\t\t<div class=\"wd-button-wrapper text-center\" >\n\t\t\t<a class=\"btn btn-style-link btn-shape- btn-size-large btn-scheme-light btn-scheme-hover-dark btn-icon-pos-right\"  href=\"https:\/\/www.asus.com\/latin\/Motherboards-Components\/Motherboards\/TUF-Gaming\/TUF-GAMING-Z690-PLUS-WIFI-D4\/\" target=\"_blank\">\n\t\t\t\t<span class=\"wd-btn-text\" data-elementor-setting-key=\"text\">\n\t\t\t\t\tSaber m\u00e1s\t\t\t\t<\/span>\n\n\t\t\t\t\t\t\t<\/a>\n\t\t<\/div>\n\t\t\t\t<\/div>\n\t\t\t\t<\/div>\n\t\t\t\t\t<\/div>\n\t\t<\/div>\n\t\t\t\t\t\t\t<\/div>\n\t\t<\/section>\n\t\t\t\t\t\t<\/div>\n\t\t\t\t\t<\/div>\n\t\t","protected":false},"excerpt":{"rendered":"<h4>Caracter\u00edsticas principales:<\/h4>\n<p><span class=\"s1\">\u25cf\u00a0<\/span>Tarjeta madre Z690 <span id=\"page17R_mcid250\" class=\"markedContent\"><span dir=\"ltr\" role=\"presentation\">Chipset<\/span><\/span><br \/>\n<span class=\"s1\">\u25cf LGA 1700 ATX PCIe 5.0<\/span><br \/>\n<span class=\"s1\">\u25cf Cuatro puertos M.2<\/span><br \/>\n<span class=\"s1\">\u25cf LAN Intel 2.5G, Wi-Fi 6<\/span><br \/>\n<span class=\"s1\">\u25cf HDMI\u00ae, DisplayPort\u2122<\/span><br \/>\n<span class=\"s1\">\u25cf USB 3.2 Gen 2 Type-C<\/span><br \/>\n<span class=\"s1\">\u25cf 15 fases de poder Dr. MOS<\/span><br \/>\n<span class=\"s1\">\u25cf Thunderbolt\u2122 4 e iluminaci\u00f3n Aura Sync RGB<\/span><\/p>\n","protected":false},"featured_media":12879,"comment_status":"open","ping_status":"closed","template":"","meta":[],"product_cat":[20,79,100],"product_tag":[218],"class_list":["post-15875","product","type-product","status-publish","has-post-thumbnail","hentry","product_cat-hardware","product_cat-mother-board","product_cat-asus","product_tag-tuf-gaming","pa_brand-asus"],"_links":{"self":[{"href":"https:\/\/tzila.mx\/dev\/wp-json\/wp\/v2\/product\/15875","targetHints":{"allow":["GET"]}}],"collection":[{"href":"https:\/\/tzila.mx\/dev\/wp-json\/wp\/v2\/product"}],"about":[{"href":"https:\/\/tzila.mx\/dev\/wp-json\/wp\/v2\/types\/product"}],"replies":[{"embeddable":true,"href":"https:\/\/tzila.mx\/dev\/wp-json\/wp\/v2\/comments?post=15875"}],"version-history":[{"count":1,"href":"https:\/\/tzila.mx\/dev\/wp-json\/wp\/v2\/product\/15875\/revisions"}],"predecessor-version":[{"id":15877,"href":"https:\/\/tzila.mx\/dev\/wp-json\/wp\/v2\/product\/15875\/revisions\/15877"}],"wp:featuredmedia":[{"embeddable":true,"href":"https:\/\/tzila.mx\/dev\/wp-json\/wp\/v2\/media\/12879"}],"wp:attachment":[{"href":"https:\/\/tzila.mx\/dev\/wp-json\/wp\/v2\/media?parent=15875"}],"wp:term":[{"taxonomy":"product_cat","embeddable":true,"href":"https:\/\/tzila.mx\/dev\/wp-json\/wp\/v2\/product_cat?post=15875"},{"taxonomy":"product_tag","embeddable":true,"href":"https:\/\/tzila.mx\/dev\/wp-json\/wp\/v2\/product_tag?post=15875"}],"curies":[{"name":"wp","href":"https:\/\/api.w.org\/{rel}","templated":true}]}}