{"id":15792,"date":"2022-06-14T14:43:42","date_gmt":"2022-06-14T19:43:42","guid":{"rendered":"https:\/\/tzila.mx\/dev\/?post_type=product&#038;p=15792"},"modified":"2022-06-29T11:35:54","modified_gmt":"2022-06-29T16:35:54","slug":"monitor-gamer-asus-27-full-hd-vg278qr","status":"publish","type":"product","link":"https:\/\/tzila.mx\/dev\/producto\/monitor-gamer-asus-27-full-hd-vg278qr\/","title":{"rendered":"Monitor Gamer ASUS  27&#8243; Full HD VG278QR"},"content":{"rendered":"\t\t<div data-elementor-type=\"wp-post\" data-elementor-id=\"15792\" class=\"elementor elementor-15792\" data-elementor-settings=\"[]\">\n\t\t\t\t\t\t\t<div class=\"elementor-section-wrap\">\n\t\t\t\t\t\t\t<section class=\"elementor-section elementor-top-section elementor-element elementor-element-a77d38a elementor-section-boxed elementor-section-height-default elementor-section-height-default wd-section-disabled\" data-id=\"a77d38a\" data-element_type=\"section\">\n\t\t\t\t\t\t<div class=\"elementor-container elementor-column-gap-default\">\n\t\t\t\t\t<div class=\"elementor-column elementor-col-33 elementor-top-column elementor-element elementor-element-606b0e0\" data-id=\"606b0e0\" data-element_type=\"column\">\n\t\t\t<div class=\"elementor-widget-wrap elementor-element-populated\">\n\t\t\t\t\t\t\t\t<div class=\"elementor-element elementor-element-2efa55d elementor-widget elementor-widget-wd_text_block\" data-id=\"2efa55d\" data-element_type=\"widget\" data-widget_type=\"wd_text_block.default\">\n\t\t\t\t<div class=\"elementor-widget-container\">\n\t\t\t\t\t<div class=\"wd-text-block reset-last-child text-left\">\n\t\t\t\n\t\t\t<h5><strong>M\u00c1S ESPECIFICACIONES<\/strong><strong>:<\/strong><\/h5>\n\t\t\t\t\t<\/div>\n\t\t\t\t<\/div>\n\t\t\t\t<\/div>\n\t\t\t\t<div class=\"elementor-element elementor-element-00b20a9 elementor-widget elementor-widget-wd_text_block\" data-id=\"00b20a9\" data-element_type=\"widget\" data-widget_type=\"wd_text_block.default\">\n\t\t\t\t<div class=\"elementor-widget-container\">\n\t\t\t\t\t<div class=\"wd-text-block reset-last-child text-left\">\n\t\t\t\n\t\t\t<p>\u25cf <span id=\"lb_feature_g\">Monitor de gaming Full HD de 27\u201d con 144 Hz de refresco y Adaptive-Sync para unos gr\u00e1ficos perfectos<\/span>.<br \/>\u25cf <span id=\"lb_feature_g\">Certificado como compatible con G-SYNC, ofrece una experiencia de juego sin interrupciones al habilitar el VRR (tasa de actualizaci\u00f3n variable) de forma predeterminada.<\/span><br \/>\u25cf <span id=\"lb_feature_g\">0,5 ms* de tiempo de respuesta para una mayor fluidez y ASUS Extreme Low Motion Blur (ELMB).<\/span><br \/>\u25cf <span id=\"lb_feature_g\">La tecnolog\u00eda GameFast Input minimiza el retardo entre el equipo y el monito.<\/span><br \/>\u25cf <span id=\"lb_feature_g\">Bot\u00f3n ASUS GamePlus para acceder a mejoras exclusivas y GameVisual para optimizar la imagen.<\/span><\/p>\n\t\t\t\t\t<\/div>\n\t\t\t\t<\/div>\n\t\t\t\t<\/div>\n\t\t\t\t\t<\/div>\n\t\t<\/div>\n\t\t\t\t<div class=\"elementor-column elementor-col-66 elementor-top-column elementor-element elementor-element-b692253\" data-id=\"b692253\" data-element_type=\"column\">\n\t\t\t<div class=\"elementor-widget-wrap elementor-element-populated\">\n\t\t\t\t\t\t\t\t<div class=\"elementor-element elementor-element-0fefcf7 elementor-widget elementor-widget-wd_image_or_svg\" data-id=\"0fefcf7\" data-element_type=\"widget\" data-widget_type=\"wd_image_or_svg.default\">\n\t\t\t\t<div class=\"elementor-widget-container\">\n\t\t\t\n\t\t<div class=\"wd-image text-center\">\n\t\t\t\t\t\t\t\t<img loading=\"lazy\" decoding=\"async\" width=\"1920\" height=\"844\" src=\"https:\/\/tzila.mx\/dev\/wp-content\/uploads\/2022\/06\/VG278QR-DES-1.jpg\" class=\"attachment-full size-full\" alt=\"\" srcset=\"https:\/\/tzila.mx\/dev\/wp-content\/uploads\/2022\/06\/VG278QR-DES-1.jpg 1920w, https:\/\/tzila.mx\/dev\/wp-content\/uploads\/2022\/06\/VG278QR-DES-1-400x176.jpg 400w, https:\/\/tzila.mx\/dev\/wp-content\/uploads\/2022\/06\/VG278QR-DES-1-1300x571.jpg 1300w, https:\/\/tzila.mx\/dev\/wp-content\/uploads\/2022\/06\/VG278QR-DES-1-768x338.jpg 768w, https:\/\/tzila.mx\/dev\/wp-content\/uploads\/2022\/06\/VG278QR-DES-1-1536x675.jpg 1536w, https:\/\/tzila.mx\/dev\/wp-content\/uploads\/2022\/06\/VG278QR-DES-1-860x378.jpg 860w, https:\/\/tzila.mx\/dev\/wp-content\/uploads\/2022\/06\/VG278QR-DES-1-1320x580.jpg 1320w, https:\/\/tzila.mx\/dev\/wp-content\/uploads\/2022\/06\/VG278QR-DES-1-430x189.jpg 430w, https:\/\/tzila.mx\/dev\/wp-content\/uploads\/2022\/06\/VG278QR-DES-1-700x308.jpg 700w, https:\/\/tzila.mx\/dev\/wp-content\/uploads\/2022\/06\/VG278QR-DES-1-150x66.jpg 150w\" sizes=\"auto, (max-width: 1920px) 100vw, 1920px\" \/>\t\t\t\t\t<\/div>\n\n\t\t\t\t<\/div>\n\t\t\t\t<\/div>\n\t\t\t\t\t<\/div>\n\t\t<\/div>\n\t\t\t\t\t\t\t<\/div>\n\t\t<\/section>\n\t\t\t\t<section class=\"elementor-section elementor-top-section elementor-element elementor-element-ec9e38a elementor-section-boxed elementor-section-height-default elementor-section-height-default wd-section-disabled\" data-id=\"ec9e38a\" data-element_type=\"section\">\n\t\t\t\t\t\t<div class=\"elementor-container elementor-column-gap-default\">\n\t\t\t\t\t<div class=\"elementor-column elementor-col-33 elementor-top-column elementor-element elementor-element-c833c6a\" data-id=\"c833c6a\" data-element_type=\"column\">\n\t\t\t<div class=\"elementor-widget-wrap elementor-element-populated\">\n\t\t\t\t\t\t\t\t<div class=\"elementor-element elementor-element-6ae12e9 elementor-widget elementor-widget-wd_text_block\" data-id=\"6ae12e9\" data-element_type=\"widget\" data-widget_type=\"wd_text_block.default\">\n\t\t\t\t<div class=\"elementor-widget-container\">\n\t\t\t\t\t<div class=\"wd-text-block reset-last-child text-left\">\n\t\t\t\n\t\t\t<h4>Velocidad, velocidad y m\u00e1s velocidad<\/h4><p>Dise\u00f1ado para juegos intensos con un ritmo trepidante, el ASUS VG278Q es un monitor de gaming Full HD de 27\u201d que, gracias a un tiempo de respuesta de 0,5 ms* y a una frecuencia de refresco de 165 Hz, ofrece una acci\u00f3n totalmente fluida. La tecnolog\u00eda Adaptive-Sync (FreeSync\u2122) evita que la imagen se entrecorte y ocurran problemas de sincronizaci\u00f3n de FPS.<\/p><p>que mejoran tu experiencia de gaming y proporcionan configuraciones de imagen pensadas para diferentes g\u00e9neros de juego.<\/p>\n\t\t\t\t\t<\/div>\n\t\t\t\t<\/div>\n\t\t\t\t<\/div>\n\t\t\t\t<div class=\"elementor-element elementor-element-958da2e elementor-widget elementor-widget-wd_image_or_svg\" data-id=\"958da2e\" data-element_type=\"widget\" data-widget_type=\"wd_image_or_svg.default\">\n\t\t\t\t<div class=\"elementor-widget-container\">\n\t\t\t\n\t\t<div class=\"wd-image text-left\">\n\t\t\t\t\t\t\t\t<img loading=\"lazy\" decoding=\"async\" width=\"927\" height=\"576\" src=\"https:\/\/tzila.mx\/dev\/wp-content\/uploads\/2022\/06\/VG278QR-DES-2.jpg\" class=\"attachment-full size-full\" alt=\"\" srcset=\"https:\/\/tzila.mx\/dev\/wp-content\/uploads\/2022\/06\/VG278QR-DES-2.jpg 927w, https:\/\/tzila.mx\/dev\/wp-content\/uploads\/2022\/06\/VG278QR-DES-2-400x249.jpg 400w, https:\/\/tzila.mx\/dev\/wp-content\/uploads\/2022\/06\/VG278QR-DES-2-768x477.jpg 768w, https:\/\/tzila.mx\/dev\/wp-content\/uploads\/2022\/06\/VG278QR-DES-2-860x534.jpg 860w, https:\/\/tzila.mx\/dev\/wp-content\/uploads\/2022\/06\/VG278QR-DES-2-430x267.jpg 430w, https:\/\/tzila.mx\/dev\/wp-content\/uploads\/2022\/06\/VG278QR-DES-2-700x435.jpg 700w, https:\/\/tzila.mx\/dev\/wp-content\/uploads\/2022\/06\/VG278QR-DES-2-150x93.jpg 150w\" sizes=\"auto, (max-width: 927px) 100vw, 927px\" \/>\t\t\t\t\t<\/div>\n\n\t\t\t\t<\/div>\n\t\t\t\t<\/div>\n\t\t\t\t<div class=\"elementor-element elementor-element-7011532 elementor-widget elementor-widget-wd_text_block\" data-id=\"7011532\" data-element_type=\"widget\" data-widget_type=\"wd_text_block.default\">\n\t\t\t\t<div class=\"elementor-widget-container\">\n\t\t\t\t\t<div class=\"wd-text-block reset-last-child text-left\">\n\t\t\t\n\t\t\t<h4>Certificaci\u00f3n NVIDIA G-Sync Compatible, FreeSync Premium<\/h4><p>Equipado de certificaci\u00f3n G-SYNC Compatible, FreeSync Premium. El ASUS VG278QR ofrece una experiencia de juego sin defectos de imagen, activando VRR por defecto con las gr\u00e1ficas NVIDIA GeForce GTX de la serie 10 y NVIDIA GeForce RTX de la serie 20.<\/p>\n\t\t\t\t\t<\/div>\n\t\t\t\t<\/div>\n\t\t\t\t<\/div>\n\t\t\t\t<div class=\"elementor-element elementor-element-4f49f18 elementor-widget elementor-widget-wd_text_block\" data-id=\"4f49f18\" data-element_type=\"widget\" data-widget_type=\"wd_text_block.default\">\n\t\t\t\t<div class=\"elementor-widget-container\">\n\t\t\t\t\t<div class=\"wd-text-block reset-last-child text-left\">\n\t\t\t\n\t\t\t<div class=\"row-content r-side\" data-v-b7353816=\"\"><div class=\"product-text\"><div class=\"product-heading\"><div class=\"mtitle\"><h4>La tecnolog\u00eda Adaptive-Sync ofrece una acci\u00f3n fluida<\/h4><\/div><div class=\"info\">La tecnolog\u00eda Adaptive-Sync (FreeSync\u2122) proporciona la acci\u00f3n gaming m\u00e1s fluida y r\u00e1pida evitando que la imagen se entrecorte y otros problemas de sincronizaci\u00f3n de FPS.<\/div><\/div><\/div><\/div>\n\t\t\t\t\t<\/div>\n\t\t\t\t<\/div>\n\t\t\t\t<\/div>\n\t\t\t\t<div class=\"elementor-element elementor-element-252ec94 elementor-widget elementor-widget-wd_text_block\" data-id=\"252ec94\" data-element_type=\"widget\" data-widget_type=\"wd_text_block.default\">\n\t\t\t\t<div class=\"elementor-widget-container\">\n\t\t\t\t\t<div class=\"wd-text-block reset-last-child text-left\">\n\t\t\t\n\t\t\t<div class=\"mtitle\"><h4>165 Hz de frecuencia de refresco<\/h4><\/div><div class=\"info\">Los 165 Hz de frecuencia de refresco permiten disfrutar de visuales en movimiento de un modo absolutamente fluido. Y como no hay retardo, puedes reaccionar m\u00e1s r\u00e1pido que tus adversarios en juegos FPS, carreras, estrategia y deportes.<\/div>\n\t\t\t\t\t<\/div>\n\t\t\t\t<\/div>\n\t\t\t\t<\/div>\n\t\t\t\t\t<\/div>\n\t\t<\/div>\n\t\t\t\t<div class=\"elementor-column elementor-col-33 elementor-top-column elementor-element elementor-element-e7b3bda\" data-id=\"e7b3bda\" data-element_type=\"column\">\n\t\t\t<div class=\"elementor-widget-wrap elementor-element-populated\">\n\t\t\t\t\t\t\t\t<div class=\"elementor-element elementor-element-e9bf201 elementor-widget elementor-widget-wd_text_block\" data-id=\"e9bf201\" data-element_type=\"widget\" data-widget_type=\"wd_text_block.default\">\n\t\t\t\t<div class=\"elementor-widget-container\">\n\t\t\t\t\t<div class=\"wd-text-block reset-last-child text-left\">\n\t\t\t\n\t\t\t<div class=\"row-content\" data-v-b7353816=\"\"><div class=\"maintitle\"><div class=\"mtitle\"><h4>0,5 ms* de tiempo de respuesta con ASUS <br \/>Extreme Low Motion Blur<\/h4><\/div><div class=\"info\">Con un tiempo de respuesta de solo 0,5 milisegundos, el monitor ASUS VG278QR lidera su segmento. Disfruta de una acci\u00f3n totalmente fluida y n\u00edtida que te permite reaccionar inmediatamente a lo que ves en la pantalla, algo especialmente indicado para juegos r\u00e1pidos. Toma curvas y acaba con tus enemigos como un profesional. <br \/>ASUS Extreme Low Motion Blur aumenta la nitidez de los objetos en movimiento y proporciona una experiencia todav\u00eda m\u00e1s inmediata y realista. <br \/>*El tiempo de repuesta de 0,5 ms es el m\u00ednimo obtenido en nuestras pruebas internas. El tiempo de repuesta puede variar seg\u00fan las condiciones del test.<\/div><\/div><\/div>\n\t\t\t\t\t<\/div>\n\t\t\t\t<\/div>\n\t\t\t\t<\/div>\n\t\t\t\t<div class=\"elementor-element elementor-element-afe79c1 elementor-widget elementor-widget-wd_text_block\" data-id=\"afe79c1\" data-element_type=\"widget\" data-widget_type=\"wd_text_block.default\">\n\t\t\t\t<div class=\"elementor-widget-container\">\n\t\t\t\t\t<div class=\"wd-text-block reset-last-child text-left\">\n\t\t\t\n\t\t\t<div class=\"maintitle low_input\"><div class=\"mtitle\"><h4>Tecnolog\u00eda GameFast Input: Porque cada milisegundo cuenta<\/h4><\/div><div class=\"info\">Los monitores LCD ofrecen un retardo muy inferior a las televisiones. Adem\u00e1s, el ASUS VG278QR con tecnolog\u00eda GameFast Input reproduce los movimientos a\u00fan m\u00e1s r\u00e1pido para que sigas el ritmo de cualquier juego y seas lo m\u00e1s competitivo posible.<\/div><\/div>\n\t\t\t\t\t<\/div>\n\t\t\t\t<\/div>\n\t\t\t\t<\/div>\n\t\t\t\t<div class=\"elementor-element elementor-element-86a9864 elementor-widget elementor-widget-wd_image_or_svg\" data-id=\"86a9864\" data-element_type=\"widget\" data-widget_type=\"wd_image_or_svg.default\">\n\t\t\t\t<div class=\"elementor-widget-container\">\n\t\t\t\n\t\t<div class=\"wd-image text-left\">\n\t\t\t\t\t\t\t\t<img loading=\"lazy\" decoding=\"async\" width=\"1038\" height=\"700\" src=\"https:\/\/tzila.mx\/dev\/wp-content\/uploads\/2022\/06\/VG278QR-DES-3.png\" class=\"attachment-full size-full\" alt=\"\" srcset=\"https:\/\/tzila.mx\/dev\/wp-content\/uploads\/2022\/06\/VG278QR-DES-3.png 1038w, https:\/\/tzila.mx\/dev\/wp-content\/uploads\/2022\/06\/VG278QR-DES-3-400x270.png 400w, https:\/\/tzila.mx\/dev\/wp-content\/uploads\/2022\/06\/VG278QR-DES-3-768x518.png 768w, https:\/\/tzila.mx\/dev\/wp-content\/uploads\/2022\/06\/VG278QR-DES-3-860x580.png 860w, https:\/\/tzila.mx\/dev\/wp-content\/uploads\/2022\/06\/VG278QR-DES-3-430x290.png 430w, https:\/\/tzila.mx\/dev\/wp-content\/uploads\/2022\/06\/VG278QR-DES-3-700x472.png 700w, https:\/\/tzila.mx\/dev\/wp-content\/uploads\/2022\/06\/VG278QR-DES-3-150x101.png 150w\" sizes=\"auto, (max-width: 1038px) 100vw, 1038px\" \/>\t\t\t\t\t<\/div>\n\n\t\t\t\t<\/div>\n\t\t\t\t<\/div>\n\t\t\t\t<div class=\"elementor-element elementor-element-723b826 elementor-widget elementor-widget-wd_text_block\" data-id=\"723b826\" data-element_type=\"widget\" data-widget_type=\"wd_text_block.default\">\n\t\t\t\t<div class=\"elementor-widget-container\">\n\t\t\t\t\t<div class=\"wd-text-block reset-last-child text-left\">\n\t\t\t\n\t\t\t<div class=\"maintitle low_input\"><div class=\"mtitle\"><h4>Funciones espec\u00edficas de gaming<\/h4><div class=\"mtitle\">Tecnolog\u00eda GamePlus exclusiva de ASUS<\/div><div class=\"info\">La tecnolog\u00eda GamePlus incluye varias ventajas competitivas para rendir al m\u00e1ximo en los juegos. <br \/>Estas herramientas se han desarrollado conjuntamente con gamers profesionales para que puedan practicar y mejorar sus habilidades.<\/div><\/div><\/div>\n\t\t\t\t\t<\/div>\n\t\t\t\t<\/div>\n\t\t\t\t<\/div>\n\t\t\t\t\t<\/div>\n\t\t<\/div>\n\t\t\t\t<div class=\"elementor-column elementor-col-33 elementor-top-column elementor-element elementor-element-ba9b9c1\" data-id=\"ba9b9c1\" data-element_type=\"column\">\n\t\t\t<div class=\"elementor-widget-wrap elementor-element-populated\">\n\t\t\t\t\t\t\t\t<div class=\"elementor-element elementor-element-0bceb54 elementor-widget elementor-widget-wd_text_block\" data-id=\"0bceb54\" data-element_type=\"widget\" data-widget_type=\"wd_text_block.default\">\n\t\t\t\t<div class=\"elementor-widget-container\">\n\t\t\t\t\t<div class=\"wd-text-block reset-last-child text-left\">\n\t\t\t\n\t\t\t<div class=\"maintitle\"><div class=\"mtitle\"><h4>Tecnolog\u00eda GameVisual exclusiva de ASUS<\/h4><\/div><div class=\"info\">La tecnolog\u00eda GameVisual ofrece 7 configuraciones de f\u00e1brica que optimizan la imagen para diferentes tipos de contenido. Se puede acceder a est\u00e1 funci\u00f3n mediante el bot\u00f3n dedicado y el men\u00fa en pantalla<\/div><\/div>\n\t\t\t\t\t<\/div>\n\t\t\t\t<\/div>\n\t\t\t\t<\/div>\n\t\t\t\t<div class=\"elementor-element elementor-element-285f744 elementor-widget elementor-widget-wd_text_block\" data-id=\"285f744\" data-element_type=\"widget\" data-widget_type=\"wd_text_block.default\">\n\t\t\t\t<div class=\"elementor-widget-container\">\n\t\t\t\t\t<div class=\"wd-text-block reset-last-child text-left\">\n\t\t\t\n\t\t\t<h4 class=\"mtitle\">Conectividad y marco ultrafino<\/h4><div class=\"info\">El monitor ASUS VG278QR incluye puertos dual-link DVI-D, DisplayPort 1.2 y HDMI (v1.4) para que conectes todos los dispositivos que necesites. Adem\u00e1s, su marco de 1 cm resulta perfecto para disfrutar de una experiencia inmersiva y panor\u00e1mica con varios monitores<\/div>\n\t\t\t\t\t<\/div>\n\t\t\t\t<\/div>\n\t\t\t\t<\/div>\n\t\t\t\t<div class=\"elementor-element elementor-element-7762cd3 elementor-widget elementor-widget-wd_image_or_svg\" data-id=\"7762cd3\" data-element_type=\"widget\" data-widget_type=\"wd_image_or_svg.default\">\n\t\t\t\t<div class=\"elementor-widget-container\">\n\t\t\t\n\t\t<div class=\"wd-image text-left\">\n\t\t\t\t\t\t\t\t<img loading=\"lazy\" decoding=\"async\" width=\"844\" height=\"443\" src=\"https:\/\/tzila.mx\/dev\/wp-content\/uploads\/2022\/06\/VG278QR-DES-4.png\" class=\"attachment-full size-full\" alt=\"\" srcset=\"https:\/\/tzila.mx\/dev\/wp-content\/uploads\/2022\/06\/VG278QR-DES-4.png 844w, https:\/\/tzila.mx\/dev\/wp-content\/uploads\/2022\/06\/VG278QR-DES-4-400x210.png 400w, https:\/\/tzila.mx\/dev\/wp-content\/uploads\/2022\/06\/VG278QR-DES-4-768x403.png 768w, https:\/\/tzila.mx\/dev\/wp-content\/uploads\/2022\/06\/VG278QR-DES-4-430x226.png 430w, https:\/\/tzila.mx\/dev\/wp-content\/uploads\/2022\/06\/VG278QR-DES-4-700x367.png 700w, https:\/\/tzila.mx\/dev\/wp-content\/uploads\/2022\/06\/VG278QR-DES-4-150x79.png 150w\" sizes=\"auto, (max-width: 844px) 100vw, 844px\" \/>\t\t\t\t\t<\/div>\n\n\t\t\t\t<\/div>\n\t\t\t\t<\/div>\n\t\t\t\t<div class=\"elementor-element elementor-element-780adbf elementor-widget elementor-widget-wd_text_block\" data-id=\"780adbf\" data-element_type=\"widget\" data-widget_type=\"wd_text_block.default\">\n\t\t\t\t<div class=\"elementor-widget-container\">\n\t\t\t\t\t<div class=\"wd-text-block reset-last-child text-left\">\n\t\t\t\n\t\t\t<h4 class=\"btitle\">Preparado para maratones de gaming<\/h4><div class=\"mtitle\">Tecnolog\u00eda Antiparpadeo<\/div><div class=\"info\">Esta tecnolog\u00eda reduce el parpadeo para ofrecerte una experiencia gaming m\u00e1s c\u00f3moda y minimizar la fatiga visual y otros efectos adversos relacionados con las largas sesiones de gaming.<\/div>\n\t\t\t\t\t<\/div>\n\t\t\t\t<\/div>\n\t\t\t\t<\/div>\n\t\t\t\t<div class=\"elementor-element elementor-element-5b59f14 elementor-widget elementor-widget-wd_text_block\" data-id=\"5b59f14\" data-element_type=\"widget\" data-widget_type=\"wd_text_block.default\">\n\t\t\t\t<div class=\"elementor-widget-container\">\n\t\t\t\t\t<div class=\"wd-text-block reset-last-child text-left\">\n\t\t\t\n\t\t\t<div class=\"ptxt\"><h4 class=\"title\">Tecnolog\u00eda Luz azul de baja intensidad<\/h4><div class=\"info\">Este monitor incorpora un filtro para protegerte contra la luz azul perjudicial con certificaci\u00f3n de los laboratorios T\u00dcV Rheinland. El nuevo men\u00fa OSD y la interfaz DisplayWidget incluyen un nuevo apartado con cuatro configuraciones de filtro para que adec\u00faes la respuesta del monitor seg\u00fan el uso que le des en cada momento.<\/div><\/div>\n\t\t\t\t\t<\/div>\n\t\t\t\t<\/div>\n\t\t\t\t<\/div>\n\t\t\t\t<div class=\"elementor-element elementor-element-078b475 elementor-widget elementor-widget-wd_button\" data-id=\"078b475\" data-element_type=\"widget\" data-widget_type=\"wd_button.default\">\n\t\t\t\t<div class=\"elementor-widget-container\">\n\t\t\t\t\t<div class=\"wd-button-wrapper text-center\" >\n\t\t\t<a class=\"btn btn-style-link btn-shape- btn-size-large btn-scheme-light btn-scheme-hover-dark btn-icon-pos-right\"  href=\"https:\/\/www.asus.com\/latin\/Displays-Desktops\/Monitors\/Gaming\/VG278QR\/\" target=\"_blank\">\n\t\t\t\t<span class=\"wd-btn-text\" data-elementor-setting-key=\"text\">\n\t\t\t\t\tSaber m\u00e1s\t\t\t\t<\/span>\n\n\t\t\t\t\t\t\t<\/a>\n\t\t<\/div>\n\t\t\t\t<\/div>\n\t\t\t\t<\/div>\n\t\t\t\t\t<\/div>\n\t\t<\/div>\n\t\t\t\t\t\t\t<\/div>\n\t\t<\/section>\n\t\t\t\t\t\t<\/div>\n\t\t\t\t\t<\/div>\n\t\t","protected":false},"excerpt":{"rendered":"<h4>Caracter\u00edsticas principales:<\/h4>\n<p class=\"p1\"><span class=\"s1\">\u25cf<\/span><span class=\"s2\"> <span id=\"\" class=\"tech-details__item-label\" data-fetched=\"true\">Tama\u00f1o de la pantalla 27 pulgadas<\/span><\/span><br \/>\n<span class=\"s1\">\u25cf <\/span>Resoluci\u00f3n Full HD 1920&#215;1080<br \/>\n<span class=\"s1\">\u25cf<\/span> Puertos DisplayPort 1.2<br \/>\n<span class=\"s1\">\u25cf<\/span> Frecuencia de actualizaci\u00f3n (Max) : 165Hz<br \/>\n<span class=\"s1\">\u25cf<\/span> Tiempo de respuesta 0.5ms (GTG)<\/p>\n","protected":false},"featured_media":15795,"comment_status":"open","ping_status":"closed","template":"","meta":[],"product_cat":[94,32,88,100],"product_tag":[221],"class_list":["post-15792","product","type-product","status-publish","has-post-thumbnail","hentry","product_cat-monitores-set","product_cat-monitores","product_cat-27-pulgadas","product_cat-asus","product_tag-asus","pa_brand-asus"],"_links":{"self":[{"href":"https:\/\/tzila.mx\/dev\/wp-json\/wp\/v2\/product\/15792","targetHints":{"allow":["GET"]}}],"collection":[{"href":"https:\/\/tzila.mx\/dev\/wp-json\/wp\/v2\/product"}],"about":[{"href":"https:\/\/tzila.mx\/dev\/wp-json\/wp\/v2\/types\/product"}],"replies":[{"embeddable":true,"href":"https:\/\/tzila.mx\/dev\/wp-json\/wp\/v2\/comments?post=15792"}],"version-history":[{"count":11,"href":"https:\/\/tzila.mx\/dev\/wp-json\/wp\/v2\/product\/15792\/revisions"}],"predecessor-version":[{"id":15813,"href":"https:\/\/tzila.mx\/dev\/wp-json\/wp\/v2\/product\/15792\/revisions\/15813"}],"wp:featuredmedia":[{"embeddable":true,"href":"https:\/\/tzila.mx\/dev\/wp-json\/wp\/v2\/media\/15795"}],"wp:attachment":[{"href":"https:\/\/tzila.mx\/dev\/wp-json\/wp\/v2\/media?parent=15792"}],"wp:term":[{"taxonomy":"product_cat","embeddable":true,"href":"https:\/\/tzila.mx\/dev\/wp-json\/wp\/v2\/product_cat?post=15792"},{"taxonomy":"product_tag","embeddable":true,"href":"https:\/\/tzila.mx\/dev\/wp-json\/wp\/v2\/product_tag?post=15792"}],"curies":[{"name":"wp","href":"https:\/\/api.w.org\/{rel}","templated":true}]}}