{"id":15728,"date":"2022-06-13T22:04:30","date_gmt":"2022-06-14T03:04:30","guid":{"rendered":"https:\/\/tzila.mx\/dev\/?post_type=product&#038;p=15728"},"modified":"2022-06-29T11:36:02","modified_gmt":"2022-06-29T16:36:02","slug":"audifonos-asus-tuf-gaming-h3","status":"publish","type":"product","link":"https:\/\/tzila.mx\/dev\/producto\/audifonos-asus-tuf-gaming-h3\/","title":{"rendered":"Aud\u00edfonos ASUS TUF GAMING H3"},"content":{"rendered":"\t\t<div data-elementor-type=\"wp-post\" data-elementor-id=\"15728\" class=\"elementor elementor-15728\" data-elementor-settings=\"[]\">\n\t\t\t\t\t\t\t<div class=\"elementor-section-wrap\">\n\t\t\t\t\t\t\t<section class=\"elementor-section elementor-top-section elementor-element elementor-element-a77d38a elementor-section-boxed elementor-section-height-default elementor-section-height-default wd-section-disabled\" data-id=\"a77d38a\" data-element_type=\"section\">\n\t\t\t\t\t\t<div class=\"elementor-container elementor-column-gap-default\">\n\t\t\t\t\t<div class=\"elementor-column elementor-col-33 elementor-top-column elementor-element elementor-element-606b0e0\" data-id=\"606b0e0\" data-element_type=\"column\">\n\t\t\t<div class=\"elementor-widget-wrap elementor-element-populated\">\n\t\t\t\t\t\t\t\t<div class=\"elementor-element elementor-element-2efa55d elementor-widget elementor-widget-wd_text_block\" data-id=\"2efa55d\" data-element_type=\"widget\" data-widget_type=\"wd_text_block.default\">\n\t\t\t\t<div class=\"elementor-widget-container\">\n\t\t\t\t\t<div class=\"wd-text-block reset-last-child text-left\">\n\t\t\t\n\t\t\t<h5><strong>M\u00c1S ESPECIFICACIONES<\/strong><strong>:<\/strong><\/h5>\n\t\t\t\t\t<\/div>\n\t\t\t\t<\/div>\n\t\t\t\t<\/div>\n\t\t\t\t<div class=\"elementor-element elementor-element-00b20a9 elementor-widget elementor-widget-wd_text_block\" data-id=\"00b20a9\" data-element_type=\"widget\" data-widget_type=\"wd_text_block.default\">\n\t\t\t\t<div class=\"elementor-widget-container\">\n\t\t\t\t\t<div class=\"wd-text-block reset-last-child text-left\">\n\t\t\t\n\t\t\t<p>\u25cf Los altavoces ASUS Essence de 50 mm y la exclusiva tecnolog\u00eda de c\u00e1mara estanca ofrecen una experiencia de audio inmersiva.<br \/>\u25cf Sonido envolvente virtual 7.1 compatible con Windows Sonic.<br \/>\u25cf La resistente diadema de acero inoxidable proporciona m\u00e1s estabilidad y durabilidad.<br \/>\u25cf El dise\u00f1o ligero resulta muy c\u00f3modo mientras juegas.<br \/>\u25cf Compatible con equipos PC, Mac, PS4, Nintendo Switch, Xbox One y tel\u00e9fonos m\u00f3viles.<br \/>\u25cf El micr\u00f3fono anal\u00f3gico proporciona unas comunicaciones claras.<br \/><br \/><\/p>\n\t\t\t\t\t<\/div>\n\t\t\t\t<\/div>\n\t\t\t\t<\/div>\n\t\t\t\t\t<\/div>\n\t\t<\/div>\n\t\t\t\t<div class=\"elementor-column elementor-col-66 elementor-top-column elementor-element elementor-element-b692253\" data-id=\"b692253\" data-element_type=\"column\">\n\t\t\t<div class=\"elementor-widget-wrap elementor-element-populated\">\n\t\t\t\t\t\t\t\t<div class=\"elementor-element elementor-element-0fefcf7 elementor-widget elementor-widget-wd_image_or_svg\" data-id=\"0fefcf7\" data-element_type=\"widget\" data-widget_type=\"wd_image_or_svg.default\">\n\t\t\t\t<div class=\"elementor-widget-container\">\n\t\t\t\n\t\t<div class=\"wd-image text-center\">\n\t\t\t\t\t\t\t\t<img decoding=\"async\" src=\"https:\/\/tzila.mx\/dev\/wp-content\/uploads\/elementor\/thumbs\/TUF-GAMING-H3-RED-des-2-pqa801wjpdavmoe9w9b9aaq1xg096ycr5ndvxbckoo.jpg\" title=\"TUF GAMING H3 RED-des-2\" alt=\"TUF GAMING H3 RED-des-2\" \/>\t\t\t\t\t<\/div>\n\n\t\t\t\t<\/div>\n\t\t\t\t<\/div>\n\t\t\t\t\t<\/div>\n\t\t<\/div>\n\t\t\t\t\t\t\t<\/div>\n\t\t<\/section>\n\t\t\t\t<section class=\"elementor-section elementor-top-section elementor-element elementor-element-ec9e38a elementor-section-boxed elementor-section-height-default elementor-section-height-default wd-section-disabled\" data-id=\"ec9e38a\" data-element_type=\"section\">\n\t\t\t\t\t\t<div class=\"elementor-container elementor-column-gap-default\">\n\t\t\t\t\t<div class=\"elementor-column elementor-col-33 elementor-top-column elementor-element elementor-element-c833c6a\" data-id=\"c833c6a\" data-element_type=\"column\">\n\t\t\t<div class=\"elementor-widget-wrap elementor-element-populated\">\n\t\t\t\t\t\t\t\t<div class=\"elementor-element elementor-element-6ae12e9 elementor-widget elementor-widget-wd_text_block\" data-id=\"6ae12e9\" data-element_type=\"widget\" data-widget_type=\"wd_text_block.default\">\n\t\t\t\t<div class=\"elementor-widget-container\">\n\t\t\t\t\t<div class=\"wd-text-block reset-last-child text-left\">\n\t\t\t\n\t\t\t<div class=\"stitle\"><div class=\"mtitle\"><h4>Dise\u00f1o ligero y resistente<\/h4><\/div><div class=\"info\">Los nuevos auriculares TUF Gaming H3 ofrecen una incre\u00edble comodidad y durabilidad para los gamers que juegan o retransmiten durante largos per\u00edodos de tiempo. Con una construcci\u00f3n ligera, almohadillas bien ventiladas, diadema de acero inoxidable, altavoces ASUS Essence de 50 mm y un dise\u00f1o de c\u00e1mara estanca, los auriculares TUF Gaming H3 mejoran tu experiencia de juego con un sonido rico e inmersivo.<\/div><\/div>\n\t\t\t\t\t<\/div>\n\t\t\t\t<\/div>\n\t\t\t\t<\/div>\n\t\t\t\t<div class=\"elementor-element elementor-element-696e1a7 elementor-widget elementor-widget-wd_image_or_svg\" data-id=\"696e1a7\" data-element_type=\"widget\" data-widget_type=\"wd_image_or_svg.default\">\n\t\t\t\t<div class=\"elementor-widget-container\">\n\t\t\t\n\t\t<div class=\"wd-image text-center\">\n\t\t\t\t\t\t\t\t<img loading=\"lazy\" decoding=\"async\" width=\"1920\" height=\"990\" src=\"https:\/\/tzila.mx\/dev\/wp-content\/uploads\/2022\/06\/TUF-GAMING-H3-RED-des-1.jpg\" class=\"attachment-full size-full\" alt=\"\" srcset=\"https:\/\/tzila.mx\/dev\/wp-content\/uploads\/2022\/06\/TUF-GAMING-H3-RED-des-1.jpg 1920w, https:\/\/tzila.mx\/dev\/wp-content\/uploads\/2022\/06\/TUF-GAMING-H3-RED-des-1-400x206.jpg 400w, https:\/\/tzila.mx\/dev\/wp-content\/uploads\/2022\/06\/TUF-GAMING-H3-RED-des-1-1300x670.jpg 1300w, https:\/\/tzila.mx\/dev\/wp-content\/uploads\/2022\/06\/TUF-GAMING-H3-RED-des-1-768x396.jpg 768w, https:\/\/tzila.mx\/dev\/wp-content\/uploads\/2022\/06\/TUF-GAMING-H3-RED-des-1-1536x792.jpg 1536w, https:\/\/tzila.mx\/dev\/wp-content\/uploads\/2022\/06\/TUF-GAMING-H3-RED-des-1-860x443.jpg 860w, https:\/\/tzila.mx\/dev\/wp-content\/uploads\/2022\/06\/TUF-GAMING-H3-RED-des-1-1320x681.jpg 1320w, https:\/\/tzila.mx\/dev\/wp-content\/uploads\/2022\/06\/TUF-GAMING-H3-RED-des-1-430x222.jpg 430w, https:\/\/tzila.mx\/dev\/wp-content\/uploads\/2022\/06\/TUF-GAMING-H3-RED-des-1-700x361.jpg 700w, https:\/\/tzila.mx\/dev\/wp-content\/uploads\/2022\/06\/TUF-GAMING-H3-RED-des-1-150x77.jpg 150w\" sizes=\"auto, (max-width: 1920px) 100vw, 1920px\" \/>\t\t\t\t\t<\/div>\n\n\t\t\t\t<\/div>\n\t\t\t\t<\/div>\n\t\t\t\t<div class=\"elementor-element elementor-element-252ec94 elementor-widget elementor-widget-wd_text_block\" data-id=\"252ec94\" data-element_type=\"widget\" data-widget_type=\"wd_text_block.default\">\n\t\t\t\t<div class=\"elementor-widget-container\">\n\t\t\t\t\t<div class=\"wd-text-block reset-last-child text-left\">\n\t\t\t\n\t\t\t<div class=\"product-content\"><div class=\"maintitle text-left\"><div class=\"stitle\"><div class=\"maintitle\"><div class=\"mtitle\"><h4>Graves incre\u00edblemente potentes y un sonido repleto de detalles<\/h4><\/div><div class=\"stitle\"><p>C\u00e1mara estanca exclusiva y altavoces ASUS Essence<br \/>Los auriculares TUF Gaming H3 heredan las caracter\u00edsticas m\u00e1s emblem\u00e1ticas de los auriculares para juegos de ASUS. La c\u00e1mara herm\u00e9tica exclusiva y los altavoces ASUS Essence te sumergen en una experiencia de juego natural, con m\u00e1s nitidez y potencia de graves.<\/p><\/div><\/div><\/div><\/div><\/div>\n\t\t\t\t\t<\/div>\n\t\t\t\t<\/div>\n\t\t\t\t<\/div>\n\t\t\t\t<div class=\"elementor-element elementor-element-e9bf201 elementor-widget elementor-widget-wd_text_block\" data-id=\"e9bf201\" data-element_type=\"widget\" data-widget_type=\"wd_text_block.default\">\n\t\t\t\t<div class=\"elementor-widget-container\">\n\t\t\t\t\t<div class=\"wd-text-block reset-last-child text-left\">\n\t\t\t\n\t\t\t<div class=\"mtitle\"><h4>Sonido envolvente virtual 7.1<\/h4><\/div><div class=\"info\">La tecnolog\u00eda de sonido envolvente virtual 7.1* proporciona una reproducci\u00f3n m\u00e1s precisa de los elementos sonoros para que compitas con ventaja.<\/div>\n\t\t\t\t\t<\/div>\n\t\t\t\t<\/div>\n\t\t\t\t<\/div>\n\t\t\t\t\t<\/div>\n\t\t<\/div>\n\t\t\t\t<div class=\"elementor-column elementor-col-33 elementor-top-column elementor-element elementor-element-e7b3bda\" data-id=\"e7b3bda\" data-element_type=\"column\">\n\t\t\t<div class=\"elementor-widget-wrap elementor-element-populated\">\n\t\t\t\t\t\t\t\t<div class=\"elementor-element elementor-element-4f49f18 elementor-widget elementor-widget-wd_text_block\" data-id=\"4f49f18\" data-element_type=\"widget\" data-widget_type=\"wd_text_block.default\">\n\t\t\t\t<div class=\"elementor-widget-container\">\n\t\t\t\t\t<div class=\"wd-text-block reset-last-child text-left\">\n\t\t\t\n\t\t\t<div class=\"stitle\"><div id=\"TUFH3-03-2\" class=\"mainsize\"><div class=\"maintitle\"><div class=\"mtitle\"><h4>Comodidad ligera<\/h4><\/div><div class=\"info\">Con un peso de solo 294 gramos, la ligera construcci\u00f3n de los auriculares TUF Gaming H3 te permite jugar c\u00f3modamente durante sesiones prolongadas.<\/div><\/div><\/div><\/div>\n\t\t\t\t\t<\/div>\n\t\t\t\t<\/div>\n\t\t\t\t<\/div>\n\t\t\t\t<div class=\"elementor-element elementor-element-d0a2373 elementor-widget elementor-widget-wd_text_block\" data-id=\"d0a2373\" data-element_type=\"widget\" data-widget_type=\"wd_text_block.default\">\n\t\t\t\t<div class=\"elementor-widget-container\">\n\t\t\t\t\t<div class=\"wd-text-block reset-last-child text-left\">\n\t\t\t\n\t\t\t<div class=\"main-text\" data-sr-id=\"9\"><div id=\"TUFH3-04\" class=\"mainsize\"><div class=\"maintitle\"><div class=\"mtitle\"><h4>Almohadillas ASUS bien ventiladas<\/h4><\/div><p class=\"info\">Los auriculares TUF Gaming H3 emplean unas almohadillas viscoel\u00e1sticas recubiertas en piel proteica que aseguran la m\u00e1xima comodidad. <br \/><br \/>\u25cf 100 % piel proteica<br \/>\u25cf Espuma viscoel\u00e1stica de enfriamiento r\u00e1pido<\/p><\/div><\/div><\/div>\n\t\t\t\t\t<\/div>\n\t\t\t\t<\/div>\n\t\t\t\t<\/div>\n\t\t\t\t<div class=\"elementor-element elementor-element-7a297c2 elementor-widget elementor-widget-wd_image_or_svg\" data-id=\"7a297c2\" data-element_type=\"widget\" data-widget_type=\"wd_image_or_svg.default\">\n\t\t\t\t<div class=\"elementor-widget-container\">\n\t\t\t\n\t\t<div class=\"wd-image text-center\">\n\t\t\t\t\t\t\t\t<img decoding=\"async\" src=\"https:\/\/tzila.mx\/dev\/wp-content\/uploads\/elementor\/thumbs\/TUF-GAMING-H3-RED-des-4-pqa80xuyi66qwvzdb387mlpnz54co46fgdjguwwybo.png\" title=\"TUF GAMING H3 RED-des-4\" alt=\"TUF GAMING H3 RED-des-4\" \/>\t\t\t\t\t<\/div>\n\n\t\t\t\t<\/div>\n\t\t\t\t<\/div>\n\t\t\t\t<div class=\"elementor-element elementor-element-7d838dd elementor-widget elementor-widget-wd_text_block\" data-id=\"7d838dd\" data-element_type=\"widget\" data-widget_type=\"wd_text_block.default\">\n\t\t\t\t<div class=\"elementor-widget-container\">\n\t\t\t\t\t<div class=\"wd-text-block reset-last-child text-left\">\n\t\t\t\n\t\t\t<div class=\"stitle\"><div class=\"mtitle\"><h4>Diadema de acero inoxidable<\/h4><\/div><div class=\"info\">Para soportar los rigores de las sesiones de gaming m\u00e1s intensas y resultar c\u00f3modos durante horas, la diadema de los auriculares TUF Gaming H3 est\u00e1 hecha de acero inoxidable y ejerce un 20 % menos de fuerza de sujeci\u00f3n que otros auriculares.<\/div><\/div>\n\t\t\t\t\t<\/div>\n\t\t\t\t<\/div>\n\t\t\t\t<\/div>\n\t\t\t\t\t<\/div>\n\t\t<\/div>\n\t\t\t\t<div class=\"elementor-column elementor-col-33 elementor-top-column elementor-element elementor-element-ba9b9c1\" data-id=\"ba9b9c1\" data-element_type=\"column\">\n\t\t\t<div class=\"elementor-widget-wrap elementor-element-populated\">\n\t\t\t\t\t\t\t\t<div class=\"elementor-element elementor-element-b8f8f17 elementor-widget elementor-widget-wd_text_block\" data-id=\"b8f8f17\" data-element_type=\"widget\" data-widget_type=\"wd_text_block.default\">\n\t\t\t\t<div class=\"elementor-widget-container\">\n\t\t\t\t\t<div class=\"wd-text-block reset-last-child text-left\">\n\t\t\t\n\t\t\t<div class=\"stitle\"><div class=\"mtitle\"><h4>Comunicaciones m\u00e1s claras<\/h4><\/div><div class=\"info\">Los auriculares TUF Gaming H3 incluyen un micr\u00f3fono unidireccional ajustado para ofrecer comunicaciones de voz claras y certificado por las principales aplicaciones. Los botones de control integrados te permiten controlar instant\u00e1neamente el volumen o silenciar el micr\u00f3fono.<\/div><\/div>\n\t\t\t\t\t<\/div>\n\t\t\t\t<\/div>\n\t\t\t\t<\/div>\n\t\t\t\t<div class=\"elementor-element elementor-element-d37afd9 elementor-widget elementor-widget-wd_image_or_svg\" data-id=\"d37afd9\" data-element_type=\"widget\" data-widget_type=\"wd_image_or_svg.default\">\n\t\t\t\t<div class=\"elementor-widget-container\">\n\t\t\t\n\t\t<div class=\"wd-image text-center\">\n\t\t\t\t\t\t\t\t<img decoding=\"async\" src=\"https:\/\/tzila.mx\/dev\/wp-content\/uploads\/elementor\/thumbs\/TUF-GAMING-H3-RED-des-3-pqa80aczrbakumxi4b2je9n54ic6bol5158buzvsn8.png\" title=\"TUF GAMING H3 RED-des-3\" alt=\"TUF GAMING H3 RED-des-3\" \/>\t\t\t\t\t<\/div>\n\n\t\t\t\t<\/div>\n\t\t\t\t<\/div>\n\t\t\t\t<div class=\"elementor-element elementor-element-aeee49b elementor-widget elementor-widget-wd_text_block\" data-id=\"aeee49b\" data-element_type=\"widget\" data-widget_type=\"wd_text_block.default\">\n\t\t\t\t<div class=\"elementor-widget-container\">\n\t\t\t\t\t<div class=\"wd-text-block reset-last-child text-left\">\n\t\t\t\n\t\t\t<div class=\"stitle\"><div class=\"mtitle\"><h4>Compatibilidad total con PC, Mac, PlayStation 4 y Nintendo Switch<\/h4><\/div><div class=\"info\">Los TUF Gaming H3 son los \u00fanicos auriculares que necesitas, ya que son compatibles con equipos PC, Mac, PS4, Nintendo Switch, Xbox One y smartphones.<\/div><\/div>\n\t\t\t\t\t<\/div>\n\t\t\t\t<\/div>\n\t\t\t\t<\/div>\n\t\t\t\t<div class=\"elementor-element elementor-element-8604524 elementor-widget elementor-widget-wd_image_or_svg\" data-id=\"8604524\" data-element_type=\"widget\" data-widget_type=\"wd_image_or_svg.default\">\n\t\t\t\t<div class=\"elementor-widget-container\">\n\t\t\t\n\t\t<div class=\"wd-image text-center\">\n\t\t\t\t\t\t\t\t<img loading=\"lazy\" decoding=\"async\" width=\"982\" height=\"278\" src=\"https:\/\/tzila.mx\/dev\/wp-content\/uploads\/2022\/06\/TUF-GAMING-H1-des-3.png\" class=\"attachment-full size-full\" alt=\"\" srcset=\"https:\/\/tzila.mx\/dev\/wp-content\/uploads\/2022\/06\/TUF-GAMING-H1-des-3.png 982w, https:\/\/tzila.mx\/dev\/wp-content\/uploads\/2022\/06\/TUF-GAMING-H1-des-3-400x113.png 400w, https:\/\/tzila.mx\/dev\/wp-content\/uploads\/2022\/06\/TUF-GAMING-H1-des-3-768x217.png 768w, https:\/\/tzila.mx\/dev\/wp-content\/uploads\/2022\/06\/TUF-GAMING-H1-des-3-860x243.png 860w, https:\/\/tzila.mx\/dev\/wp-content\/uploads\/2022\/06\/TUF-GAMING-H1-des-3-430x122.png 430w, https:\/\/tzila.mx\/dev\/wp-content\/uploads\/2022\/06\/TUF-GAMING-H1-des-3-700x198.png 700w, https:\/\/tzila.mx\/dev\/wp-content\/uploads\/2022\/06\/TUF-GAMING-H1-des-3-150x42.png 150w\" sizes=\"auto, (max-width: 982px) 100vw, 982px\" \/>\t\t\t\t\t<\/div>\n\n\t\t\t\t<\/div>\n\t\t\t\t<\/div>\n\t\t\t\t<div class=\"elementor-element elementor-element-078b475 elementor-widget elementor-widget-wd_button\" data-id=\"078b475\" data-element_type=\"widget\" data-widget_type=\"wd_button.default\">\n\t\t\t\t<div class=\"elementor-widget-container\">\n\t\t\t\t\t<div class=\"wd-button-wrapper text-center\" >\n\t\t\t<a class=\"btn btn-style-link btn-shape- btn-size-large btn-scheme-light btn-scheme-hover-dark btn-icon-pos-right\"  href=\"https:\/\/www.asus.com\/mx\/Accessories\/Headsets-and-Audio\/TUF-Gaming\/TUF-GAMING-H3\/\" target=\"_blank\">\n\t\t\t\t<span class=\"wd-btn-text\" data-elementor-setting-key=\"text\">\n\t\t\t\t\tSaber m\u00e1s\t\t\t\t<\/span>\n\n\t\t\t\t\t\t\t<\/a>\n\t\t<\/div>\n\t\t\t\t<\/div>\n\t\t\t\t<\/div>\n\t\t\t\t\t<\/div>\n\t\t<\/div>\n\t\t\t\t\t\t\t<\/div>\n\t\t<\/section>\n\t\t\t\t\t\t<\/div>\n\t\t\t\t\t<\/div>\n\t\t","protected":false},"excerpt":{"rendered":"<h4>Caracter\u00edsticas principales:<\/h4>\n<p class=\"p1\"><span class=\"s1\">\u25cf Al\u00e1mbricos<\/span><br \/>\n<span class=\"s2\"><span class=\"s1\">\u25cf Longitud de cable 1.2 metros<\/span><\/span><br \/>\n<span class=\"s1\">\u25cf<span class=\"s2\"> Conector 3.5 mm<\/span><\/span><br \/>\n<span class=\"s1\">\u25cf Compatibilidad con PS4\/PS5\/XBOX<\/span><br \/>\n<span class=\"s1\">\u25cf Aud\u00edfonos de 3.5 mm<\/span><\/p>\n","protected":false},"featured_media":15731,"comment_status":"open","ping_status":"closed","template":"","meta":[],"product_cat":[29,85,100],"product_tag":[218],"class_list":["post-15728","product","type-product","status-publish","has-post-thumbnail","hentry","product_cat-streaming","product_cat-diadema-gamer","product_cat-asus","product_tag-tuf-gaming","pa_brand-asus"],"_links":{"self":[{"href":"https:\/\/tzila.mx\/dev\/wp-json\/wp\/v2\/product\/15728","targetHints":{"allow":["GET"]}}],"collection":[{"href":"https:\/\/tzila.mx\/dev\/wp-json\/wp\/v2\/product"}],"about":[{"href":"https:\/\/tzila.mx\/dev\/wp-json\/wp\/v2\/types\/product"}],"replies":[{"embeddable":true,"href":"https:\/\/tzila.mx\/dev\/wp-json\/wp\/v2\/comments?post=15728"}],"version-history":[{"count":7,"href":"https:\/\/tzila.mx\/dev\/wp-json\/wp\/v2\/product\/15728\/revisions"}],"predecessor-version":[{"id":15743,"href":"https:\/\/tzila.mx\/dev\/wp-json\/wp\/v2\/product\/15728\/revisions\/15743"}],"wp:featuredmedia":[{"embeddable":true,"href":"https:\/\/tzila.mx\/dev\/wp-json\/wp\/v2\/media\/15731"}],"wp:attachment":[{"href":"https:\/\/tzila.mx\/dev\/wp-json\/wp\/v2\/media?parent=15728"}],"wp:term":[{"taxonomy":"product_cat","embeddable":true,"href":"https:\/\/tzila.mx\/dev\/wp-json\/wp\/v2\/product_cat?post=15728"},{"taxonomy":"product_tag","embeddable":true,"href":"https:\/\/tzila.mx\/dev\/wp-json\/wp\/v2\/product_tag?post=15728"}],"curies":[{"name":"wp","href":"https:\/\/api.w.org\/{rel}","templated":true}]}}