{"id":15673,"date":"2022-06-13T20:09:12","date_gmt":"2022-06-14T01:09:12","guid":{"rendered":"https:\/\/tzila.mx\/dev\/?post_type=product&#038;p=15673"},"modified":"2022-06-29T11:36:10","modified_gmt":"2022-06-29T16:36:10","slug":"enfriamiento-liquido-asus-rog-strix-lc-ii-360-argb","status":"publish","type":"product","link":"https:\/\/tzila.mx\/dev\/producto\/enfriamiento-liquido-asus-rog-strix-lc-ii-360-argb\/","title":{"rendered":"Enfriamiento L\u00edquido ASUS ROG STRIX LC II 360 ARGB"},"content":{"rendered":"\t\t<div data-elementor-type=\"wp-post\" data-elementor-id=\"15673\" class=\"elementor elementor-15673\" data-elementor-settings=\"[]\">\n\t\t\t\t\t\t\t<div class=\"elementor-section-wrap\">\n\t\t\t\t\t\t\t<section class=\"elementor-section elementor-top-section elementor-element elementor-element-73f86f1 elementor-section-boxed elementor-section-height-default elementor-section-height-default wd-section-disabled\" data-id=\"73f86f1\" data-element_type=\"section\">\n\t\t\t\t\t\t<div class=\"elementor-container elementor-column-gap-default\">\n\t\t\t\t\t<div class=\"elementor-column elementor-col-33 elementor-top-column elementor-element elementor-element-a97a0da\" data-id=\"a97a0da\" data-element_type=\"column\">\n\t\t\t<div class=\"elementor-widget-wrap elementor-element-populated\">\n\t\t\t\t\t\t\t\t<div class=\"elementor-element elementor-element-ee15466 elementor-widget elementor-widget-wd_text_block\" data-id=\"ee15466\" data-element_type=\"widget\" data-widget_type=\"wd_text_block.default\">\n\t\t\t\t<div class=\"elementor-widget-container\">\n\t\t\t\t\t<div class=\"wd-text-block reset-last-child text-left\">\n\t\t\t\n\t\t\t<h5><strong>M\u00c1S ESPECIFICACIONES<\/strong><strong>:<\/strong><\/h5>\n\t\t\t\t\t<\/div>\n\t\t\t\t<\/div>\n\t\t\t\t<\/div>\n\t\t\t\t<div class=\"elementor-element elementor-element-060aac8 elementor-widget elementor-widget-wd_text_block\" data-id=\"060aac8\" data-element_type=\"widget\" data-widget_type=\"wd_text_block.default\">\n\t\t\t\t<div class=\"elementor-widget-container\">\n\t\t\t\t\t<div class=\"wd-text-block reset-last-child text-left\">\n\t\t\t\n\t\t\t<p>\u25cf La bomba Asetek de s\u00e9ptima generaci\u00f3n ofrece un enfriamiento excepcional y un ruido m\u00ednimo con un rango de funcionamiento a partir de 840 rpm. <br \/>\u25cf Tres ventiladores de radiador dise\u00f1ados por ROG brindan un flujo de aire optimizado y presi\u00f3n est\u00e1tica.<br \/>\u25cf La iluminaci\u00f3n ARGB en la cubierta de la bomba revestida con NCVM y los ventiladores del radiador transmite un dise\u00f1o elegante y moderno.<br \/>\u25cf La est\u00e9tica complementa perfectamente a las tarjetas madre ROG desde el centro del escenario. <br \/>\u25cf Los tubos reforzados con mangas ofrecen una mayor durabilidad.<\/p>\n\t\t\t\t\t<\/div>\n\t\t\t\t<\/div>\n\t\t\t\t<\/div>\n\t\t\t\t\t<\/div>\n\t\t<\/div>\n\t\t\t\t<div class=\"elementor-column elementor-col-66 elementor-top-column elementor-element elementor-element-58ccbf6\" data-id=\"58ccbf6\" data-element_type=\"column\">\n\t\t\t<div class=\"elementor-widget-wrap elementor-element-populated\">\n\t\t\t\t\t\t\t\t<div class=\"elementor-element elementor-element-8fc16ba elementor-widget elementor-widget-wd_image_or_svg\" data-id=\"8fc16ba\" data-element_type=\"widget\" data-widget_type=\"wd_image_or_svg.default\">\n\t\t\t\t<div class=\"elementor-widget-container\">\n\t\t\t\n\t\t<div class=\"wd-image text-center\">\n\t\t\t\t\t\t\t\t<img decoding=\"async\" src=\"https:\/\/tzila.mx\/dev\/wp-content\/uploads\/elementor\/thumbs\/ROG-STRIX-LC-II-360-ARGB-des-3-scaled-pqa30s4n114kewnfsysbf47utb2re7erurtnrigvxo.jpg\" title=\"ROG STRIX LC II 360 ARGB-des-3\" alt=\"ROG STRIX LC II 360 ARGB-des-3\" \/>\t\t\t\t\t<\/div>\n\n\t\t\t\t<\/div>\n\t\t\t\t<\/div>\n\t\t\t\t\t<\/div>\n\t\t<\/div>\n\t\t\t\t\t\t\t<\/div>\n\t\t<\/section>\n\t\t\t\t<section class=\"elementor-section elementor-top-section elementor-element elementor-element-8b0c073 elementor-section-boxed elementor-section-height-default elementor-section-height-default wd-section-disabled\" data-id=\"8b0c073\" data-element_type=\"section\">\n\t\t\t\t\t\t<div class=\"elementor-container elementor-column-gap-default\">\n\t\t\t\t\t<div class=\"elementor-column elementor-col-33 elementor-top-column elementor-element elementor-element-78c2af7\" data-id=\"78c2af7\" data-element_type=\"column\">\n\t\t\t<div class=\"elementor-widget-wrap elementor-element-populated\">\n\t\t\t\t\t\t\t\t<div class=\"elementor-element elementor-element-1dde15d elementor-widget elementor-widget-wd_text_block\" data-id=\"1dde15d\" data-element_type=\"widget\" data-widget_type=\"wd_text_block.default\">\n\t\t\t\t<div class=\"elementor-widget-container\">\n\t\t\t\t\t<div class=\"wd-text-block reset-last-child text-left\">\n\t\t\t\n\t\t\t<p>ROG Strix LC II 360 ARGB AIO delivers high-performance CPU liquid cooling with sleek, modern aesthetics. Featuring a closed-loop design and ARGB radiator fans, the cooler unleashes the full potential of an Intel<sup>\u00ae<\/sup> or AMD CPU while further accentuating your build with brilliant multi-color lighting effects. With the cooling you expect from ROG, Strix LC II 360 ARGB is ready to become an essential part of your rig and light it up with your own unique style.<\/p>\n\t\t\t\t\t<\/div>\n\t\t\t\t<\/div>\n\t\t\t\t<\/div>\n\t\t\t\t<div class=\"elementor-element elementor-element-106924e elementor-widget elementor-widget-wd_image_or_svg\" data-id=\"106924e\" data-element_type=\"widget\" data-widget_type=\"wd_image_or_svg.default\">\n\t\t\t\t<div class=\"elementor-widget-container\">\n\t\t\t\n\t\t<div class=\"wd-image text-center\">\n\t\t\t\t\t\t\t\t<img decoding=\"async\" src=\"https:\/\/tzila.mx\/dev\/wp-content\/uploads\/elementor\/thumbs\/ROG-STRIX-LC-II-360-ARGB-des-2-pqa30iq6oz7onoq2050eaonjdjm4ujwsm4d7pdou60.jpg\" title=\"ROG STRIX LC II 360 ARGB-des-2\" alt=\"ROG STRIX LC II 360 ARGB-des-2\" \/>\t\t\t\t\t<\/div>\n\n\t\t\t\t<\/div>\n\t\t\t\t<\/div>\n\t\t\t\t<div class=\"elementor-element elementor-element-f1cee85 elementor-widget elementor-widget-wd_text_block\" data-id=\"f1cee85\" data-element_type=\"widget\" data-widget_type=\"wd_text_block.default\">\n\t\t\t\t<div class=\"elementor-widget-container\">\n\t\t\t\t\t<div class=\"wd-text-block reset-last-child text-left\">\n\t\t\t\n\t\t\t<h4>PERSONALIZACI\u00d3N DE SIGUIENTE NIVEL<\/h4><article data-v-b7353816=\"\"><div class=\"inner\"><div class=\"text2\" data-sr-id=\"3\"><p class=\"cetra-p\">Los nuevos e intrincados dise\u00f1os de ROG Strix LC II 360 ARGB muestran la est\u00e9tica ic\u00f3nica de ROG y cada detalle brilla con el esp\u00edritu de Strix. La compatibilidad con Aura Sync en el nuevo logotipo ROG iluminado de la cubierta de la bomba y los ventiladores del radiador ARGB le permite coordinar los efectos de iluminaci\u00f3n con los componentes de construcci\u00f3n ROG y mostrar su estilo personal. Adem\u00e1s, las letras ROG grabadas en el costado del radiador complementan las letras iridiscentes en los ejes de cada ventilador.<\/p><\/div><\/div><\/article>\n\t\t\t\t\t<\/div>\n\t\t\t\t<\/div>\n\t\t\t\t<\/div>\n\t\t\t\t\t<\/div>\n\t\t<\/div>\n\t\t\t\t<div class=\"elementor-column elementor-col-33 elementor-top-column elementor-element elementor-element-cb92818\" data-id=\"cb92818\" data-element_type=\"column\">\n\t\t\t<div class=\"elementor-widget-wrap elementor-element-populated\">\n\t\t\t\t\t\t\t\t<div class=\"elementor-element elementor-element-a28aaef elementor-widget elementor-widget-wd_text_block\" data-id=\"a28aaef\" data-element_type=\"widget\" data-widget_type=\"wd_text_block.default\">\n\t\t\t\t<div class=\"elementor-widget-container\">\n\t\t\t\t\t<div class=\"wd-text-block reset-last-child text-left\">\n\t\t\t\n\t\t\t<div class=\"inner\"><div class=\"text\" data-sr-id=\"4\"><h4 class=\"cetra-title\">FRESCO HASTA EL N\u00daCLEO<\/h4><p class=\"cetra-p\">Los ventiladores del radiador ROG est\u00e1n espec\u00edficamente ajustados para ofrecer un rendimiento \u00f3ptimo en los radiadores de la serie ROG Strix LC II. Los ventiladores generan 81 CFM \/ 5,0 mmH2O para lograr una eficiencia de enfriamiento excepcional.<\/p><\/div><\/div>\n\t\t\t\t\t<\/div>\n\t\t\t\t<\/div>\n\t\t\t\t<\/div>\n\t\t\t\t<div class=\"elementor-element elementor-element-8863c8c elementor-widget elementor-widget-wd_text_block\" data-id=\"8863c8c\" data-element_type=\"widget\" data-widget_type=\"wd_text_block.default\">\n\t\t\t\t<div class=\"elementor-widget-container\">\n\t\t\t\t\t<div class=\"wd-text-block reset-last-child text-left\">\n\t\t\t\n\t\t\t<h4>Dise\u00f1o de bomba mejorado<\/h4><p>La serie ROG Strix LC II est\u00e1 equipada con el \u00faltimo dise\u00f1o de placa de refrigeraci\u00f3n, que cuenta con microcanales que proporcionan una mayor superficie para la disipaci\u00f3n t\u00e9rmica del calor de la CPU. Esta caracter\u00edstica innovadora reduce la resistencia t\u00e9rmica, brindando un rendimiento m\u00e1s eficiente y temperaturas m\u00e1s fr\u00edas.<\/p>\n\t\t\t\t\t<\/div>\n\t\t\t\t<\/div>\n\t\t\t\t<\/div>\n\t\t\t\t<div class=\"elementor-element elementor-element-feb9242 elementor-widget elementor-widget-wd_text_block\" data-id=\"feb9242\" data-element_type=\"widget\" data-widget_type=\"wd_text_block.default\">\n\t\t\t\t<div class=\"elementor-widget-container\">\n\t\t\t\t\t<div class=\"wd-text-block reset-last-child text-left\">\n\t\t\t\n\t\t\t<h4>Control preciso de bomba PWM de 4 pines<\/h4><p>Con control PWM de 4 pines tanto para la bomba como para los ventiladores del radiador, la serie ROG Strix LC II ofrece un control de velocidad preciso para el equilibrio \u00f3ptimo de rendimiento y ac\u00fastica en cada escenario.<\/p>\n\t\t\t\t\t<\/div>\n\t\t\t\t<\/div>\n\t\t\t\t<\/div>\n\t\t\t\t<div class=\"elementor-element elementor-element-9784b9e elementor-widget elementor-widget-wd_image_or_svg\" data-id=\"9784b9e\" data-element_type=\"widget\" data-widget_type=\"wd_image_or_svg.default\">\n\t\t\t\t<div class=\"elementor-widget-container\">\n\t\t\t\n\t\t<div class=\"wd-image text-center\">\n\t\t\t\t\t\t\t\t<img decoding=\"async\" src=\"https:\/\/tzila.mx\/dev\/wp-content\/uploads\/elementor\/thumbs\/ROG-STRIX-LC-II-360-ARGB-des-1-pqa30eytxn294y7dg21nr5oot2wkcti9yv0crskxc4.jpg\" title=\"ROG STRIX LC II 360 ARGB-des-1\" alt=\"ROG STRIX LC II 360 ARGB-des-1\" \/>\t\t\t\t\t<\/div>\n\n\t\t\t\t<\/div>\n\t\t\t\t<\/div>\n\t\t\t\t\t<\/div>\n\t\t<\/div>\n\t\t\t\t<div class=\"elementor-column elementor-col-33 elementor-top-column elementor-element elementor-element-5d1ce0b\" data-id=\"5d1ce0b\" data-element_type=\"column\">\n\t\t\t<div class=\"elementor-widget-wrap elementor-element-populated\">\n\t\t\t\t\t\t\t\t<div class=\"elementor-element elementor-element-18207ea elementor-widget elementor-widget-wd_text_block\" data-id=\"18207ea\" data-element_type=\"widget\" data-widget_type=\"wd_text_block.default\">\n\t\t\t\t<div class=\"elementor-widget-container\">\n\t\t\t\t\t<div class=\"wd-text-block reset-last-child text-left\">\n\t\t\t\n\t\t\t<div class=\"text\"><h4 class=\"cetra-title\">COMPATIBILIDAD INTEGRAL<\/h4><p>La serie ROG Strix LC II es compatible con una amplia gama de plataformas de placas base Intel\u00ae y AMD, lo que le brinda la flexibilidad de emparejarla con el procesador que elija.<br \/>Tambi\u00e9n viene equipado con tuber\u00eda de 380 mm para facilitar el montaje y el enrutamiento.<\/p><\/div>\n\t\t\t\t\t<\/div>\n\t\t\t\t<\/div>\n\t\t\t\t<\/div>\n\t\t\t\t<div class=\"elementor-element elementor-element-bd5abe7 elementor-widget elementor-widget-wd_image_or_svg\" data-id=\"bd5abe7\" data-element_type=\"widget\" data-widget_type=\"wd_image_or_svg.default\">\n\t\t\t\t<div class=\"elementor-widget-container\">\n\t\t\t\n\t\t<div class=\"wd-image text-center\">\n\t\t\t\t\t\t\t\t<img decoding=\"async\" src=\"https:\/\/tzila.mx\/dev\/wp-content\/uploads\/elementor\/thumbs\/ROG-STRIX-LC-II-360-ARGB-des-4-pqa312gsohyf7798mu7bzhr7npoqp93ke3bhrpm30k.png\" title=\"ROG STRIX LC II 360 ARGB-des-4\" alt=\"ROG STRIX LC II 360 ARGB-des-4\" \/>\t\t\t\t\t<\/div>\n\n\t\t\t\t<\/div>\n\t\t\t\t<\/div>\n\t\t\t\t<div class=\"elementor-element elementor-element-10eec3b elementor-widget elementor-widget-wd_text_block\" data-id=\"10eec3b\" data-element_type=\"widget\" data-widget_type=\"wd_text_block.default\">\n\t\t\t\t<div class=\"elementor-widget-container\">\n\t\t\t\t\t<div class=\"wd-text-block reset-last-child text-left\">\n\t\t\t\n\t\t\t<div class=\"text\"><h4 class=\"txt-red reveal_opacity\" data-sr-id=\"7\">Armoury Crate<\/h4><p class=\"reveal_opacity_d5\" data-sr-id=\"12\">Armoury Crate is a software utility that provides centralized control of supported ROG gaming products. From a single intuitive interface, Armoury Crate puts command of all your Aura gear at your fingertips, including access to the powerful Aura Creator \u2013 opening up infinite lighting possibilities. The software also provides control of settings for a select and growing number of ROG products, making it easier to tune the look and feel of your system. Armoury Crate even features dedicated areas for product registration and ROG news to help you stay in touch with the ROG gaming community.<\/p><\/div>\n\t\t\t\t\t<\/div>\n\t\t\t\t<\/div>\n\t\t\t\t<\/div>\n\t\t\t\t<div class=\"elementor-element elementor-element-8cb05d3 elementor-widget elementor-widget-wd_button\" data-id=\"8cb05d3\" data-element_type=\"widget\" data-widget_type=\"wd_button.default\">\n\t\t\t\t<div class=\"elementor-widget-container\">\n\t\t\t\t\t<div class=\"wd-button-wrapper text-center\" >\n\t\t\t<a class=\"btn btn-style-link btn-shape- btn-size-large btn-scheme-light btn-scheme-hover-dark btn-icon-pos-right\"  href=\"https:\/\/rog.asus.com\/latin\/cooling\/cpu-liquid-coolers\/rog-strix-lc\/rog-strix-lc-ii-360-argb-model\/\" target=\"_blank\">\n\t\t\t\t<span class=\"wd-btn-text\" data-elementor-setting-key=\"text\">\n\t\t\t\t\tSaber m\u00e1s\t\t\t\t<\/span>\n\n\t\t\t\t\t\t\t<\/a>\n\t\t<\/div>\n\t\t\t\t<\/div>\n\t\t\t\t<\/div>\n\t\t\t\t\t<\/div>\n\t\t<\/div>\n\t\t\t\t\t\t\t<\/div>\n\t\t<\/section>\n\t\t\t\t\t\t<\/div>\n\t\t\t\t\t<\/div>\n\t\t","protected":false},"excerpt":{"rendered":"<h4>Caracter\u00edsticas principales:<\/h4>\n<p class=\"p1\"><span class=\"s1\">\u25cf T<\/span>odo en uno, Tres ventiladores de radiador<br \/>\n<span class=\"s1\">\u25cf <\/span>ARGB con Aura Sync<br \/>\n<span class=\"s1\">\u25cf C<\/span>ompatible con Intel<sup>\u00ae <\/sup>y AMD<br \/>\n<span class=\"s1\">\u25cf<\/span> Dise\u00f1o elegante y moderno<\/p>\n","protected":false},"featured_media":15678,"comment_status":"open","ping_status":"closed","template":"","meta":[],"product_cat":[141,76,100],"product_tag":[114],"class_list":["post-15673","product","type-product","status-publish","has-post-thumbnail","hentry","product_cat-enfriamiento","product_cat-liquid-cooler","product_cat-asus","product_tag-rog-gaming","pa_brand-asus"],"_links":{"self":[{"href":"https:\/\/tzila.mx\/dev\/wp-json\/wp\/v2\/product\/15673","targetHints":{"allow":["GET"]}}],"collection":[{"href":"https:\/\/tzila.mx\/dev\/wp-json\/wp\/v2\/product"}],"about":[{"href":"https:\/\/tzila.mx\/dev\/wp-json\/wp\/v2\/types\/product"}],"replies":[{"embeddable":true,"href":"https:\/\/tzila.mx\/dev\/wp-json\/wp\/v2\/comments?post=15673"}],"version-history":[{"count":11,"href":"https:\/\/tzila.mx\/dev\/wp-json\/wp\/v2\/product\/15673\/revisions"}],"predecessor-version":[{"id":15693,"href":"https:\/\/tzila.mx\/dev\/wp-json\/wp\/v2\/product\/15673\/revisions\/15693"}],"wp:featuredmedia":[{"embeddable":true,"href":"https:\/\/tzila.mx\/dev\/wp-json\/wp\/v2\/media\/15678"}],"wp:attachment":[{"href":"https:\/\/tzila.mx\/dev\/wp-json\/wp\/v2\/media?parent=15673"}],"wp:term":[{"taxonomy":"product_cat","embeddable":true,"href":"https:\/\/tzila.mx\/dev\/wp-json\/wp\/v2\/product_cat?post=15673"},{"taxonomy":"product_tag","embeddable":true,"href":"https:\/\/tzila.mx\/dev\/wp-json\/wp\/v2\/product_tag?post=15673"}],"curies":[{"name":"wp","href":"https:\/\/api.w.org\/{rel}","templated":true}]}}