{"id":12973,"date":"2022-05-27T13:20:24","date_gmt":"2022-05-27T18:20:24","guid":{"rendered":"https:\/\/tzila.mx\/dev\/?post_type=product&#038;p=12973"},"modified":"2022-06-16T20:09:27","modified_gmt":"2022-06-17T01:09:27","slug":"monitor-gamer-asus-28-4k-ultra-hd-vp28uqg","status":"publish","type":"product","link":"https:\/\/tzila.mx\/dev\/producto\/monitor-gamer-asus-28-4k-ultra-hd-vp28uqg\/","title":{"rendered":"Monitor Gamer ASUS  28&#8243; 4K Ultra HD VP28UQG"},"content":{"rendered":"\t\t<div data-elementor-type=\"wp-post\" data-elementor-id=\"12973\" class=\"elementor elementor-12973\" data-elementor-settings=\"[]\">\n\t\t\t\t\t\t\t<div class=\"elementor-section-wrap\">\n\t\t\t\t\t\t\t<section class=\"elementor-section elementor-top-section elementor-element elementor-element-a77d38a elementor-section-boxed elementor-section-height-default elementor-section-height-default wd-section-disabled\" data-id=\"a77d38a\" data-element_type=\"section\">\n\t\t\t\t\t\t<div class=\"elementor-container elementor-column-gap-default\">\n\t\t\t\t\t<div class=\"elementor-column elementor-col-33 elementor-top-column elementor-element elementor-element-606b0e0\" data-id=\"606b0e0\" data-element_type=\"column\">\n\t\t\t<div class=\"elementor-widget-wrap elementor-element-populated\">\n\t\t\t\t\t\t\t\t<div class=\"elementor-element elementor-element-2efa55d elementor-widget elementor-widget-wd_text_block\" data-id=\"2efa55d\" data-element_type=\"widget\" data-widget_type=\"wd_text_block.default\">\n\t\t\t\t<div class=\"elementor-widget-container\">\n\t\t\t\t\t<div class=\"wd-text-block reset-last-child text-left\">\n\t\t\t\n\t\t\t<h5><strong>M\u00c1S ESPECIFICACIONES<\/strong><strong>:<\/strong><\/h5>\n\t\t\t\t\t<\/div>\n\t\t\t\t<\/div>\n\t\t\t\t<\/div>\n\t\t\t\t<div class=\"elementor-element elementor-element-00b20a9 elementor-widget elementor-widget-wd_text_block\" data-id=\"00b20a9\" data-element_type=\"widget\" data-widget_type=\"wd_text_block.default\">\n\t\t\t\t<div class=\"elementor-widget-container\">\n\t\t\t\t\t<div class=\"wd-text-block reset-last-child text-left\">\n\t\t\t\n\t\t\t<p>\u25cf Monitor 4K UHD (3840 x 2160) de 28 pulgadas con un nivel de realismo impactante.<br \/>\u25cf 1 ms de tiempo de respuesta y tecnolog\u00eda Adaptive-Sync para disfrutar de la acci\u00f3n gaming m\u00e1s fluida y r\u00e1pida.<br \/>\u25cf Puertos DisplayPort 1.2 y 2 HDMI(v 2.0) para contenidos 4K UHD.<br \/>\u25cf Tecnolog\u00eda exclusiva GamePlus de ASUS con mirilla, temporizador contador de FPS y alineamiento de pantallas.<br \/>\u25cf Certificaciones TUV Rheinland de Luz azul de baja intensidad y Antiparpadeo para proteger la vista.<\/p>\n\t\t\t\t\t<\/div>\n\t\t\t\t<\/div>\n\t\t\t\t<\/div>\n\t\t\t\t\t<\/div>\n\t\t<\/div>\n\t\t\t\t<div class=\"elementor-column elementor-col-66 elementor-top-column elementor-element elementor-element-b692253\" data-id=\"b692253\" data-element_type=\"column\">\n\t\t\t<div class=\"elementor-widget-wrap elementor-element-populated\">\n\t\t\t\t\t\t\t\t<div class=\"elementor-element elementor-element-0fefcf7 elementor-widget elementor-widget-wd_image_or_svg\" data-id=\"0fefcf7\" data-element_type=\"widget\" data-widget_type=\"wd_image_or_svg.default\">\n\t\t\t\t<div class=\"elementor-widget-container\">\n\t\t\t\n\t\t<div class=\"wd-image text-center\">\n\t\t\t\t\t\t\t\t<img loading=\"lazy\" decoding=\"async\" width=\"1169\" height=\"613\" src=\"https:\/\/tzila.mx\/dev\/wp-content\/uploads\/2022\/05\/VP28UQG-des-1.png\" class=\"attachment-full size-full\" alt=\"\" srcset=\"https:\/\/tzila.mx\/dev\/wp-content\/uploads\/2022\/05\/VP28UQG-des-1.png 1169w, https:\/\/tzila.mx\/dev\/wp-content\/uploads\/2022\/05\/VP28UQG-des-1-400x210.png 400w, https:\/\/tzila.mx\/dev\/wp-content\/uploads\/2022\/05\/VP28UQG-des-1-768x403.png 768w, https:\/\/tzila.mx\/dev\/wp-content\/uploads\/2022\/05\/VP28UQG-des-1-860x451.png 860w, https:\/\/tzila.mx\/dev\/wp-content\/uploads\/2022\/05\/VP28UQG-des-1-430x225.png 430w, https:\/\/tzila.mx\/dev\/wp-content\/uploads\/2022\/05\/VP28UQG-des-1-700x367.png 700w, https:\/\/tzila.mx\/dev\/wp-content\/uploads\/2022\/05\/VP28UQG-des-1-150x79.png 150w\" sizes=\"auto, (max-width: 1169px) 100vw, 1169px\" \/>\t\t\t\t\t<\/div>\n\n\t\t\t\t<\/div>\n\t\t\t\t<\/div>\n\t\t\t\t\t<\/div>\n\t\t<\/div>\n\t\t\t\t\t\t\t<\/div>\n\t\t<\/section>\n\t\t\t\t<section class=\"elementor-section elementor-top-section elementor-element elementor-element-ec9e38a elementor-section-boxed elementor-section-height-default elementor-section-height-default wd-section-disabled\" data-id=\"ec9e38a\" data-element_type=\"section\">\n\t\t\t\t\t\t<div class=\"elementor-container elementor-column-gap-default\">\n\t\t\t\t\t<div class=\"elementor-column elementor-col-33 elementor-top-column elementor-element elementor-element-c833c6a\" data-id=\"c833c6a\" data-element_type=\"column\">\n\t\t\t<div class=\"elementor-widget-wrap elementor-element-populated\">\n\t\t\t\t\t\t\t\t<div class=\"elementor-element elementor-element-6ae12e9 elementor-widget elementor-widget-wd_text_block\" data-id=\"6ae12e9\" data-element_type=\"widget\" data-widget_type=\"wd_text_block.default\">\n\t\t\t\t<div class=\"elementor-widget-container\">\n\t\t\t\t\t<div class=\"wd-text-block reset-last-child text-left\">\n\t\t\t\n\t\t\t<h4>Funciones espec\u00edficas de gaming<\/h4><p>El monitor de gaming ASUS VP28UQG se ha creado para ganar competiciones gaming profesionales. Gracias a su panel 4K UHD con 1 ms de tiempo de respuesta, este monitor desvanece la barrera que separa realidad de ficci\u00f3n sumergi\u00e9ndote en los mundos gaming m\u00e1s realistas. Adem\u00e1s incluye las exclusivas tecnolog\u00edas ASUS GamePlus, creadas para llevar tu experiencia gaming al siguiente nivel.<\/p>\n\t\t\t\t\t<\/div>\n\t\t\t\t<\/div>\n\t\t\t\t<\/div>\n\t\t\t\t<div class=\"elementor-element elementor-element-56cc7a2 elementor-widget elementor-widget-wd_image_or_svg\" data-id=\"56cc7a2\" data-element_type=\"widget\" data-widget_type=\"wd_image_or_svg.default\">\n\t\t\t\t<div class=\"elementor-widget-container\">\n\t\t\t\n\t\t<div class=\"wd-image text-left\">\n\t\t\t\t\t\t\t\t<img loading=\"lazy\" decoding=\"async\" width=\"1031\" height=\"537\" src=\"https:\/\/tzila.mx\/dev\/wp-content\/uploads\/2022\/05\/VP28UQG-des-2.png\" class=\"attachment-full size-full\" alt=\"\" srcset=\"https:\/\/tzila.mx\/dev\/wp-content\/uploads\/2022\/05\/VP28UQG-des-2.png 1031w, https:\/\/tzila.mx\/dev\/wp-content\/uploads\/2022\/05\/VP28UQG-des-2-400x208.png 400w, https:\/\/tzila.mx\/dev\/wp-content\/uploads\/2022\/05\/VP28UQG-des-2-768x400.png 768w, https:\/\/tzila.mx\/dev\/wp-content\/uploads\/2022\/05\/VP28UQG-des-2-860x448.png 860w, https:\/\/tzila.mx\/dev\/wp-content\/uploads\/2022\/05\/VP28UQG-des-2-430x224.png 430w, https:\/\/tzila.mx\/dev\/wp-content\/uploads\/2022\/05\/VP28UQG-des-2-700x365.png 700w, https:\/\/tzila.mx\/dev\/wp-content\/uploads\/2022\/05\/VP28UQG-des-2-150x78.png 150w\" sizes=\"auto, (max-width: 1031px) 100vw, 1031px\" \/>\t\t\t\t\t<\/div>\n\n\t\t\t\t<\/div>\n\t\t\t\t<\/div>\n\t\t\t\t<div class=\"elementor-element elementor-element-e9bf201 elementor-widget elementor-widget-wd_text_block\" data-id=\"e9bf201\" data-element_type=\"widget\" data-widget_type=\"wd_text_block.default\">\n\t\t\t\t<div class=\"elementor-widget-container\">\n\t\t\t\t\t<div class=\"wd-text-block reset-last-child text-left\">\n\t\t\t\n\t\t\t<div class=\"row-content\" data-v-b7353816=\"\"><h4>Pantalla 4K UHD de 28 pulgadas con una imagen muy detallada y m\u00e1s espacio en pantalla<\/h4><p>Con un panel de 28\" con resoluci\u00f3n 4K UHD 3840 x 2160 y 157 p\u00edxeles por pulgada, el monitor ASUS VP28UQG ofrece im\u00e1genes incre\u00edblemente realistas y textos muy n\u00edtidos y definidos. Disfruta de tus pel\u00edculas y juegos con un nivel de detalle espectacular gracias a un n\u00famero de p\u00edxeles 4 veces mayor que los monitores Full HD con un tama\u00f1o similar, as\u00ed como de m\u00e1s espacio para pantallas y paletas. El ASUS VP28UQG te sumerge en los mundos de los juegos con unos elementos repletos de texturas y mapas de terreno con unos detalles impresionantes.<\/p><\/div>\n\t\t\t\t\t<\/div>\n\t\t\t\t<\/div>\n\t\t\t\t<\/div>\n\t\t\t\t\t<\/div>\n\t\t<\/div>\n\t\t\t\t<div class=\"elementor-column elementor-col-33 elementor-top-column elementor-element elementor-element-e7b3bda\" data-id=\"e7b3bda\" data-element_type=\"column\">\n\t\t\t<div class=\"elementor-widget-wrap elementor-element-populated\">\n\t\t\t\t\t\t\t\t<div class=\"elementor-element elementor-element-4f49f18 elementor-widget elementor-widget-wd_text_block\" data-id=\"4f49f18\" data-element_type=\"widget\" data-widget_type=\"wd_text_block.default\">\n\t\t\t\t<div class=\"elementor-widget-container\">\n\t\t\t\t\t<div class=\"wd-text-block reset-last-child text-left\">\n\t\t\t\n\t\t\t<div class=\"row-content r-side\" data-v-b7353816=\"\"><div class=\"product-text\"><div class=\"product-heading\"><h4>1 ms de tiempo de respuesta<\/h4><\/div><\/div><article data-v-b7353816=\"\">Con un tiempo de respuesta de 1 ms, el monitor ASUS VP28UQG elimina el efecto tearing y la acci\u00f3n borrosa incluso con los \u00faltimos juegos. Tales condiciones te permiten reaccionar instant\u00e1neamente a lo que ves en pantalla, lo que resulta especialmente indicado para juegos con una acci\u00f3n trepidante: toma curvas y acaba con tus enemigos como un profesional. Adem\u00e1s, la tecnolog\u00eda Adaptive-Sync* elimina los defectos de la imagen para disfrutar de la acci\u00f3n gaming m\u00e1s fluida y r\u00e1pida.<\/article><\/div>\n\t\t\t\t\t<\/div>\n\t\t\t\t<\/div>\n\t\t\t\t<\/div>\n\t\t\t\t<div class=\"elementor-element elementor-element-252ec94 elementor-widget elementor-widget-wd_text_block\" data-id=\"252ec94\" data-element_type=\"widget\" data-widget_type=\"wd_text_block.default\">\n\t\t\t\t<div class=\"elementor-widget-container\">\n\t\t\t\t\t<div class=\"wd-text-block reset-last-child text-left\">\n\t\t\t\n\t\t\t<h4>Excelente conectividad<\/h4><p>Ya bien seas un gamer o un amante del cine, los puertos DisplayPort 1.2 y HDMI (v 2.0) del ASUS MG28UQ te permiten disfrutar de tus t\u00edtulos preferidos en resoluci\u00f3n 4K UHD y una frecuencia de refresco de 60 Hz.<\/p>\n\t\t\t\t\t<\/div>\n\t\t\t\t<\/div>\n\t\t\t\t<\/div>\n\t\t\t\t<div class=\"elementor-element elementor-element-d0a2373 elementor-widget elementor-widget-wd_text_block\" data-id=\"d0a2373\" data-element_type=\"widget\" data-widget_type=\"wd_text_block.default\">\n\t\t\t\t<div class=\"elementor-widget-container\">\n\t\t\t\t\t<div class=\"wd-text-block reset-last-child text-left\">\n\t\t\t\n\t\t\t<h4>Tecnolog\u00eda GamePlus exclusiva de ASUS<\/h4><p>La tecnolog\u00eda GamePlus incluye varias ventajas competitivas para rendir al m\u00e1ximo en los juegos. Estas herramientas permiten que los gamers practiquen y mejoren sus habilidades .<\/p>\n\t\t\t\t\t<\/div>\n\t\t\t\t<\/div>\n\t\t\t\t<\/div>\n\t\t\t\t<div class=\"elementor-element elementor-element-f8f184f elementor-widget elementor-widget-wd_image_or_svg\" data-id=\"f8f184f\" data-element_type=\"widget\" data-widget_type=\"wd_image_or_svg.default\">\n\t\t\t\t<div class=\"elementor-widget-container\">\n\t\t\t\n\t\t<div class=\"wd-image text-left\">\n\t\t\t\t\t\t\t\t<img loading=\"lazy\" decoding=\"async\" width=\"1007\" height=\"656\" src=\"https:\/\/tzila.mx\/dev\/wp-content\/uploads\/2022\/05\/VP28UQG-des-3.png\" class=\"attachment-full size-full\" alt=\"\" srcset=\"https:\/\/tzila.mx\/dev\/wp-content\/uploads\/2022\/05\/VP28UQG-des-3.png 1007w, https:\/\/tzila.mx\/dev\/wp-content\/uploads\/2022\/05\/VP28UQG-des-3-400x261.png 400w, https:\/\/tzila.mx\/dev\/wp-content\/uploads\/2022\/05\/VP28UQG-des-3-768x500.png 768w, https:\/\/tzila.mx\/dev\/wp-content\/uploads\/2022\/05\/VP28UQG-des-3-860x560.png 860w, https:\/\/tzila.mx\/dev\/wp-content\/uploads\/2022\/05\/VP28UQG-des-3-430x280.png 430w, https:\/\/tzila.mx\/dev\/wp-content\/uploads\/2022\/05\/VP28UQG-des-3-700x456.png 700w, https:\/\/tzila.mx\/dev\/wp-content\/uploads\/2022\/05\/VP28UQG-des-3-150x98.png 150w\" sizes=\"auto, (max-width: 1007px) 100vw, 1007px\" \/>\t\t\t\t\t<\/div>\n\n\t\t\t\t<\/div>\n\t\t\t\t<\/div>\n\t\t\t\t\t<\/div>\n\t\t<\/div>\n\t\t\t\t<div class=\"elementor-column elementor-col-33 elementor-top-column elementor-element elementor-element-ba9b9c1\" data-id=\"ba9b9c1\" data-element_type=\"column\">\n\t\t\t<div class=\"elementor-widget-wrap elementor-element-populated\">\n\t\t\t\t\t\t\t\t<div class=\"elementor-element elementor-element-2a1274e elementor-widget elementor-widget-wd_image_or_svg\" data-id=\"2a1274e\" data-element_type=\"widget\" data-widget_type=\"wd_image_or_svg.default\">\n\t\t\t\t<div class=\"elementor-widget-container\">\n\t\t\t\n\t\t<div class=\"wd-image text-left\">\n\t\t\t\t\t\t\t\t<img loading=\"lazy\" decoding=\"async\" width=\"555\" height=\"405\" src=\"https:\/\/tzila.mx\/dev\/wp-content\/uploads\/2022\/05\/VP28UQG-des-5.png\" class=\"attachment-full size-full\" alt=\"\" srcset=\"https:\/\/tzila.mx\/dev\/wp-content\/uploads\/2022\/05\/VP28UQG-des-5.png 555w, https:\/\/tzila.mx\/dev\/wp-content\/uploads\/2022\/05\/VP28UQG-des-5-400x292.png 400w, https:\/\/tzila.mx\/dev\/wp-content\/uploads\/2022\/05\/VP28UQG-des-5-430x314.png 430w, https:\/\/tzila.mx\/dev\/wp-content\/uploads\/2022\/05\/VP28UQG-des-5-150x109.png 150w\" sizes=\"auto, (max-width: 555px) 100vw, 555px\" \/>\t\t\t\t\t<\/div>\n\n\t\t\t\t<\/div>\n\t\t\t\t<\/div>\n\t\t\t\t<div class=\"elementor-element elementor-element-6fe338d elementor-widget elementor-widget-wd_text_block\" data-id=\"6fe338d\" data-element_type=\"widget\" data-widget_type=\"wd_text_block.default\">\n\t\t\t\t<div class=\"elementor-widget-container\">\n\t\t\t\t\t<div class=\"wd-text-block reset-last-child text-left\">\n\t\t\t\n\t\t\t<h4>Preparado para maratones de gaming<\/h4><div class=\"ptxt\"><div class=\"title\">Tecnolog\u00eda Luz azul de baja intensidad<\/div><div class=\"info\">Este monitor incorpora un filtro para protegerte contra la luz azul perjudicial con certificaci\u00f3n de los laboratorios T\u00dcV Rheinland. El men\u00fa OSD incluye un apartado con cuatro configuraciones de filtro para que adec\u00faes la respuesta del monitor seg\u00fan el uso que le des en cada momento.<\/div><\/div><div>\u00a0<\/div><div>Nivel de reducci\u00f3n de luz azul<\/div><div>\u00a0<\/div><div>Los monitores VP28UQG se someten a las pruebas de rendimiento m\u00e1s exigentes y cuentan con la certificaci\u00f3n Antiparpadeo y Luz azul reducida de los laboratorios T\u00dcV Rheinland, proveedor global de certificaciones t\u00e9cnicas y de servicio.<\/div><div>\u00a0<\/div><div><div class=\"fcontent\"><div class=\"title\">Tecnolog\u00eda Antiparpadeo<\/div><div class=\"info\">Esta tecnolog\u00eda reduce el parpadeo para ofrecerte una experiencia gaming m\u00e1s c\u00f3moda y minimizar la fatiga visual y otros efectos adversos relacionados con las largas sesiones de gaming.<\/div><\/div><\/div>\n\t\t\t\t\t<\/div>\n\t\t\t\t<\/div>\n\t\t\t\t<\/div>\n\t\t\t\t<div class=\"elementor-element elementor-element-078b475 elementor-widget elementor-widget-wd_button\" data-id=\"078b475\" data-element_type=\"widget\" data-widget_type=\"wd_button.default\">\n\t\t\t\t<div class=\"elementor-widget-container\">\n\t\t\t\t\t<div class=\"wd-button-wrapper text-center\" >\n\t\t\t<a class=\"btn btn-style-link btn-shape- btn-size-large btn-scheme-light btn-scheme-hover-dark btn-icon-pos-right\"  href=\"https:\/\/dlcdnets.asus.com\/pub\/ASUS\/LCD%20Monitors\/VP28UQGL\/ASUS_VP28UQG_QGL_Spanish.pdf\" target=\"_blank\">\n\t\t\t\t<span class=\"wd-btn-text\" data-elementor-setting-key=\"text\">\n\t\t\t\t\tSaber m\u00e1s\t\t\t\t<\/span>\n\n\t\t\t\t\t\t\t<\/a>\n\t\t<\/div>\n\t\t\t\t<\/div>\n\t\t\t\t<\/div>\n\t\t\t\t\t<\/div>\n\t\t<\/div>\n\t\t\t\t\t\t\t<\/div>\n\t\t<\/section>\n\t\t\t\t\t\t<\/div>\n\t\t\t\t\t<\/div>\n\t\t","protected":false},"excerpt":{"rendered":"<h4>Caracter\u00edsticas principales:<\/h4>\n<p class=\"p1\"><span class=\"s1\">\u25cf<\/span><span class=\"s2\"> <span id=\"\" class=\"tech-details__item-label\" data-fetched=\"true\">Tama\u00f1o de la pantalla 28 pulgadas<\/span><\/span><br \/>\n<span class=\"s1\">\u25cf<span class=\"s2\"> LED 4K Ultra HD<\/span><\/span><br \/>\n<span class=\"s1\">\u25cf <\/span>Resoluci\u00f3n 3840 x 2160<br \/>\n<span class=\"s1\">\u25cf<\/span> Puertos DisplayPort 1.2<br \/>\n<span class=\"s1\">\u25cf<\/span> Frecuencia de actualizaci\u00f3n (Max) :60Hz<br \/>\n<span class=\"s1\">\u25cf<\/span> Tiempo de respuesta 1 ms<br \/>\n<span class=\"s1\">\u25cf<\/span><span class=\"s2\"> GamePlus de ASUS<\/span><br \/>\n<span class=\"s1\">\u25cf<\/span><span class=\"s2\"> Tecnolog\u00eda Adaptive-Syn<\/span><\/p>\n","protected":false},"featured_media":12975,"comment_status":"open","ping_status":"closed","template":"","meta":[],"product_cat":[222,94,32,100],"product_tag":[221],"class_list":["post-12973","product","type-product","status-publish","has-post-thumbnail","hentry","product_cat-28-pulgadas","product_cat-monitores-set","product_cat-monitores","product_cat-asus","product_tag-asus","pa_brand-asus"],"_links":{"self":[{"href":"https:\/\/tzila.mx\/dev\/wp-json\/wp\/v2\/product\/12973","targetHints":{"allow":["GET"]}}],"collection":[{"href":"https:\/\/tzila.mx\/dev\/wp-json\/wp\/v2\/product"}],"about":[{"href":"https:\/\/tzila.mx\/dev\/wp-json\/wp\/v2\/types\/product"}],"replies":[{"embeddable":true,"href":"https:\/\/tzila.mx\/dev\/wp-json\/wp\/v2\/comments?post=12973"}],"version-history":[{"count":9,"href":"https:\/\/tzila.mx\/dev\/wp-json\/wp\/v2\/product\/12973\/revisions"}],"predecessor-version":[{"id":15262,"href":"https:\/\/tzila.mx\/dev\/wp-json\/wp\/v2\/product\/12973\/revisions\/15262"}],"wp:featuredmedia":[{"embeddable":true,"href":"https:\/\/tzila.mx\/dev\/wp-json\/wp\/v2\/media\/12975"}],"wp:attachment":[{"href":"https:\/\/tzila.mx\/dev\/wp-json\/wp\/v2\/media?parent=12973"}],"wp:term":[{"taxonomy":"product_cat","embeddable":true,"href":"https:\/\/tzila.mx\/dev\/wp-json\/wp\/v2\/product_cat?post=12973"},{"taxonomy":"product_tag","embeddable":true,"href":"https:\/\/tzila.mx\/dev\/wp-json\/wp\/v2\/product_tag?post=12973"}],"curies":[{"name":"wp","href":"https:\/\/api.w.org\/{rel}","templated":true}]}}